{"id":696869,"date":"2025-08-27T14:37:02","date_gmt":"2025-08-27T11:37:02","guid":{"rendered":"https:\/\/roveyayinevi.com.tr\/index.php\/urun\/ortak-zenginlik\/"},"modified":"2026-04-16T02:06:45","modified_gmt":"2026-04-15T23:06:45","slug":"ortak-zenginlik","status":"publish","type":"product","link":"https:\/\/roveyayinevi.com.tr\/index.php\/urun\/ortak-zenginlik\/","title":{"rendered":"Ortak Zenginlik"},"content":{"rendered":"<p>\u0130mparatorluk 2000 y\u0131l\u0131nda ilk yay\u0131mland\u0131\u011f\u0131nda, k\u00fcreselle\u015fme \u00e7a\u011f\u0131n\u0131n politik ve ekonomik meydan okuyu\u015flar\u0131n\u0131 tayin etmi\u015f ve heyecan verici bir bi\u00e7imde bunlarda toplumsal \u00f6rg\u00fctlenmenin yeni ve daha demokratik imk\u00e2nlar\u0131n\u0131 bulmu\u015ftu. \u015eimdi Michael Hardt ve Antonio Negri \u0130mparatorluk\u2019la ba\u015flay\u0131p, \u00c7okluk\u2019la devam eden \u00fc\u00e7lemeyi Ortak Zenginlik\u2019le sonland\u0131r\u0131rken, ortak varolu\u015f d\u00fcnyam\u0131zdaki ya\u015fam i\u00e7in bir \u00f6zg\u00fcrl\u00fck eti\u011fi \u00f6neriyor ve ortak zenginli\u011fimiz i\u00e7in olas\u0131 bir kurucu anayasay\u0131 tart\u0131\u015f\u0131yor. <\/p>\n","protected":false},"excerpt":{"rendered":"<p>\u0130mparatorluk 2000 y\u0131l\u0131nda ilk yay\u0131mland\u0131\u011f\u0131nda, k\u00fcreselle\u015fme \u00e7a\u011f\u0131n\u0131n politik ve ekonomik meydan okuyu\u015flar\u0131n\u0131 tayin etmi\u015f ve heyecan verici bir bi\u00e7imde bunlarda toplumsal \u00f6rg\u00fctlenmenin yeni ve daha demokratik<span class=\"excerpt-hellip\"> [\u2026]<\/span><\/p>\n","protected":false},"featured_media":0,"template":"","meta":{"_monsterinsights_skip_tracking":false,"_monsterinsights_sitenote_active":false,"_monsterinsights_sitenote_note":"","_monsterinsights_sitenote_category":0},"product_brand":[],"product_cat":[13590,12337],"product_tag":[],"class_list":{"0":"post-696869","1":"product","2":"type-product","3":"status-publish","5":"product_cat-arastirma-inceleme-politika-siyaset","6":"product_cat-politika-siyaset","7":"pa_cilt-ciltsiz","8":"pa_tur-kitap","9":"pa_yayinevi-ayrinti-yayinlari","10":"pa_yazar-antonio-negri","12":"first","13":"instock","14":"sale","15":"shipping-taxable","16":"purchasable","17":"product-type-simple"},"_links":{"self":[{"href":"https:\/\/roveyayinevi.com.tr\/index.php\/wp-json\/wp\/v2\/product\/696869","targetHints":{"allow":["GET"]}}],"collection":[{"href":"https:\/\/roveyayinevi.com.tr\/index.php\/wp-json\/wp\/v2\/product"}],"about":[{"href":"https:\/\/roveyayinevi.com.tr\/index.php\/wp-json\/wp\/v2\/types\/product"}],"wp:attachment":[{"href":"https:\/\/roveyayinevi.com.tr\/index.php\/wp-json\/wp\/v2\/media?parent=696869"}],"wp:term":[{"taxonomy":"product_brand","embeddable":true,"href":"https:\/\/roveyayinevi.com.tr\/index.php\/wp-json\/wp\/v2\/product_brand?post=696869"},{"taxonomy":"product_cat","embeddable":true,"href":"https:\/\/roveyayinevi.com.tr\/index.php\/wp-json\/wp\/v2\/product_cat?post=696869"},{"taxonomy":"product_tag","embeddable":true,"href":"https:\/\/roveyayinevi.com.tr\/index.php\/wp-json\/wp\/v2\/product_tag?post=696869"}],"curies":[{"name":"wp","href":"https:\/\/api.w.org\/{rel}","templated":true}]}}