{"id":696854,"date":"2025-08-27T14:36:58","date_gmt":"2025-08-27T11:36:58","guid":{"rendered":"https:\/\/roveyayinevi.com.tr\/index.php\/urun\/turk-dis-siyaseti\/"},"modified":"2026-04-16T02:06:45","modified_gmt":"2026-04-15T23:06:45","slug":"turk-dis-siyaseti","status":"publish","type":"product","link":"https:\/\/roveyayinevi.com.tr\/index.php\/urun\/turk-dis-siyaseti\/","title":{"rendered":"T\u00fcrk D\u0131\u015f Siyaseti"},"content":{"rendered":"<p>\u0130n\u00f6n\u00fc\u2019n\u00fcn, T\u00fcrk d\u0131\u015f siyasetinin yegane y\u00f6nlendiricisi ve karar vericisi olmas\u0131 cumhurba\u015fkanl\u0131\u011f\u0131 makam\u0131na oturuyor olmas\u0131ndan ileri gelmemi\u015ftir. \u0130n\u00f6n\u00fc, Milli m\u00fccadele kahraman\u0131d\u0131r, Atat\u00fcrk\u2019\u00fcn en yak\u0131n arkada\u015f\u0131d\u0131r; T\u00fcrk devleti ve cumhuriyetini kuran \u00e7ekirdek kadron\u0131n ikinci adam\u0131d\u0131r, bunlardan daha \u00f6nemli olmak \u00fczere asker ki\u015fili\u011finin de \u00f6n\u00fcne ge\u00e7en diplomat ki\u015fili\u011fidir. \u00c7\u00fcnk\u00fc \u0130n\u00f6n\u00fc, T\u00fcrk\u2019\u00fcn Milli m\u00fccadeledeki ba\u015far\u0131s\u0131n\u0131 diplomasi masas\u0131nda Mudanya\u2019da ve Lozan\u2019da per\u00e7inlemi\u015ftir. Cumhurba\u015fkan\u0131 \u00e7ok iyi bir m\u00fczakereci oldu\u011funu \u0130kinci D\u00fcnya Sava\u015f\u0131 boyunca g\u00f6stermi\u015f ve M\u00fcttefiklerin sava\u015fa girme konusunda T\u00fcrkiye\u2019ye yapt\u0131klar\u0131 bask\u0131lar\u0131 ba\u015far\u0131yla savu\u015fturabilmi\u015ftir. <\/p>\n","protected":false},"excerpt":{"rendered":"<p>\u0130n\u00f6n\u00fc\u2019n\u00fcn, T\u00fcrk d\u0131\u015f siyasetinin yegane y\u00f6nlendiricisi ve karar vericisi olmas\u0131 cumhurba\u015fkanl\u0131\u011f\u0131 makam\u0131na oturuyor olmas\u0131ndan ileri gelmemi\u015ftir. \u0130n\u00f6n\u00fc, Milli m\u00fccadele kahraman\u0131d\u0131r, Atat\u00fcrk\u2019\u00fcn en yak\u0131n arkada\u015f\u0131d\u0131r; T\u00fcrk devleti<span class=\"excerpt-hellip\"> [\u2026]<\/span><\/p>\n","protected":false},"featured_media":0,"template":"","meta":{"_monsterinsights_skip_tracking":false,"_monsterinsights_sitenote_active":false,"_monsterinsights_sitenote_note":"","_monsterinsights_sitenote_category":0},"product_brand":[],"product_cat":[12304,13493],"product_tag":[],"class_list":{"0":"post-696854","1":"product","2":"type-product","3":"status-publish","5":"product_cat-tarih","6":"product_cat-turkiye-ve-cumhuriyet-tarihi","7":"pa_tur-kitap","8":"pa_yayinevi-berikan-yayinlari","9":"pa_yazar-mustafa-ekincikli","11":"first","12":"instock","13":"sale","14":"shipping-taxable","15":"purchasable","16":"product-type-simple"},"_links":{"self":[{"href":"https:\/\/roveyayinevi.com.tr\/index.php\/wp-json\/wp\/v2\/product\/696854","targetHints":{"allow":["GET"]}}],"collection":[{"href":"https:\/\/roveyayinevi.com.tr\/index.php\/wp-json\/wp\/v2\/product"}],"about":[{"href":"https:\/\/roveyayinevi.com.tr\/index.php\/wp-json\/wp\/v2\/types\/product"}],"wp:attachment":[{"href":"https:\/\/roveyayinevi.com.tr\/index.php\/wp-json\/wp\/v2\/media?parent=696854"}],"wp:term":[{"taxonomy":"product_brand","embeddable":true,"href":"https:\/\/roveyayinevi.com.tr\/index.php\/wp-json\/wp\/v2\/product_brand?post=696854"},{"taxonomy":"product_cat","embeddable":true,"href":"https:\/\/roveyayinevi.com.tr\/index.php\/wp-json\/wp\/v2\/product_cat?post=696854"},{"taxonomy":"product_tag","embeddable":true,"href":"https:\/\/roveyayinevi.com.tr\/index.php\/wp-json\/wp\/v2\/product_tag?post=696854"}],"curies":[{"name":"wp","href":"https:\/\/api.w.org\/{rel}","templated":true}]}}