{"id":696843,"date":"2025-08-27T14:36:55","date_gmt":"2025-08-27T11:36:55","guid":{"rendered":"https:\/\/roveyayinevi.com.tr\/index.php\/urun\/nabiz\/"},"modified":"2026-04-16T02:06:45","modified_gmt":"2026-04-15T23:06:45","slug":"nabiz","status":"publish","type":"product","link":"https:\/\/roveyayinevi.com.tr\/index.php\/urun\/nabiz\/","title":{"rendered":"Nab\u0131z"},"content":{"rendered":"<p>Julian Barnes\u2019\u0131n \u00fc\u00e7\u00fcnc\u00fc \u00f6yk\u00fc kitab\u0131 olan Nab\u0131z; yazar\u0131n son yap\u0131tlar\u0131n\u0131n ana izle\u011fi olan   ge\u00e7mi\u015fi d\u00fc\u015f\u00fcnmek ve yeniden kurmak   tasar\u0131m\u0131na yepyeni bir boyut ekliyor: Bu tasar\u0131m\u0131n   duyular  la olu\u015fturdu\u011fu \u00f6zel ba\u011f. B\u00f6ylelikle, g\u00f6rmek, i\u015fitmek, dokunmak, tat ve koku almak gibi temel duyular\u0131n her biri, birbirlerinden son derece farkl\u0131 yaz\u0131nsal ba\u011flamlar i\u00e7inde, \u00f6n\u00fcm\u00fczdeki sayfalarda yer alan \u00f6yk\u00fclere kaynak olu\u015fturuyor. <\/p>\n","protected":false},"excerpt":{"rendered":"<p>Julian Barnes\u2019\u0131n \u00fc\u00e7\u00fcnc\u00fc \u00f6yk\u00fc kitab\u0131 olan Nab\u0131z; yazar\u0131n son yap\u0131tlar\u0131n\u0131n ana izle\u011fi olan ge\u00e7mi\u015fi d\u00fc\u015f\u00fcnmek ve yeniden kurmak tasar\u0131m\u0131na yepyeni bir boyut ekliyor: Bu tasar\u0131m\u0131n duyular<span class=\"excerpt-hellip\"> [\u2026]<\/span><\/p>\n","protected":false},"featured_media":0,"template":"","meta":{"_monsterinsights_skip_tracking":false,"_monsterinsights_sitenote_active":false,"_monsterinsights_sitenote_note":"","_monsterinsights_sitenote_category":0},"product_brand":[],"product_cat":[12291,12866],"product_tag":[],"class_list":{"0":"post-696843","1":"product","2":"type-product","3":"status-publish","5":"product_cat-edebiyat","6":"product_cat-ingiliz-edebiyati","7":"pa_cilt-ciltsiz","8":"pa_tur-kitap","9":"pa_yayinevi-ayrinti-yayinlari","10":"pa_yazar-julian-barnes","12":"first","13":"instock","14":"sale","15":"shipping-taxable","16":"purchasable","17":"product-type-simple"},"_links":{"self":[{"href":"https:\/\/roveyayinevi.com.tr\/index.php\/wp-json\/wp\/v2\/product\/696843","targetHints":{"allow":["GET"]}}],"collection":[{"href":"https:\/\/roveyayinevi.com.tr\/index.php\/wp-json\/wp\/v2\/product"}],"about":[{"href":"https:\/\/roveyayinevi.com.tr\/index.php\/wp-json\/wp\/v2\/types\/product"}],"wp:attachment":[{"href":"https:\/\/roveyayinevi.com.tr\/index.php\/wp-json\/wp\/v2\/media?parent=696843"}],"wp:term":[{"taxonomy":"product_brand","embeddable":true,"href":"https:\/\/roveyayinevi.com.tr\/index.php\/wp-json\/wp\/v2\/product_brand?post=696843"},{"taxonomy":"product_cat","embeddable":true,"href":"https:\/\/roveyayinevi.com.tr\/index.php\/wp-json\/wp\/v2\/product_cat?post=696843"},{"taxonomy":"product_tag","embeddable":true,"href":"https:\/\/roveyayinevi.com.tr\/index.php\/wp-json\/wp\/v2\/product_tag?post=696843"}],"curies":[{"name":"wp","href":"https:\/\/api.w.org\/{rel}","templated":true}]}}