{"id":696832,"date":"2025-08-27T14:36:45","date_gmt":"2025-08-27T11:36:45","guid":{"rendered":"https:\/\/roveyayinevi.com.tr\/index.php\/urun\/cool-anilar-5-2000-2004\/"},"modified":"2026-04-16T02:06:44","modified_gmt":"2026-04-15T23:06:44","slug":"cool-anilar-5-2000-2004","status":"publish","type":"product","link":"https:\/\/roveyayinevi.com.tr\/index.php\/urun\/cool-anilar-5-2000-2004\/","title":{"rendered":"Cool An\u0131lar 5 (2000 &#8211; 2004)"},"content":{"rendered":"<p>D\u00fcnya \u00e7ap\u0131nda tan\u0131nm\u0131\u015f ve T\u00fcrk\u00e7eye de \u00e7ok say\u0131da eseri \u00e7evrilmi\u015f Frans\u0131z d\u00fc\u015f\u00fcn\u00fcr Jean Baudrillard, Cool An\u0131lar adl\u0131 metin dizisini s\u00fcrd\u00fcr\u00fcyor. Bu be\u015finci kitap, d\u00fc\u015f\u00fcn\u00fcr\u00fcn 2000-2004 d\u00f6nemindeki aforizma bi\u00e7imli g\u00fcncesini i\u00e7ermektedir. Uluslararas\u0131 arenan\u0131n hemen hemen her k\u00f6\u015fesine uzanan bu k\u0131sa metinlerde Baudrillard, kendi kavram\u0131 olan \u201chiper-ger\u00e7ek\u00e7ili\u011fin\u201d ald\u0131\u011f\u0131 son bi\u00e7imleri de g\u00f6zler \u00f6n\u00fcne sermektedir. Di\u011fer yandan, hayran oldu\u011fu Canetti, Lichtenberg ve Nietzsche gibi yazarlar\u0131n aforizmik tarz\u0131n\u0131 da gayet ba\u015far\u0131l\u0131 bir \u015fekilde kullanmaktad\u0131r. Kar\u015f\u0131tl\u0131klar ve meydan okumalarla \u00f6r\u00fcl\u00fc bu aforizmik d\u00fc\u015f\u00fcncelerle, okuru bir t\u00fcr s\u00fcrek av\u0131 i\u00e7erisinde hayatta kalmaya, kendi d\u00fc\u015f\u00fcnce b\u00fct\u00fcnl\u00fc\u011f\u00fcn\u00fc korumaya k\u0131\u015fk\u0131rtmakta ve bu yolda tuzaklar kurmakta Baudrillard. Politika, iktisat, bilim, insan ve ger\u00e7eklik gibi konulardan \u201c\u00fc\u00e7\u00fcnc\u00fc sayfa\u201d haberlerine dek her alana girip \u00e7\u0131k\u0131yor eser&#8230; 11 Eyl\u00fcl sald\u0131r\u0131s\u0131ndan Irak i\u015fgaline, T\u00fcrkiye\u2019deki F tipi cezaevlerinde s\u00fcren \u00f6l\u00fcm oru\u00e7lar\u0131ndan \u201cdeli dana\u201d ve ku\u015f gribi salg\u0131nlar\u0131na dek g\u00fcn\u00fcm\u00fcz d\u00fcnyas\u0131n\u0131n s\u0131radanla\u015fm\u0131\u015f felaket ortam\u0131na bir Baudrillard prizmas\u0131ndan bakarak tefekk\u00fcrde bulunmak isteyen herkesin her yerde ve her yerinden ba\u015flayarak rahatl\u0131kla okuyabilece\u011fi bir metinler silsilesi Cool An\u0131lar V&#8230; D\u00fcnya \u00e7ap\u0131nda tan\u0131nm\u0131\u015f ve T\u00fcrk\u00e7eye de \u00e7ok say\u0131da eseri \u00e7evrilmi\u015f Frans\u0131z d\u00fc\u015f\u00fcn\u00fcr Jean Baudrillard, Cool An\u0131lar adl\u0131 metin dizisini s\u00fcrd\u00fcr\u00fcyor. Bu be\u015finci kitap, d\u00fc\u015f\u00fcn\u00fcr\u00fcn 2000-2004 d\u00f6nemindeki aforizma bi\u00e7imli g\u00fcncesini i\u00e7ermektedir. Uluslararas\u0131 arenan\u0131n hemen hemen her k\u00f6\u015fesine uzanan bu k\u0131sa metinlerde Baudrillard, kendi kavram\u0131 olan \u201chiper-ger\u00e7ek\u00e7ili\u011fin\u201d ald\u0131\u011f\u0131 son bi\u00e7imleri de g\u00f6zler \u00f6n\u00fcne sermektedir. Di\u011fer yandan, hayran oldu\u011fu Canetti, Lichtenberg ve Nietzsche gibi yazarlar\u0131n aforizmik tarz\u0131n\u0131 da gayet ba\u015far\u0131l\u0131 bir \u015fekilde kullanmaktad\u0131r.<\/p>\n","protected":false},"excerpt":{"rendered":"<p>D\u00fcnya \u00e7ap\u0131nda tan\u0131nm\u0131\u015f ve T\u00fcrk\u00e7eye de \u00e7ok say\u0131da eseri \u00e7evrilmi\u015f Frans\u0131z d\u00fc\u015f\u00fcn\u00fcr Jean Baudrillard, Cool An\u0131lar adl\u0131 metin dizisini s\u00fcrd\u00fcr\u00fcyor. Bu be\u015finci kitap, d\u00fc\u015f\u00fcn\u00fcr\u00fcn 2000-2004 d\u00f6nemindeki<span class=\"excerpt-hellip\"> [\u2026]<\/span><\/p>\n","protected":false},"featured_media":0,"template":"","meta":{"_monsterinsights_skip_tracking":false,"_monsterinsights_sitenote_active":false,"_monsterinsights_sitenote_note":"","_monsterinsights_sitenote_category":0},"product_brand":[],"product_cat":[12388,15309],"product_tag":[],"class_list":{"0":"post-696832","1":"product","2":"type-product","3":"status-publish","5":"product_cat-felsefe","6":"product_cat-felsefi-akimlar","7":"pa_cilt-ciltsiz","8":"pa_tur-kitap","9":"pa_yayinevi-ayrinti-yayinlari","10":"pa_yazar-jean-baudrillard","12":"first","13":"instock","14":"sale","15":"shipping-taxable","16":"purchasable","17":"product-type-simple"},"_links":{"self":[{"href":"https:\/\/roveyayinevi.com.tr\/index.php\/wp-json\/wp\/v2\/product\/696832","targetHints":{"allow":["GET"]}}],"collection":[{"href":"https:\/\/roveyayinevi.com.tr\/index.php\/wp-json\/wp\/v2\/product"}],"about":[{"href":"https:\/\/roveyayinevi.com.tr\/index.php\/wp-json\/wp\/v2\/types\/product"}],"wp:attachment":[{"href":"https:\/\/roveyayinevi.com.tr\/index.php\/wp-json\/wp\/v2\/media?parent=696832"}],"wp:term":[{"taxonomy":"product_brand","embeddable":true,"href":"https:\/\/roveyayinevi.com.tr\/index.php\/wp-json\/wp\/v2\/product_brand?post=696832"},{"taxonomy":"product_cat","embeddable":true,"href":"https:\/\/roveyayinevi.com.tr\/index.php\/wp-json\/wp\/v2\/product_cat?post=696832"},{"taxonomy":"product_tag","embeddable":true,"href":"https:\/\/roveyayinevi.com.tr\/index.php\/wp-json\/wp\/v2\/product_tag?post=696832"}],"curies":[{"name":"wp","href":"https:\/\/api.w.org\/{rel}","templated":true}]}}