{"id":696823,"date":"2025-08-27T14:36:42","date_gmt":"2025-08-27T11:36:42","guid":{"rendered":"https:\/\/roveyayinevi.com.tr\/index.php\/urun\/kok-turk-tarihi\/"},"modified":"2026-04-16T02:06:44","modified_gmt":"2026-04-15T23:06:44","slug":"kok-turk-tarihi","status":"publish","type":"product","link":"https:\/\/roveyayinevi.com.tr\/index.php\/urun\/kok-turk-tarihi\/","title":{"rendered":"K\u00f6k T\u00fcrk Tarihi"},"content":{"rendered":"<p>Bug\u00fcnk\u00fc devletimize de ad\u0131n\u0131 veren tarihteki K\u00f6k T\u00fcrk Ka\u011fanl\u0131\u011f\u0131, T\u00fcrklerin millet olma \u015fuuruna eri\u015fti\u011fi en y\u00fcksek siyasi te\u015fekk\u00fcld\u00fcr. K\u00f6k T\u00fcrk Ka\u011fanl\u0131\u011f\u0131n\u0131n temelini olu\u015fturan B\u00f6r\u00fcl\u00fcler soyu, kurduklar\u0131 devlete kimsenin itiraz etmeyece\u011fi bir ismi koydular. Elbette ki, K\u00f6k T\u00fcrk birli\u011finin i\u00e7erisinde O\u011fuz, Karluk, T\u00fcrgi\u015f, Uygur, K\u0131rg\u0131z, vs. gibi T\u00fcrk boylar\u0131 bulunuyordu. Bu ka\u011fanl\u0131\u011f\u0131 meydana getiren ad\u0131 ge\u00e7en kabilelerin hepsinin atalar\u0131 T\u00fcrk ismini ta\u015f\u0131yor ve bu herkes taraf\u0131ndan biliniyordu. T\u00fcrkiye Cumhuriyeti kuruldu\u011funda da halk\u0131n esas k\u00fctlesi T\u00fcrklerin Oguz-T\u00fcrkmen boyu olmakla birlikte, s\u0131n\u0131rlar dahilinde T\u00fcrkmenlerin haricindeki T\u00fcrk gruplar\u0131na da rastlamak m\u00fcmk\u00fcn idi. B\u00fcy\u00fck Atat\u00fcrk, isteseydi yeni kurulan bu devletin ad\u0131n\u0131 T\u00fcrkmen Cumhuriyeti olarak verd irebil irdi, ancak o da t\u0131pk\u0131 K\u00f6k T\u00fcrk atalar\u0131m\u0131z gibi devletin i\u00e7erisinde yer alan hi\u00e7 kimsenin kar\u015f\u0131 \u00e7\u0131kmayaca\u011f\u0131 ve ayn\u0131 soydan gelenlerin onurla ta\u015f\u0131d\u0131\u011f\u0131 bir siyasi ad\u0131, yani T\u00fcrk&#8217;\u00fc tercih etmi\u015ftir.K\u00f6k T\u00fcrk Ka\u011fanl\u0131\u011f\u0131 zaman\u0131, her bak\u0131mdan geli\u015fmi\u015f bir devlet \u00f6zelli\u011fini g\u00f6sterir. Y\u00f6netenler ile y\u00f6netilenler g\u00f6revlerini m\u00fckemmel yerine getirdiklerinden, onlardan sonra gelenler de bu yap\u0131y\u0131 ve sistemi s\u00fcrd\u00fcrd\u00fcler. K\u00f6k T\u00fcrk Ka\u011fanl\u0131\u011f\u0131n\u0131n miras\u0131na sahip \u00e7\u0131kanlar, d\u00fcnyan\u0131n en g\u00fc\u00e7l\u00fc devletleri oldular. \u00dc\u00e7 k\u0131taya h\u00fckmedip, medeniyetlere y\u00f6n verdiler. Bu halkan\u0131n son temsilcisi olan T\u00fcrkiye Cumhuriyeti Devleti&#8217;nin kurucusu olan T\u00fcrkler, atalar\u0131ndan kalan bu kutlu miras\u0131 sonuna kadar ya\u015fatmaya kararl\u0131d\u0131r.<\/p>\n","protected":false},"excerpt":{"rendered":"<p>Bug\u00fcnk\u00fc devletimize de ad\u0131n\u0131 veren tarihteki K\u00f6k T\u00fcrk Ka\u011fanl\u0131\u011f\u0131, T\u00fcrklerin millet olma \u015fuuruna eri\u015fti\u011fi en y\u00fcksek siyasi te\u015fekk\u00fcld\u00fcr. K\u00f6k T\u00fcrk Ka\u011fanl\u0131\u011f\u0131n\u0131n temelini olu\u015fturan B\u00f6r\u00fcl\u00fcler soyu, kurduklar\u0131<span class=\"excerpt-hellip\"> [\u2026]<\/span><\/p>\n","protected":false},"featured_media":0,"template":"","meta":{"_monsterinsights_skip_tracking":false,"_monsterinsights_sitenote_active":false,"_monsterinsights_sitenote_note":"","_monsterinsights_sitenote_category":0},"product_brand":[],"product_cat":[12370,12304],"product_tag":[],"class_list":{"0":"post-696823","1":"product","2":"type-product","3":"status-publish","5":"product_cat-arastirma-inceleme","6":"product_cat-tarih","7":"pa_cilt-ciltsiz","8":"pa_tur-kitap","9":"pa_yayinevi-berikan-yayinlari","10":"pa_yazar-saadettin-yagmur-gomec","12":"first","13":"instock","14":"sale","15":"shipping-taxable","16":"purchasable","17":"product-type-simple"},"_links":{"self":[{"href":"https:\/\/roveyayinevi.com.tr\/index.php\/wp-json\/wp\/v2\/product\/696823","targetHints":{"allow":["GET"]}}],"collection":[{"href":"https:\/\/roveyayinevi.com.tr\/index.php\/wp-json\/wp\/v2\/product"}],"about":[{"href":"https:\/\/roveyayinevi.com.tr\/index.php\/wp-json\/wp\/v2\/types\/product"}],"wp:attachment":[{"href":"https:\/\/roveyayinevi.com.tr\/index.php\/wp-json\/wp\/v2\/media?parent=696823"}],"wp:term":[{"taxonomy":"product_brand","embeddable":true,"href":"https:\/\/roveyayinevi.com.tr\/index.php\/wp-json\/wp\/v2\/product_brand?post=696823"},{"taxonomy":"product_cat","embeddable":true,"href":"https:\/\/roveyayinevi.com.tr\/index.php\/wp-json\/wp\/v2\/product_cat?post=696823"},{"taxonomy":"product_tag","embeddable":true,"href":"https:\/\/roveyayinevi.com.tr\/index.php\/wp-json\/wp\/v2\/product_tag?post=696823"}],"curies":[{"name":"wp","href":"https:\/\/api.w.org\/{rel}","templated":true}]}}