{"id":696820,"date":"2025-08-27T14:36:42","date_gmt":"2025-08-27T11:36:42","guid":{"rendered":"https:\/\/roveyayinevi.com.tr\/index.php\/urun\/fihi-ma-fih\/"},"modified":"2026-04-16T02:06:44","modified_gmt":"2026-04-15T23:06:44","slug":"fihi-ma-fih","status":"publish","type":"product","link":"https:\/\/roveyayinevi.com.tr\/index.php\/urun\/fihi-ma-fih\/","title":{"rendered":"Fihi Ma Fih"},"content":{"rendered":"<p>Fihi Ma Fih, Mevlana Celaleddin-i Rumi\u00b4nin meclislerindeki konu\u015fmalar\u0131n\u0131n, o\u011flu Sultan Veled veya m\u00fcritlerinden biri taraf\u0131ndan yaz\u0131larak, sonradan bu notlar\u0131n bir araya getirilmesiyle meydana gelmi\u015f bir eserdir. Her fas\u0131lda ele al\u0131nan mevzu ve meseleler ba\u015fka ba\u015fkad\u0131r ve her fas\u0131l muhtevas\u0131 bak\u0131m\u0131ndan m\u00fcstakil olmakla beraber Hazret-i Mevlana\u00b4n\u0131n umumi olarak tasavvufi d\u00fc\u015f\u00fcncelerini, dini, felsefi, ahlaki akidelerini, d\u00fcnya ve insanl\u0131k g\u00f6r\u00fc\u015f\u00fcn\u00fc, tabiat\u0131n\u0131, \u015fiir telakkisini, devrinin bir\u00e7ok m\u00fchim olaylar\u0131n\u0131, muhitini ve nihayet geni\u015f muhiti \u00fczerindeki derin ve b\u00fcy\u00fck tesiri anlatmas\u0131 bak\u0131m\u0131ndan tam bir b\u00fct\u00fcnl\u00fck g\u00f6sterir. Bu eserde hakim unsur tasavvuftur. Bir\u00e7ok fas\u0131llarda do\u011frudan do\u011fruya varl\u0131k birli\u011fi inanandan, mutlak varl\u0131k ve zuhurundan, akl \u0131 k\u00fcl ve nefs-i k\u00fclden, kainat, eflak, anas\u0131r ve devirden, d\u00fcnya ve ahiretten, insan, veli, nebi ve insan-\u0131 kamilden, s\u00fcl\u00fck ve derecelerinden, yakinden, a\u015fk ve cezbeden bahsedilmi\u015ftir. Fihi Ma Fih \u00b4i okuyanlar Hazret-i Mevlana\u00b4n\u0131n b\u00fct\u00fcn bu hususlardaki d\u00fc\u015f\u00fcnce ve g\u00f6r\u00fc\u015flerini ne b\u00fcy\u00fck bir a\u00e7\u0131kl\u0131k, sadelik ve ayn\u0131 zamanda ne b\u00fcy\u00fck bir kudretle anlatma\u011fa muvaffak oldu\u011funu g\u00f6receklerdir.<\/p>\n","protected":false},"excerpt":{"rendered":"<p>Fihi Ma Fih, Mevlana Celaleddin-i Rumi\u00b4nin meclislerindeki konu\u015fmalar\u0131n\u0131n, o\u011flu Sultan Veled veya m\u00fcritlerinden biri taraf\u0131ndan yaz\u0131larak, sonradan bu notlar\u0131n bir araya getirilmesiyle meydana gelmi\u015f bir eserdir.<span class=\"excerpt-hellip\"> [\u2026]<\/span><\/p>\n","protected":false},"featured_media":0,"template":"","meta":{"_monsterinsights_skip_tracking":false,"_monsterinsights_sitenote_active":false,"_monsterinsights_sitenote_note":"","_monsterinsights_sitenote_category":0},"product_brand":[],"product_cat":[12718,12719,12720],"product_tag":[],"class_list":{"0":"post-696820","1":"product","2":"type-product","3":"status-publish","5":"product_cat-din","6":"product_cat-islam","7":"product_cat-tasavvuf-mezhepler-tarikatlar","8":"pa_cilt-ciltsiz","9":"pa_tur-kitap","10":"pa_yayinevi-atac-yayinlari","11":"pa_yazar-mevlana-celaleddin-rumi","13":"first","14":"instock","15":"sale","16":"shipping-taxable","17":"purchasable","18":"product-type-simple"},"_links":{"self":[{"href":"https:\/\/roveyayinevi.com.tr\/index.php\/wp-json\/wp\/v2\/product\/696820","targetHints":{"allow":["GET"]}}],"collection":[{"href":"https:\/\/roveyayinevi.com.tr\/index.php\/wp-json\/wp\/v2\/product"}],"about":[{"href":"https:\/\/roveyayinevi.com.tr\/index.php\/wp-json\/wp\/v2\/types\/product"}],"wp:attachment":[{"href":"https:\/\/roveyayinevi.com.tr\/index.php\/wp-json\/wp\/v2\/media?parent=696820"}],"wp:term":[{"taxonomy":"product_brand","embeddable":true,"href":"https:\/\/roveyayinevi.com.tr\/index.php\/wp-json\/wp\/v2\/product_brand?post=696820"},{"taxonomy":"product_cat","embeddable":true,"href":"https:\/\/roveyayinevi.com.tr\/index.php\/wp-json\/wp\/v2\/product_cat?post=696820"},{"taxonomy":"product_tag","embeddable":true,"href":"https:\/\/roveyayinevi.com.tr\/index.php\/wp-json\/wp\/v2\/product_tag?post=696820"}],"curies":[{"name":"wp","href":"https:\/\/api.w.org\/{rel}","templated":true}]}}