{"id":696803,"date":"2025-08-27T14:36:37","date_gmt":"2025-08-27T11:36:37","guid":{"rendered":"https:\/\/roveyayinevi.com.tr\/index.php\/urun\/monte-cristo-kontu\/"},"modified":"2026-04-16T02:06:44","modified_gmt":"2026-04-15T23:06:44","slug":"monte-cristo-kontu","status":"publish","type":"product","link":"https:\/\/roveyayinevi.com.tr\/index.php\/urun\/monte-cristo-kontu\/","title":{"rendered":"Monte Cristo Kontu"},"content":{"rendered":"<p>Yay\u0131mland\u0131\u011f\u0131 1845 y\u0131l\u0131ndan bu yana b\u00fcy\u00fck ilgi g\u00f6ren Monte Cristo Kontu, \u00fcnl\u00fc Frans\u0131z yazar Alexandre Dumas&#8217;n\u0131n ba\u015fyap\u0131tlar\u0131 aras\u0131nda an\u0131l\u0131r. Roman\u0131n kahraman\u0131 Edmond Dantes, bir iftira sonucu kapat\u0131ld\u0131\u011f\u0131 korkun\u00e7 \u0130f \u015eatosu Hapishanesi&#8217;nde, ya\u015fam\u0131n\u0131n son g\u00fcnlerine yakla\u015fan eski bir mahk\u00fbm olan Rahip Faria ile tan\u0131\u015f\u0131r. \u0130ki mahk\u00fbm, kazd\u0131klar\u0131 bir t\u00fcnel arac\u0131l\u0131\u011f\u0131yla birbirlerinin h\u00fccrelerine ula\u015fabilmektedir. Dantes&#8217;ye pek \u00e7ok \u015fey \u00f6\u011freten Rahip Faria&#8217;n\u0131n \u00f6l\u00fcm\u00fc, Dantes&#8217;nin bir ada \u00fczerine in\u015fa edilmi\u015f bu hapishaneden kurtulu\u015funu da sa\u011flayacakt\u0131r. 14 y\u0131ll\u0131k mahk\u00fbmiyetin ard\u0131ndan mucizevi bir \u015fekilde hapis hayat\u0131 sona eren Dantes, Rahip Faria&#8217;n\u0131n verdi\u011fi krokiyi kullanarak Monte Cristo Adas\u0131&#8217;ndaki hazineyi bulur ve &#8220;Monte Cristo Kontu&#8221; olur. Bu gizemli Kont, maceradan maceraya at\u0131lacak, kendisine iftira edenleri birer birer cezaland\u0131racakt\u0131r. <\/p>\n","protected":false},"excerpt":{"rendered":"<p>Yay\u0131mland\u0131\u011f\u0131 1845 y\u0131l\u0131ndan bu yana b\u00fcy\u00fck ilgi g\u00f6ren Monte Cristo Kontu, \u00fcnl\u00fc Frans\u0131z yazar Alexandre Dumas&#8217;n\u0131n ba\u015fyap\u0131tlar\u0131 aras\u0131nda an\u0131l\u0131r. Roman\u0131n kahraman\u0131 Edmond Dantes, bir iftira sonucu<span class=\"excerpt-hellip\"> [\u2026]<\/span><\/p>\n","protected":false},"featured_media":0,"template":"","meta":{"_monsterinsights_skip_tracking":false,"_monsterinsights_sitenote_active":false,"_monsterinsights_sitenote_note":"","_monsterinsights_sitenote_category":0},"product_brand":[],"product_cat":[12275,12274],"product_tag":[],"class_list":{"0":"post-696803","1":"product","2":"type-product","3":"status-publish","5":"product_cat-6-12-yas-kitaplari","6":"product_cat-cocuk-ve-genclik-kitaplari","7":"pa_cilt-ciltsiz","8":"pa_tur-kitap","9":"pa_yayinevi-arkadas-yayinlari","10":"pa_yazar-alexandre-dumas","12":"first","13":"instock","14":"sale","15":"shipping-taxable","16":"purchasable","17":"product-type-simple"},"_links":{"self":[{"href":"https:\/\/roveyayinevi.com.tr\/index.php\/wp-json\/wp\/v2\/product\/696803","targetHints":{"allow":["GET"]}}],"collection":[{"href":"https:\/\/roveyayinevi.com.tr\/index.php\/wp-json\/wp\/v2\/product"}],"about":[{"href":"https:\/\/roveyayinevi.com.tr\/index.php\/wp-json\/wp\/v2\/types\/product"}],"wp:attachment":[{"href":"https:\/\/roveyayinevi.com.tr\/index.php\/wp-json\/wp\/v2\/media?parent=696803"}],"wp:term":[{"taxonomy":"product_brand","embeddable":true,"href":"https:\/\/roveyayinevi.com.tr\/index.php\/wp-json\/wp\/v2\/product_brand?post=696803"},{"taxonomy":"product_cat","embeddable":true,"href":"https:\/\/roveyayinevi.com.tr\/index.php\/wp-json\/wp\/v2\/product_cat?post=696803"},{"taxonomy":"product_tag","embeddable":true,"href":"https:\/\/roveyayinevi.com.tr\/index.php\/wp-json\/wp\/v2\/product_tag?post=696803"}],"curies":[{"name":"wp","href":"https:\/\/api.w.org\/{rel}","templated":true}]}}