{"id":696786,"date":"2025-08-27T14:36:32","date_gmt":"2025-08-27T11:36:32","guid":{"rendered":"https:\/\/roveyayinevi.com.tr\/index.php\/urun\/guguklu-saatin-caldigi-gun\/"},"modified":"2026-04-16T02:06:43","modified_gmt":"2026-04-15T23:06:43","slug":"guguklu-saatin-caldigi-gun","status":"publish","type":"product","link":"https:\/\/roveyayinevi.com.tr\/index.php\/urun\/guguklu-saatin-caldigi-gun\/","title":{"rendered":"Guguklu Saatin \u00c7ald\u0131\u011f\u0131 G\u00fcn"},"content":{"rendered":"<p>&#8220;Sonra kendi \u00e7\u0131\u011fl\u0131klar\u0131m\u0131 duydum.&#8221; (Sedef Kandemir)Son on-onbe\u015f y\u0131ld\u0131r, bir &#8220;hat\u0131ra&#8221;, &#8220;bellek patlamas\u0131ndan&#8221;, &#8220;belle\u011fin geri d\u00f6n\u00fc\u015f\u00fcnden&#8221; hatta &#8220;belle\u011fin intikam\u0131&#8221;ndan s\u00f6z ediliyor. Hat\u0131ra yaz\u0131m\u0131n\u0131n tarih, sinema ve edebiyatta kendine yer a\u00e7t\u0131\u011f\u0131, kapsam alan\u0131n\u0131 geni\u015fletti\u011fi biliniyor. Bu durum, iki okuma kap\u0131s\u0131ndan ge\u00e7ilerek anlamland\u0131r\u0131labilir. \u0130lki, bu yeni durumun, bilin\u00e7alt\u0131n\u0131n, hat\u0131ralar\u0131n geri d\u00f6n\u00fc\u015f\u00fcn\u00fcn, travmalar\u0131m\u0131zla ba\u015f etme, kendimizle y\u00fczle\u015fme, toplumu aynaya \u00e7a\u011f\u0131rma olarak m\u00fcjdeli oldu\u011fudur. \u0130kincisi ise, hat\u0131ralar\u0131n pop(\u00fcler) tarihe eklemlenip magazinle\u015fmesinin, &#8220;hat\u0131ra kirlili\u011finin&#8221; de ba\u015fedilmesi gereken devasa bir soru(n) oldu\u011fu&#8230; \u015eu anda a\u011f\u0131rl\u0131kla tarih, s\u00f6zl\u00fc tarih, edebiyat, \u015fiir ve sinema alan\u0131ndaki siyasal tarihe ili\u015fkin &#8220;ki\u015fisel&#8221; anlat\u0131lar esastan farkl\u0131 bu iki durumun i\u00e7inde seyrediyor.\u015eair Edip Cansever, &#8220;Ka\u00e7 t\u00fcrl\u00fc girilir an\u0131lardan i\u00e7eri&#8221; demi\u015fti bir \u015fiirinde&#8230; Bi\u00e7im ne olursa olsun her hat\u0131ra yaz\u0131m\u0131 bizi ge\u00e7mi\u015fe ve i\u00e7imize \u00e7a\u011f\u0131r\u0131r. Ki\u015fi yazmaya ba\u015flad\u0131\u011f\u0131 andan itibaren bilin\u00e7alt\u0131 ile bilin\u00e7\u00fcst\u00fc, i\u00e7imizle d\u0131\u015f\u0131m\u0131z, ge\u00e7mi\u015f ile \u015fimdi, kavram ile imge, ben ile biz, siyasetin dili ile sanat\u0131n dili aras\u0131nda bir \u00e7at\u0131\u015fma ba\u015flar. \u0130\u015fin &#8220;edebiyat\u0131na ka\u00e7arak!&#8221;, y\u00fcksek soyutlamalarla hat\u0131ralar\u0131n hat\u0131r\u0131 k\u0131r\u0131labilir. &#8220;\u0130pe \u00e7ektiler g\u00fcl\u00fc&#8221; dizesinden el alarak s\u00f6ylersek, hat\u0131ralar da taamm\u00fcden ipe \u00e7ekilebilir&#8230; Edebiyatta ve siyasette \u00f6rnekleri \u00e7oktur&#8230; <\/p>\n","protected":false},"excerpt":{"rendered":"<p>&#8220;Sonra kendi \u00e7\u0131\u011fl\u0131klar\u0131m\u0131 duydum.&#8221; (Sedef Kandemir)Son on-onbe\u015f y\u0131ld\u0131r, bir &#8220;hat\u0131ra&#8221;, &#8220;bellek patlamas\u0131ndan&#8221;, &#8220;belle\u011fin geri d\u00f6n\u00fc\u015f\u00fcnden&#8221; hatta &#8220;belle\u011fin intikam\u0131&#8221;ndan s\u00f6z ediliyor. Hat\u0131ra yaz\u0131m\u0131n\u0131n tarih, sinema ve edebiyatta<span class=\"excerpt-hellip\"> [\u2026]<\/span><\/p>\n","protected":false},"featured_media":0,"template":"","meta":{"_monsterinsights_skip_tracking":false,"_monsterinsights_sitenote_active":false,"_monsterinsights_sitenote_note":"","_monsterinsights_sitenote_category":0},"product_brand":[],"product_cat":[12291,12711],"product_tag":[],"class_list":{"0":"post-696786","1":"product","2":"type-product","3":"status-publish","5":"product_cat-edebiyat","6":"product_cat-roman-oyku","7":"pa_cilt-ciltsiz","8":"pa_tur-kitap","9":"pa_yayinevi-bencekitap","10":"pa_yazar-sedef-kandemir","12":"first","13":"instock","14":"sale","15":"shipping-taxable","16":"purchasable","17":"product-type-simple"},"_links":{"self":[{"href":"https:\/\/roveyayinevi.com.tr\/index.php\/wp-json\/wp\/v2\/product\/696786","targetHints":{"allow":["GET"]}}],"collection":[{"href":"https:\/\/roveyayinevi.com.tr\/index.php\/wp-json\/wp\/v2\/product"}],"about":[{"href":"https:\/\/roveyayinevi.com.tr\/index.php\/wp-json\/wp\/v2\/types\/product"}],"wp:attachment":[{"href":"https:\/\/roveyayinevi.com.tr\/index.php\/wp-json\/wp\/v2\/media?parent=696786"}],"wp:term":[{"taxonomy":"product_brand","embeddable":true,"href":"https:\/\/roveyayinevi.com.tr\/index.php\/wp-json\/wp\/v2\/product_brand?post=696786"},{"taxonomy":"product_cat","embeddable":true,"href":"https:\/\/roveyayinevi.com.tr\/index.php\/wp-json\/wp\/v2\/product_cat?post=696786"},{"taxonomy":"product_tag","embeddable":true,"href":"https:\/\/roveyayinevi.com.tr\/index.php\/wp-json\/wp\/v2\/product_tag?post=696786"}],"curies":[{"name":"wp","href":"https:\/\/api.w.org\/{rel}","templated":true}]}}