{"id":696781,"date":"2025-08-27T14:36:31","date_gmt":"2025-08-27T11:36:31","guid":{"rendered":"https:\/\/roveyayinevi.com.tr\/index.php\/urun\/egospu\/"},"modified":"2026-04-15T02:08:26","modified_gmt":"2026-04-14T23:08:26","slug":"egospu","status":"publish","type":"product","link":"https:\/\/roveyayinevi.com.tr\/index.php\/urun\/egospu\/","title":{"rendered":"Egospu"},"content":{"rendered":"<p>Oradan size ne\u015feli biri gibi g\u00f6r\u00fcnebilirim ama sizi temin ederim ki benim bulundu\u011fum yerde olsayd\u0131n\u0131z, burada bir saniye bile ge\u00e7irmemek i\u00e7in elinizden geleni yapar ve her \u015feyin sonunda bir \u00f6m\u00fcr ge\u00e7irmi\u015f olurdunuz. \u0130nan\u0131n batakl\u0131k gibi bir yer buras\u0131, kurtulmaya \u00e7al\u0131\u015ft\u0131k\u00e7a \u00e7ak\u0131l\u0131yorsunuz i\u00e7ine. Nas\u0131l anlatay\u0131m, a\u015fk\u0131 orospularda, dostlu\u011fu yeni insanlarda, hayat\u0131n anlam\u0131n\u0131 kendinde ve kendi anlam\u0131n\u0131 di\u011ferlerinde arayan, aray\u0131\u015f\u0131 her seferinde sonu\u00e7suz kalan ve g\u00fcnden g\u00fcne t\u00fckenen biriydim ben. Bunu kendime itiraf edebildi\u011fim anlardaysa hi\u00e7bir \u00e7\u00f6z\u00fcm geli\u015ftiremiyor, ancak biraz daha bat\u0131yordum. Sanmam ya, e\u011fer ger\u00e7ekten ilginizi \u00e7ektiysem ve hayat\u0131m\u0131n bundan sonra nas\u0131l \u015fekillenece\u011fini merak ediyorsan\u0131z, sizi bekletmeden anlatmaya ba\u015flayay\u0131m. <\/p>\n","protected":false},"excerpt":{"rendered":"<p>Oradan size ne\u015feli biri gibi g\u00f6r\u00fcnebilirim ama sizi temin ederim ki benim bulundu\u011fum yerde olsayd\u0131n\u0131z, burada bir saniye bile ge\u00e7irmemek i\u00e7in elinizden geleni yapar ve her<span class=\"excerpt-hellip\"> [\u2026]<\/span><\/p>\n","protected":false},"featured_media":0,"template":"","meta":{"_monsterinsights_skip_tracking":false,"_monsterinsights_sitenote_active":false,"_monsterinsights_sitenote_note":"","_monsterinsights_sitenote_category":0},"product_brand":[],"product_cat":[12291,12711],"product_tag":[],"class_list":{"0":"post-696781","1":"product","2":"type-product","3":"status-publish","5":"product_cat-edebiyat","6":"product_cat-roman-oyku","7":"pa_cilt-ciltsiz","8":"pa_tur-kitap","9":"pa_yayinevi-bencekitap","10":"pa_yazar-mert-durmazer","12":"first","13":"instock","14":"sale","15":"shipping-taxable","16":"purchasable","17":"product-type-simple"},"_links":{"self":[{"href":"https:\/\/roveyayinevi.com.tr\/index.php\/wp-json\/wp\/v2\/product\/696781","targetHints":{"allow":["GET"]}}],"collection":[{"href":"https:\/\/roveyayinevi.com.tr\/index.php\/wp-json\/wp\/v2\/product"}],"about":[{"href":"https:\/\/roveyayinevi.com.tr\/index.php\/wp-json\/wp\/v2\/types\/product"}],"wp:attachment":[{"href":"https:\/\/roveyayinevi.com.tr\/index.php\/wp-json\/wp\/v2\/media?parent=696781"}],"wp:term":[{"taxonomy":"product_brand","embeddable":true,"href":"https:\/\/roveyayinevi.com.tr\/index.php\/wp-json\/wp\/v2\/product_brand?post=696781"},{"taxonomy":"product_cat","embeddable":true,"href":"https:\/\/roveyayinevi.com.tr\/index.php\/wp-json\/wp\/v2\/product_cat?post=696781"},{"taxonomy":"product_tag","embeddable":true,"href":"https:\/\/roveyayinevi.com.tr\/index.php\/wp-json\/wp\/v2\/product_tag?post=696781"}],"curies":[{"name":"wp","href":"https:\/\/api.w.org\/{rel}","templated":true}]}}