{"id":696776,"date":"2025-08-27T14:36:29","date_gmt":"2025-08-27T11:36:29","guid":{"rendered":"https:\/\/roveyayinevi.com.tr\/index.php\/urun\/dikizleme-gunlugu\/"},"modified":"2026-04-16T02:06:43","modified_gmt":"2026-04-15T23:06:43","slug":"dikizleme-gunlugu","status":"publish","type":"product","link":"https:\/\/roveyayinevi.com.tr\/index.php\/urun\/dikizleme-gunlugu\/","title":{"rendered":"Dikizleme G\u00fcnl\u00fc\u011f\u00fc"},"content":{"rendered":"<p>Fark\u0131nda m\u0131s\u0131n\u0131z? Dikizleme \u00c7a\u011f\u0131 na \u00e7oktan girdik. Hem de hi\u00e7 hissetmeden. Sanki hep o \u00e7a\u011f\u0131 ya\u015f\u0131yormu\u015f\u00e7as\u0131na ve b\u00fcy\u00fck bir h\u0131zla. Realiti \u015fovlarla ba\u015flad\u0131 her \u015fey. Sonra YouTube, MySpace, Facebook, Twitter girdi hayat\u0131m\u0131za. Yetmedi, casus yaz\u0131l\u0131mlar, bloglar, sohbet odalar\u0131, amat\u00f6r porno videolar\u0131 ve Mobese kameralar da dahil oldu. Art\u0131k hayatlar\u0131m\u0131z s\u0131r olmaktan \u00e7\u0131kt\u0131; ayr\u0131nt\u0131 denizinde y\u00fczer olduk. Bizler s\u00fcrekli ba\u015fkalar\u0131n\u0131 dikizlerken, birileri de bizi dikizliyor her an. Bu yeni durum, biz fark\u0131na varmaks\u0131z\u0131n, mahre-miyet, bireysellik, g\u00fcvenlik, hatta insanl\u0131k alg\u0131m\u0131z\u0131 bile de\u011fi\u015ftirdi, de\u011fi\u015ftiriyor. \ufffcTan\u0131t\u0131m Metni<\/p>\n","protected":false},"excerpt":{"rendered":"<p>Fark\u0131nda m\u0131s\u0131n\u0131z? Dikizleme \u00c7a\u011f\u0131 na \u00e7oktan girdik. Hem de hi\u00e7 hissetmeden. Sanki hep o \u00e7a\u011f\u0131 ya\u015f\u0131yormu\u015f\u00e7as\u0131na ve b\u00fcy\u00fck bir h\u0131zla. Realiti \u015fovlarla ba\u015flad\u0131 her \u015fey. Sonra<span class=\"excerpt-hellip\"> [\u2026]<\/span><\/p>\n","protected":false},"featured_media":0,"template":"","meta":{"_monsterinsights_skip_tracking":false,"_monsterinsights_sitenote_active":false,"_monsterinsights_sitenote_note":"","_monsterinsights_sitenote_category":0},"product_brand":[],"product_cat":[12767,12324],"product_tag":[],"class_list":{"0":"post-696776","1":"product","2":"type-product","3":"status-publish","5":"product_cat-kentlesme-modernlesme","6":"product_cat-sosyoloji","7":"pa_cilt-ciltsiz","8":"pa_tur-kitap","9":"pa_yayinevi-ayrinti-yayinlari","10":"pa_yazar-hal-niedzviecki","12":"first","13":"instock","14":"sale","15":"shipping-taxable","16":"purchasable","17":"product-type-simple"},"_links":{"self":[{"href":"https:\/\/roveyayinevi.com.tr\/index.php\/wp-json\/wp\/v2\/product\/696776","targetHints":{"allow":["GET"]}}],"collection":[{"href":"https:\/\/roveyayinevi.com.tr\/index.php\/wp-json\/wp\/v2\/product"}],"about":[{"href":"https:\/\/roveyayinevi.com.tr\/index.php\/wp-json\/wp\/v2\/types\/product"}],"wp:attachment":[{"href":"https:\/\/roveyayinevi.com.tr\/index.php\/wp-json\/wp\/v2\/media?parent=696776"}],"wp:term":[{"taxonomy":"product_brand","embeddable":true,"href":"https:\/\/roveyayinevi.com.tr\/index.php\/wp-json\/wp\/v2\/product_brand?post=696776"},{"taxonomy":"product_cat","embeddable":true,"href":"https:\/\/roveyayinevi.com.tr\/index.php\/wp-json\/wp\/v2\/product_cat?post=696776"},{"taxonomy":"product_tag","embeddable":true,"href":"https:\/\/roveyayinevi.com.tr\/index.php\/wp-json\/wp\/v2\/product_tag?post=696776"}],"curies":[{"name":"wp","href":"https:\/\/api.w.org\/{rel}","templated":true}]}}