{"id":696757,"date":"2025-08-27T14:36:24","date_gmt":"2025-08-27T11:36:24","guid":{"rendered":"https:\/\/roveyayinevi.com.tr\/index.php\/urun\/oz-turkce-kilavuzu\/"},"modified":"2026-04-16T02:06:42","modified_gmt":"2026-04-15T23:06:42","slug":"oz-turkce-kilavuzu","status":"publish","type":"product","link":"https:\/\/roveyayinevi.com.tr\/index.php\/urun\/oz-turkce-kilavuzu\/","title":{"rendered":"\u00d6z T\u00fcrk\u00e7e K\u0131lavuzu"},"content":{"rendered":"<p>Dilimizdeki \u00f6zle\u015fme olduk\u00e7a ba\u015far\u0131ya ula\u015fm\u0131\u015ft\u0131r. Ancak, duracak de\u011fildir, hi\u00e7bir dil oldu\u011fu gibi kalmaz \u00e7\u00fcnk\u00fc.\u00dcstelik, dilimize her g\u00fcn yeni yeni yabanc\u0131 s\u00f6zc\u00fckler de girmektedir. Bu y\u00fczden de, onlar\u0131n, \u00f6z dilimizin kaynaklar\u0131ndan olu\u015fturulmu\u015f yeni s\u00f6z de\u011ferleriyle kar\u015f\u0131lanmas\u0131 gereklidir. Yazarlar\u0131m\u0131z, ozanlar\u0131m\u0131z, bilimcilerimiz bu \u00e7aban\u0131n i\u00e7indedirler.\u00d6te yandan, Osmanl\u0131ca s\u00f6zc\u00fcklerin, kimi tutucu ki\u015filerce kullan\u0131lmakta olduklar\u0131 da bir ger\u00e7ektir.\u00d6z T\u00fcrk\u00e7e K\u0131lavuzu, bat\u0131l\u0131 s\u00f6zc\u00fckleri de, do\u011fulu s\u00f6zc\u00fckleri de kullanmak istemeyen, onlar\u0131n yerine T\u00fcrk\u00e7elerini kullanmak, a\u00e7\u0131k, duru, tutarl\u0131 T\u00fcrk\u00e7enin olu\u015fumuna yard\u0131mc\u0131 olmak isteyenler i\u00e7indir.<\/p>\n","protected":false},"excerpt":{"rendered":"<p>Dilimizdeki \u00f6zle\u015fme olduk\u00e7a ba\u015far\u0131ya ula\u015fm\u0131\u015ft\u0131r. Ancak, duracak de\u011fildir, hi\u00e7bir dil oldu\u011fu gibi kalmaz \u00e7\u00fcnk\u00fc.\u00dcstelik, dilimize her g\u00fcn yeni yeni yabanc\u0131 s\u00f6zc\u00fckler de girmektedir. Bu y\u00fczden de,<span class=\"excerpt-hellip\"> [\u2026]<\/span><\/p>\n","protected":false},"featured_media":0,"template":"","meta":{"_monsterinsights_skip_tracking":false,"_monsterinsights_sitenote_active":false,"_monsterinsights_sitenote_note":"","_monsterinsights_sitenote_category":0},"product_brand":[],"product_cat":[12364,16266],"product_tag":[],"class_list":{"0":"post-696757","1":"product","2":"type-product","3":"status-publish","5":"product_cat-genel-konular","6":"product_cat-referans-kaynak-kitap","7":"pa_cilt-ciltsiz","8":"pa_tur-kitap","9":"pa_yayinevi-arkadas-yayinlari","10":"pa_yazar-ali-puskulluoglu","12":"first","13":"instock","14":"sale","15":"shipping-taxable","16":"purchasable","17":"product-type-simple"},"_links":{"self":[{"href":"https:\/\/roveyayinevi.com.tr\/index.php\/wp-json\/wp\/v2\/product\/696757","targetHints":{"allow":["GET"]}}],"collection":[{"href":"https:\/\/roveyayinevi.com.tr\/index.php\/wp-json\/wp\/v2\/product"}],"about":[{"href":"https:\/\/roveyayinevi.com.tr\/index.php\/wp-json\/wp\/v2\/types\/product"}],"wp:attachment":[{"href":"https:\/\/roveyayinevi.com.tr\/index.php\/wp-json\/wp\/v2\/media?parent=696757"}],"wp:term":[{"taxonomy":"product_brand","embeddable":true,"href":"https:\/\/roveyayinevi.com.tr\/index.php\/wp-json\/wp\/v2\/product_brand?post=696757"},{"taxonomy":"product_cat","embeddable":true,"href":"https:\/\/roveyayinevi.com.tr\/index.php\/wp-json\/wp\/v2\/product_cat?post=696757"},{"taxonomy":"product_tag","embeddable":true,"href":"https:\/\/roveyayinevi.com.tr\/index.php\/wp-json\/wp\/v2\/product_tag?post=696757"}],"curies":[{"name":"wp","href":"https:\/\/api.w.org\/{rel}","templated":true}]}}