{"id":696754,"date":"2025-08-27T14:36:24","date_gmt":"2025-08-27T11:36:24","guid":{"rendered":"https:\/\/roveyayinevi.com.tr\/index.php\/urun\/mercan-adasi-2\/"},"modified":"2026-04-16T02:06:42","modified_gmt":"2026-04-15T23:06:42","slug":"mercan-adasi-2","status":"publish","type":"product","link":"https:\/\/roveyayinevi.com.tr\/index.php\/urun\/mercan-adasi-2\/","title":{"rendered":"Mercan Adas\u0131"},"content":{"rendered":"<p>\u2026 Her Kitap Bir Renk, Her Renk Bir Kitap\u2026MERCAN ADASIRobert Micahel BallantyneRalph, sevimli bir bal\u0131k\u00e7\u0131 kasabas\u0131nda k\u00fc\u00e7\u00fck bir evde g\u00f6zlerini d\u00fcnyaya a\u00e7ar. Ku\u015faklar boyunca yaln\u0131zca denizcilikle ya\u015famlar\u0131n\u0131 kazanan bir ailenin \u00e7ocu\u011fu olan Ralph, her g\u00fcn macera dolu deniz hik\u00e2yeleri dinleyerek b\u00fcy\u00fcr. Anlat\u0131lacak o kadar \u00e7ok macera vard\u0131r ki, bunlar\u0131 dinledik\u00e7e Ralph\u2019in denize olan \u00f6zlemi daha da artar. Denize a\u00e7\u0131laca\u011f\u0131 g\u00fcn\u00fcn hayallerini kurar. On be\u015f ya\u015f\u0131na geldi\u011finde Ralph hayallerine kavu\u015fur. The Arrow adl\u0131 gemide mi\u00e7odur art\u0131k\u2026 Gemide iki mi\u00e7o daha vard\u0131r: Jack ve Peterkin\u2026Tropik r\u00fczg\u00e2rlar\u0131 arkas\u0131na alan Arrow, B\u00fcy\u00fck Okyanus\u2019a do\u011fru a\u00e7\u0131l\u0131r. Onlar\u0131n da anlatacaklar\u0131 macera ba\u015flam\u0131\u015ft\u0131r art\u0131k\u2026 Ne yaz\u0131k ki, gemileri f\u0131rt\u0131naya yakalan\u0131nca, kayal\u0131klara s\u00fcr\u00fcklenip par\u00e7alan\u0131r. Kazadan yaln\u0131zca, dalgalar\u0131n bir mercan adas\u0131n\u0131n k\u0131y\u0131s\u0131na s\u00fcr\u00fckledi\u011fi \u00fc\u00e7 arkada\u015f kurtulur. Hayatta kalman\u0131n sevinciyle g\u00f6zlerini a\u00e7t\u0131klar\u0131nda, kendilerini bu adada bekleyen zor g\u00fcnlerden habersizdirler. Mercan Adas\u0131, \u0130sko\u00e7 macera kitaplar\u0131 yazar\u0131 Robert Micahel Ballantyne\u2019\u0131n (1825-1894) en \u00f6nemli yap\u0131tlar\u0131ndand\u0131r.<\/p>\n","protected":false},"excerpt":{"rendered":"<p>\u2026 Her Kitap Bir Renk, Her Renk Bir Kitap\u2026MERCAN ADASIRobert Micahel BallantyneRalph, sevimli bir bal\u0131k\u00e7\u0131 kasabas\u0131nda k\u00fc\u00e7\u00fck bir evde g\u00f6zlerini d\u00fcnyaya a\u00e7ar. Ku\u015faklar boyunca yaln\u0131zca denizcilikle<span class=\"excerpt-hellip\"> [\u2026]<\/span><\/p>\n","protected":false},"featured_media":0,"template":"","meta":{"_monsterinsights_skip_tracking":false,"_monsterinsights_sitenote_active":false,"_monsterinsights_sitenote_note":"","_monsterinsights_sitenote_category":0},"product_brand":[],"product_cat":[12275,12274],"product_tag":[],"class_list":{"0":"post-696754","1":"product","2":"type-product","3":"status-publish","5":"product_cat-6-12-yas-kitaplari","6":"product_cat-cocuk-ve-genclik-kitaplari","7":"pa_cilt-ciltsiz","8":"pa_tur-kitap","9":"pa_yayinevi-arkadas-yayinlari","10":"pa_yazar-robert-michael-ballantyne","12":"first","13":"instock","14":"sale","15":"shipping-taxable","16":"purchasable","17":"product-type-simple"},"_links":{"self":[{"href":"https:\/\/roveyayinevi.com.tr\/index.php\/wp-json\/wp\/v2\/product\/696754","targetHints":{"allow":["GET"]}}],"collection":[{"href":"https:\/\/roveyayinevi.com.tr\/index.php\/wp-json\/wp\/v2\/product"}],"about":[{"href":"https:\/\/roveyayinevi.com.tr\/index.php\/wp-json\/wp\/v2\/types\/product"}],"wp:attachment":[{"href":"https:\/\/roveyayinevi.com.tr\/index.php\/wp-json\/wp\/v2\/media?parent=696754"}],"wp:term":[{"taxonomy":"product_brand","embeddable":true,"href":"https:\/\/roveyayinevi.com.tr\/index.php\/wp-json\/wp\/v2\/product_brand?post=696754"},{"taxonomy":"product_cat","embeddable":true,"href":"https:\/\/roveyayinevi.com.tr\/index.php\/wp-json\/wp\/v2\/product_cat?post=696754"},{"taxonomy":"product_tag","embeddable":true,"href":"https:\/\/roveyayinevi.com.tr\/index.php\/wp-json\/wp\/v2\/product_tag?post=696754"}],"curies":[{"name":"wp","href":"https:\/\/api.w.org\/{rel}","templated":true}]}}