{"id":696742,"date":"2025-08-27T14:36:21","date_gmt":"2025-08-27T11:36:21","guid":{"rendered":"https:\/\/roveyayinevi.com.tr\/index.php\/urun\/hititler-ve-hitit-caginda-anadolu\/"},"modified":"2026-04-16T02:06:26","modified_gmt":"2026-04-15T23:06:26","slug":"hititler-ve-hitit-caginda-anadolu","status":"publish","type":"product","link":"https:\/\/roveyayinevi.com.tr\/index.php\/urun\/hititler-ve-hitit-caginda-anadolu\/","title":{"rendered":"Hititler ve Hitit \u00c7a\u011f\u0131nda Anadolu"},"content":{"rendered":"<p>Eski Halklar ve Yerle\u015fmeler   D\u00fcnyan\u0131n birbirinden ilgin\u00e7 uygarl\u0131klar\u0131n\u0131 konu edinen dizimizin bu yeni kitab\u0131, okuru Anadolu topraklar\u0131nda bir yolculu\u011fa \u00e7\u0131kararak Hititleri ve Anadolu\u2019daki \u00e7a\u011fda\u015flar\u0131n\u0131 tan\u0131tmay\u0131 hedefliyor.   Hititler nas\u0131l ke\u015ffedildi? Anadolu\u2019ya nas\u0131l ve nereden geldiler? Kendilerinden \u00f6ncekilerle ve \u00e7a\u011fda\u015flar\u0131yla nas\u0131l bir etkile\u015fim i\u00e7ine girdiler? Nas\u0131l bir din, dil, yaz\u0131 ve k\u00fclt\u00fcr yap\u0131s\u0131 geli\u015ftirdiler? Bunlar, yan\u0131t aranan sorular\u0131n baz\u0131lar\u0131.   Hattu\u015fa, Yaz\u0131l\u0131kaya ve Troya ba\u015fta olmak \u00fczere, \u00e7a\u011f\u0131n Anadolusunda sivil, resmi ve dini mimari, seramik ve heykelcilik sanat\u0131, savunma ve sava\u015f anlay\u0131\u015f\u0131, g\u00fcnl\u00fck ya\u015fam, Hitit \u015fark\u0131lar\u0131, \u015fiirleri ve daha nice konular, ilgin\u00e7 ayr\u0131nt\u0131larla ve zengin g\u00f6rsel malzemelerle bu kitapta bulunabilir.   Kitap 149 resim i\u00e7ermektedir. <\/p>\n","protected":false},"excerpt":{"rendered":"<p>Eski Halklar ve Yerle\u015fmeler D\u00fcnyan\u0131n birbirinden ilgin\u00e7 uygarl\u0131klar\u0131n\u0131 konu edinen dizimizin bu yeni kitab\u0131, okuru Anadolu topraklar\u0131nda bir yolculu\u011fa \u00e7\u0131kararak Hititleri ve Anadolu\u2019daki \u00e7a\u011fda\u015flar\u0131n\u0131 tan\u0131tmay\u0131 hedefliyor.<span class=\"excerpt-hellip\"> [\u2026]<\/span><\/p>\n","protected":false},"featured_media":0,"template":"","meta":{"_monsterinsights_skip_tracking":false,"_monsterinsights_sitenote_active":false,"_monsterinsights_sitenote_note":"","_monsterinsights_sitenote_category":0},"product_brand":[],"product_cat":[12312,12304],"product_tag":[],"class_list":{"0":"post-696742","1":"product","2":"type-product","3":"status-publish","5":"product_cat-diger","6":"product_cat-tarih","7":"pa_cilt-ciltsiz","8":"pa_tur-kitap","9":"pa_yayinevi-arkadas-yayinlari","10":"pa_yazar-j-g-macqueen","12":"first","13":"instock","14":"sale","15":"shipping-taxable","16":"purchasable","17":"product-type-simple"},"_links":{"self":[{"href":"https:\/\/roveyayinevi.com.tr\/index.php\/wp-json\/wp\/v2\/product\/696742","targetHints":{"allow":["GET"]}}],"collection":[{"href":"https:\/\/roveyayinevi.com.tr\/index.php\/wp-json\/wp\/v2\/product"}],"about":[{"href":"https:\/\/roveyayinevi.com.tr\/index.php\/wp-json\/wp\/v2\/types\/product"}],"wp:attachment":[{"href":"https:\/\/roveyayinevi.com.tr\/index.php\/wp-json\/wp\/v2\/media?parent=696742"}],"wp:term":[{"taxonomy":"product_brand","embeddable":true,"href":"https:\/\/roveyayinevi.com.tr\/index.php\/wp-json\/wp\/v2\/product_brand?post=696742"},{"taxonomy":"product_cat","embeddable":true,"href":"https:\/\/roveyayinevi.com.tr\/index.php\/wp-json\/wp\/v2\/product_cat?post=696742"},{"taxonomy":"product_tag","embeddable":true,"href":"https:\/\/roveyayinevi.com.tr\/index.php\/wp-json\/wp\/v2\/product_tag?post=696742"}],"curies":[{"name":"wp","href":"https:\/\/api.w.org\/{rel}","templated":true}]}}