{"id":696739,"date":"2025-08-27T14:36:20","date_gmt":"2025-08-27T11:36:20","guid":{"rendered":"https:\/\/roveyayinevi.com.tr\/index.php\/urun\/kara-kule-serisi-6-susannahnin-sarkisi\/"},"modified":"2026-04-16T02:06:26","modified_gmt":"2026-04-15T23:06:26","slug":"kara-kule-serisi-6-susannahnin-sarkisi","status":"publish","type":"product","link":"https:\/\/roveyayinevi.com.tr\/index.php\/urun\/kara-kule-serisi-6-susannahnin-sarkisi\/","title":{"rendered":"Kara Kule Serisi 6 &#8211; Susannah\u2019n\u0131n \u015eark\u0131s\u0131"},"content":{"rendered":"<p>\u0130blis-anne Mia, Susannah\u2019n\u0131n bedenini ele ge\u00e7irmi\u015ftir. Susan- nah\u2019n\u0131n karn\u0131nda korkun\u00e7 bir yarat\u0131k b\u00fcy\u00fcmektedir. Pek yak\u0131nda Mia\u2019n\u0131n \u00e7ocu\u011funu do\u011furacakt\u0131r. Ama New York kentinden Son-D\u00fcnya\u2019n\u0131n s\u0131n\u0131rlar\u0131na dek onu izleyen garip \u00fc\u00e7l\u00fc, korkuyla beklenen faciay\u0131 \u00f6nleyebileceklerini \u00fcmit etmektedir. Bu arada Roland ve Eddie, Maine\u2019e ayak bast\u0131k- lar\u0131 anda kendi kaderleriyle y\u00fcz \u201cYazar, anlat\u0131m\u0131yla okurlar\u0131n\u0131 b\u00fcy\u00fcl\u00fcyor.\u201d Washington Post <\/p>\n","protected":false},"excerpt":{"rendered":"<p>\u0130blis-anne Mia, Susannah\u2019n\u0131n bedenini ele ge\u00e7irmi\u015ftir. Susan- nah\u2019n\u0131n karn\u0131nda korkun\u00e7 bir yarat\u0131k b\u00fcy\u00fcmektedir. Pek yak\u0131nda Mia\u2019n\u0131n \u00e7ocu\u011funu do\u011furacakt\u0131r. Ama New York kentinden Son-D\u00fcnya\u2019n\u0131n s\u0131n\u0131rlar\u0131na dek onu<span class=\"excerpt-hellip\"> [\u2026]<\/span><\/p>\n","protected":false},"featured_media":0,"template":"","meta":{"_monsterinsights_skip_tracking":false,"_monsterinsights_sitenote_active":false,"_monsterinsights_sitenote_note":"","_monsterinsights_sitenote_category":0},"product_brand":[],"product_cat":[12291,17033],"product_tag":[],"class_list":{"0":"post-696739","1":"product","2":"type-product","3":"status-publish","5":"product_cat-edebiyat","6":"product_cat-korku-gerilim","7":"pa_cilt-ciltsiz","8":"pa_tur-kitap","9":"pa_yayinevi-altin-kitaplar","10":"pa_yazar-stephen-king","12":"first","13":"instock","14":"sale","15":"shipping-taxable","16":"purchasable","17":"product-type-simple"},"_links":{"self":[{"href":"https:\/\/roveyayinevi.com.tr\/index.php\/wp-json\/wp\/v2\/product\/696739","targetHints":{"allow":["GET"]}}],"collection":[{"href":"https:\/\/roveyayinevi.com.tr\/index.php\/wp-json\/wp\/v2\/product"}],"about":[{"href":"https:\/\/roveyayinevi.com.tr\/index.php\/wp-json\/wp\/v2\/types\/product"}],"wp:attachment":[{"href":"https:\/\/roveyayinevi.com.tr\/index.php\/wp-json\/wp\/v2\/media?parent=696739"}],"wp:term":[{"taxonomy":"product_brand","embeddable":true,"href":"https:\/\/roveyayinevi.com.tr\/index.php\/wp-json\/wp\/v2\/product_brand?post=696739"},{"taxonomy":"product_cat","embeddable":true,"href":"https:\/\/roveyayinevi.com.tr\/index.php\/wp-json\/wp\/v2\/product_cat?post=696739"},{"taxonomy":"product_tag","embeddable":true,"href":"https:\/\/roveyayinevi.com.tr\/index.php\/wp-json\/wp\/v2\/product_tag?post=696739"}],"curies":[{"name":"wp","href":"https:\/\/api.w.org\/{rel}","templated":true}]}}

Kara Kule Serisi 6 &#8211; Susannah’nın Şarkısı

<p>İblis-anne Mia, Susannah’nın bedenini ele geçirmiştir. Susan- nah’nın karnında korkunç bir yaratık büyümektedir. Pek yakında Mia’nın çocuğunu doğuracaktır. Ama New York kentinden Son-Dünya’nın sınırlarına dek onu izleyen garip üçlü, korkuyla beklenen faciayı önleyebileceklerini ümit etmektedir. Bu arada Roland ve Eddie, Maine’e ayak bastık- ları anda kendi kaderleriyle yüz “Yazar, anlatımıyla okurlarını büyülüyor.” Washington Post </p>

<p>İblis-anne Mia, Susannah’nın bedenini ele geçirmiştir. Susan- nah’nın karnında korkunç bir yaratık büyümektedir. Pek yakında Mia’nın çocuğunu doğuracaktır. Ama New York kentinden Son-Dünya’nın sınırlarına dek onu<span class="excerpt-hellip"> […]</span></p>
