{"id":696730,"date":"2025-08-27T14:36:17","date_gmt":"2025-08-27T11:36:17","guid":{"rendered":"https:\/\/roveyayinevi.com.tr\/index.php\/urun\/sonsuza-giden-dil\/"},"modified":"2026-04-16T02:06:26","modified_gmt":"2026-04-15T23:06:26","slug":"sonsuza-giden-dil","status":"publish","type":"product","link":"https:\/\/roveyayinevi.com.tr\/index.php\/urun\/sonsuza-giden-dil\/","title":{"rendered":"Sonsuza Giden Dil"},"content":{"rendered":"<p>Sonsuza Giden Dil,Foucault\u2019un kitaplar\u0131 ile Coll\u00e9ege de France\u2019ta verdi\u011fi derslerin d\u0131\u015f\u0131ndaki metinlerini bir araya getiren Dits et \u00e9crits\u2018den T\u00fcrk\u00e7eye yap\u0131lan alt\u0131 ciltlik \u00e7eviri se\u00e7kisinin son cildini olu\u015fturuyor. Daha \u00f6nceki ciltler Foucault\u2019nun \u00e7a\u011fda\u015f d\u00fc\u015f\u00fcnce ve eylem d\u00fcnyas\u0131na \u00e7ok farkl\u0131 alanlarda damgas\u0131n\u0131 vurmu\u015f ve kal\u0131c\u0131l\u0131\u011f\u0131 ku\u015fku g\u00f6t\u00fcrmeyen m\u00fcdahalelerini kapsaml\u0131 bir bi\u00e7imde ele alan yaz\u0131lar\u0131ndan olu\u015fuyordu: Entelekt\u00fcelin g\u00fcn\u00fcm\u00fcz Bat\u0131 toplumlar\u0131nda ve \u00f6zellikle 68 olaylar\u0131ndan sonra edindi\u011fi yeni anlam ve i\u015flev, modern felsefenin bir veri olarak ald\u0131\u011f\u0131 \u00f6znenin asl\u0131nda bilgi-iktidar taraf\u0131ndan nas\u0131l kuruldu\u011fuunun bilim tarihi ve siyaset teorisi \u00fczerinden derinlikli bir analizi, iktidar\u0131n bu s\u00fcre\u00e7te kulland\u0131\u011f\u0131 kapatma ve g\u00f6zetleme pratiklerine dair tarihsel g\u00f6zlemler, birer rasyonalite bi\u00e7imi olarak bilgi ile iktidar\u0131n hem ayr\u0131 hem de birbirleriyle kar\u015f\u0131l\u0131kl\u0131 ili\u015fki i\u00e7inde anla\u015f\u0131labilmesini sa\u011flayan analiz bi\u00e7imleri olarak arkeoloji ve soybilimin ayr\u0131nt\u0131l\u0131 tart\u0131\u015fmalar\u0131 ve nihayet Foucault \u00fczerinde \u00e7ok \u00f6nemli etkileri olmu\u015f on dokuzuncu ve XX. y\u00fczy\u0131l d\u00fc\u015f\u00fcn\u00fcrlerine dair de\u011ferlendirmeler&#8230; Sonsuza Giden Dil ise Foucault\u2019nun, felsefe, tarih, siyaset alanlar\u0131n\u0131n yan\u0131 s\u0131ra sanat teorisi \u00fczerindeki etkisinde de \u00e7ok \u00f6nemli bir rol oynam\u0131\u015f olan, ama Se\u00e7me Yaz\u0131lar dizisinin daha \u00f6nceki ciltlerinde \u00e7ok fazla yer almayan \u00e7al\u0131\u015fmalar\u0131n\u0131 kaps\u0131yor. Edebiyat, tiyatro, sinema, foto\u011fraf ve m\u00fczik \u00fczerine kaleme al\u0131nm\u0131\u015f bu metinler, H\u00f6lderlin, Flaubert, Roussel, Blanchot, Bataille, Klossowski, Robbe-Grillet, Duras gibi modern Avrupa edebiyat\u0131n\u0131 y\u00f6nlendirmi\u015f yazarlar\u0131n yan\u0131 s\u0131ra Pasolini ve Schroeter gibi y\u00f6netmenler, Duane Michaels\u2019in foto\u011fraflar\u0131 ve Pierre Boulez\u2019in m\u00fczi\u011fi \u00fczerine beklenmedik perspektifler sunuyor. 1960\u2019lar\u0131n ba\u015flar\u0131ndan Foucalt\u2019nun \u00f6ld\u00fc\u011f\u00fc 1984 y\u0131l\u0131na kadar geni\u015f bir zaman dilimine yay\u0131lan bu yaz\u0131lar\u0131n \u00f6nemli bir k\u0131sm\u0131 sadece sanat ele\u015ftirisi veya teorisine yap\u0131lm\u0131\u015f m\u00fcdaheleler olman\u0131n \u00f6tesinde, Foucault\u2019yu kulland\u0131\u011f\u0131 dilin inceliklerini g\u00f6z kama\u015ft\u0131r\u0131c\u0131 bir ustal\u0131kla dokuyan bir yazar olarak tan\u0131may\u0131 sa\u011flamas\u0131n\u0131n yan\u0131 s\u0131ra \u00f6znenin felsefe sahnesinden \u00e7ekili\u015fini sanat \u00fczerinden de \u00f6rneklendirme \u00f6zelli\u011fine sahip. <\/p>\n","protected":false},"excerpt":{"rendered":"<p>Sonsuza Giden Dil,Foucault\u2019un kitaplar\u0131 ile Coll\u00e9ege de France\u2019ta verdi\u011fi derslerin d\u0131\u015f\u0131ndaki metinlerini bir araya getiren Dits et \u00e9crits\u2018den T\u00fcrk\u00e7eye yap\u0131lan alt\u0131 ciltlik \u00e7eviri se\u00e7kisinin son cildini<span class=\"excerpt-hellip\"> [\u2026]<\/span><\/p>\n","protected":false},"featured_media":0,"template":"","meta":{"_monsterinsights_skip_tracking":false,"_monsterinsights_sitenote_active":false,"_monsterinsights_sitenote_note":"","_monsterinsights_sitenote_category":0},"product_brand":[],"product_cat":[12388,15309],"product_tag":[],"class_list":{"0":"post-696730","1":"product","2":"type-product","3":"status-publish","5":"product_cat-felsefe","6":"product_cat-felsefi-akimlar","7":"pa_cilt-ciltsiz","8":"pa_tur-kitap","9":"pa_yayinevi-ayrinti-yayinlari","10":"pa_yazar-michel-foucault","12":"first","13":"instock","14":"sale","15":"shipping-taxable","16":"purchasable","17":"product-type-simple"},"_links":{"self":[{"href":"https:\/\/roveyayinevi.com.tr\/index.php\/wp-json\/wp\/v2\/product\/696730","targetHints":{"allow":["GET"]}}],"collection":[{"href":"https:\/\/roveyayinevi.com.tr\/index.php\/wp-json\/wp\/v2\/product"}],"about":[{"href":"https:\/\/roveyayinevi.com.tr\/index.php\/wp-json\/wp\/v2\/types\/product"}],"wp:attachment":[{"href":"https:\/\/roveyayinevi.com.tr\/index.php\/wp-json\/wp\/v2\/media?parent=696730"}],"wp:term":[{"taxonomy":"product_brand","embeddable":true,"href":"https:\/\/roveyayinevi.com.tr\/index.php\/wp-json\/wp\/v2\/product_brand?post=696730"},{"taxonomy":"product_cat","embeddable":true,"href":"https:\/\/roveyayinevi.com.tr\/index.php\/wp-json\/wp\/v2\/product_cat?post=696730"},{"taxonomy":"product_tag","embeddable":true,"href":"https:\/\/roveyayinevi.com.tr\/index.php\/wp-json\/wp\/v2\/product_tag?post=696730"}],"curies":[{"name":"wp","href":"https:\/\/api.w.org\/{rel}","templated":true}]}}