{"id":696676,"date":"2025-08-27T14:36:02","date_gmt":"2025-08-27T11:36:02","guid":{"rendered":"https:\/\/roveyayinevi.com.tr\/index.php\/urun\/dokuz-kehanet\/"},"modified":"2026-04-16T02:06:25","modified_gmt":"2026-04-15T23:06:25","slug":"dokuz-kehanet","status":"publish","type":"product","link":"https:\/\/roveyayinevi.com.tr\/index.php\/urun\/dokuz-kehanet\/","title":{"rendered":"Dokuz Kehanet"},"content":{"rendered":"<p>Uzun s\u00fcredir aranan kitap 5. Bask\u0131da yeni film kapa\u011f\u0131yla okuyucuyla bulu\u015fuyor Gizemli Bilgileri Ke\u015ffederek Ya\u015fam Felsefenizi Ebediyen De\u011fi\u015ftirecek Bir Kitap. Bu Kitab\u0131 Okuduktan Sonra D\u00fcnyan\u0131n Gelece\u011fini Tekrar G\u00f6zden Ge\u00e7irmeniz Gerekecek! Son otuz y\u0131ld\u0131r modern fizi\u011fe, ekolojiye, mistik dinlere, psikolojiye g\u00f6sterilen ilgi sonunda yepyeni bir sa\u011fduyu sentezine mi ula\u015f\u0131yor? Ruhsal R\u00f6nesans da denilebilecek bu senteze nas\u0131l kavu\u015faca\u011f\u0131z? Yoksa bu senteze kavu\u015ftuk mu? Bu y\u00fczy\u0131l\u0131n egemen paradigmas\u0131 Ruhsal R\u00f6nesans m\u0131 olacak? Dokuz Kehanet, eski bilgilerin insan\u0131 ne derecede etkiledi\u011fini ve hayatta bulunmam\u0131z\u0131n nedenini t\u00fcm berrakl\u0131\u011f\u0131yla alg\u0131layabilece\u011fimizi de \u00f6\u011fretiyor. Ayr\u0131ca bu \u00f6\u011fretilerin sa\u011flad\u0131\u011f\u0131 yepyeni enerji ve iyimserlik duygusu yar\u0131nlara \u00e7ok daha sa\u011fl\u0131kl\u0131 ad\u0131mlar atmam\u0131z\u0131 sa\u011flayacak. \ufffcTan\u0131t\u0131m Metni<\/p>\n","protected":false},"excerpt":{"rendered":"<p>Uzun s\u00fcredir aranan kitap 5. Bask\u0131da yeni film kapa\u011f\u0131yla okuyucuyla bulu\u015fuyor Gizemli Bilgileri Ke\u015ffederek Ya\u015fam Felsefenizi Ebediyen De\u011fi\u015ftirecek Bir Kitap. Bu Kitab\u0131 Okuduktan Sonra D\u00fcnyan\u0131n Gelece\u011fini<span class=\"excerpt-hellip\"> [\u2026]<\/span><\/p>\n","protected":false},"featured_media":0,"template":"","meta":{"_monsterinsights_skip_tracking":false,"_monsterinsights_sitenote_active":false,"_monsterinsights_sitenote_note":"","_monsterinsights_sitenote_category":0},"product_brand":[],"product_cat":[12364],"product_tag":[],"class_list":{"0":"post-696676","1":"product","2":"type-product","3":"status-publish","5":"product_cat-genel-konular","6":"pa_cilt-ciltsiz","7":"pa_tur-kitap","8":"pa_yayinevi-altin-kitaplar","9":"pa_yazar-james-redfield","11":"first","12":"instock","13":"sale","14":"shipping-taxable","15":"purchasable","16":"product-type-simple"},"_links":{"self":[{"href":"https:\/\/roveyayinevi.com.tr\/index.php\/wp-json\/wp\/v2\/product\/696676","targetHints":{"allow":["GET"]}}],"collection":[{"href":"https:\/\/roveyayinevi.com.tr\/index.php\/wp-json\/wp\/v2\/product"}],"about":[{"href":"https:\/\/roveyayinevi.com.tr\/index.php\/wp-json\/wp\/v2\/types\/product"}],"wp:attachment":[{"href":"https:\/\/roveyayinevi.com.tr\/index.php\/wp-json\/wp\/v2\/media?parent=696676"}],"wp:term":[{"taxonomy":"product_brand","embeddable":true,"href":"https:\/\/roveyayinevi.com.tr\/index.php\/wp-json\/wp\/v2\/product_brand?post=696676"},{"taxonomy":"product_cat","embeddable":true,"href":"https:\/\/roveyayinevi.com.tr\/index.php\/wp-json\/wp\/v2\/product_cat?post=696676"},{"taxonomy":"product_tag","embeddable":true,"href":"https:\/\/roveyayinevi.com.tr\/index.php\/wp-json\/wp\/v2\/product_tag?post=696676"}],"curies":[{"name":"wp","href":"https:\/\/api.w.org\/{rel}","templated":true}]}}