{"id":696671,"date":"2025-08-27T14:36:01","date_gmt":"2025-08-27T11:36:01","guid":{"rendered":"https:\/\/roveyayinevi.com.tr\/index.php\/urun\/yunus-emreden-secmeler\/"},"modified":"2026-04-16T02:06:25","modified_gmt":"2026-04-15T23:06:25","slug":"yunus-emreden-secmeler","status":"publish","type":"product","link":"https:\/\/roveyayinevi.com.tr\/index.php\/urun\/yunus-emreden-secmeler\/","title":{"rendered":"Yunus Emre\u2019den Se\u00e7meler"},"content":{"rendered":"<p>\ufffcTan\u0131t\u0131m MetniDini-Tasavvufi T\u00fcrk Halk Edebiyat\u0131 olarak da bilinen tekke \u015fiirinin gelmi\u015f ge\u00e7mi\u015f en b\u00fcy\u00fck temsilcisi Yunus Emre, g\u00f6n\u00fcl d\u00fcnyas\u0131nda ya\u015fad\u0131\u011f\u0131 ilahi a\u015fk\u0131, bu a\u015fkla bakt\u0131\u011f\u0131 do\u011fay\u0131 ve insanlar\u0131 samimi bir co\u015fku ve heyecanla dile getirdi\u011fi \u015fiirlerinde anlat\u0131yor.Yunus\u2019un \u015fiirlerindeki tasavvuf felsefesi, Yak\u0131n Do\u011fu medeniyetinin eseridir. Fakat geri kalan her \u015fey; dil, vezin, naz\u0131m \u015fekilleri, nakaratl\u0131 d\u00f6rtl\u00fckler, k\u0131sacas\u0131 b\u00fct\u00fcn bir \u00fcslup millidir; halk\u0131n i\u00e7inden, halk\u0131n ya\u015fatt\u0131\u011f\u0131 estetikten al\u0131nm\u0131\u015ft\u0131r. Yunus Emre divan\u0131ndan se\u00e7ti\u011fimiz \u015fiirlerden olu\u015fan bu eserde onun g\u00f6n\u00fcl co\u015fkunlu\u011funu derin bir sadelik i\u00e7inde soluyacaks\u0131n\u0131z.<\/p>\n","protected":false},"excerpt":{"rendered":"<p>\ufffcTan\u0131t\u0131m MetniDini-Tasavvufi T\u00fcrk Halk Edebiyat\u0131 olarak da bilinen tekke \u015fiirinin gelmi\u015f ge\u00e7mi\u015f en b\u00fcy\u00fck temsilcisi Yunus Emre, g\u00f6n\u00fcl d\u00fcnyas\u0131nda ya\u015fad\u0131\u011f\u0131 ilahi a\u015fk\u0131, bu a\u015fkla bakt\u0131\u011f\u0131 do\u011fay\u0131<span class=\"excerpt-hellip\"> [\u2026]<\/span><\/p>\n","protected":false},"featured_media":0,"template":"","meta":{"_monsterinsights_skip_tracking":false,"_monsterinsights_sitenote_active":false,"_monsterinsights_sitenote_note":"","_monsterinsights_sitenote_category":0},"product_brand":[],"product_cat":[12718,12719,12720],"product_tag":[],"class_list":{"0":"post-696671","1":"product","2":"type-product","3":"status-publish","5":"product_cat-din","6":"product_cat-islam","7":"product_cat-tasavvuf-mezhepler-tarikatlar","8":"pa_cilt-ciltsiz","9":"pa_tur-kitap","10":"pa_yayinevi-antik-kitap","11":"pa_yazar-yunus-emre","13":"first","14":"instock","15":"sale","16":"shipping-taxable","17":"purchasable","18":"product-type-simple"},"_links":{"self":[{"href":"https:\/\/roveyayinevi.com.tr\/index.php\/wp-json\/wp\/v2\/product\/696671","targetHints":{"allow":["GET"]}}],"collection":[{"href":"https:\/\/roveyayinevi.com.tr\/index.php\/wp-json\/wp\/v2\/product"}],"about":[{"href":"https:\/\/roveyayinevi.com.tr\/index.php\/wp-json\/wp\/v2\/types\/product"}],"wp:attachment":[{"href":"https:\/\/roveyayinevi.com.tr\/index.php\/wp-json\/wp\/v2\/media?parent=696671"}],"wp:term":[{"taxonomy":"product_brand","embeddable":true,"href":"https:\/\/roveyayinevi.com.tr\/index.php\/wp-json\/wp\/v2\/product_brand?post=696671"},{"taxonomy":"product_cat","embeddable":true,"href":"https:\/\/roveyayinevi.com.tr\/index.php\/wp-json\/wp\/v2\/product_cat?post=696671"},{"taxonomy":"product_tag","embeddable":true,"href":"https:\/\/roveyayinevi.com.tr\/index.php\/wp-json\/wp\/v2\/product_tag?post=696671"}],"curies":[{"name":"wp","href":"https:\/\/api.w.org\/{rel}","templated":true}]}}