{"id":696670,"date":"2025-08-27T14:36:01","date_gmt":"2025-08-27T11:36:01","guid":{"rendered":"https:\/\/roveyayinevi.com.tr\/index.php\/urun\/da-vinci-sifresi\/"},"modified":"2026-04-03T02:09:59","modified_gmt":"2026-04-02T23:09:59","slug":"da-vinci-sifresi","status":"publish","type":"product","link":"https:\/\/roveyayinevi.com.tr\/index.php\/urun\/da-vinci-sifresi\/","title":{"rendered":"Da Vinci \u015eifresi"},"content":{"rendered":"<p>85 M\u0130LYONDAN FAZLA SATTI&#8221;BUNDAN DAHA \u0130Y\u0130 B\u0130R GER\u0130L\u0130MROMANI OLAMAZ.&#8221; \u2014The Denver PostHarvard \u00dcniversitesi Simgebilim Profes\u00f6r\u00fc Robert Langdon, Paris&#8217;te i\u015f gezisindeyken bir gece yar\u0131s\u0131, Louvre&#8217;un ya\u015fl\u0131 m\u00fcd\u00fcr\u00fcn\u00fcn \u00f6l\u00fcs\u00fcn\u00fcn bulundu\u011fu haberini al\u0131r. Langdon ve yard\u0131m etmek \u00fczere kendisine kat\u0131lan yetenekli Frans\u0131z kriptoloji uzman\u0131 Sophie Neveu, cesedin etraf\u0131ndaki ipu\u00e7lar\u0131n\u0131 \u00e7\u00f6zmeye \u00e7al\u0131\u015f\u0131rken garipliklerle dolu bir d\u00fcnyaya ad\u0131m att\u0131klar\u0131n\u0131n fark\u0131nda de\u011fildirler. Bulduklar\u0131 her i\u015faret onlar\u0131 Da Vinci&#8217;nin bir tablosuna g\u00f6t\u00fcr\u00fcr. B\u00fcy\u00fck usta bu s\u0131rr\u0131 herkesin g\u00f6rebilece\u011fi bir yere, \u00fcnl\u00fc eseri Mona Lisa tablosunun i\u00e7ine gizlemi\u015ftir.Langdon bu garip ba\u011flant\u0131y\u0131 a\u00e7\u0131\u011fa \u00e7\u0131kar\u0131nca \u00e7evresini saran tehlike gitgide artar. Cinayete kurban giden m\u00fcze m\u00fcd\u00fcr\u00fc, t\u0131pk\u0131 Sir Isaac Newton, Botticelli, Victor Hugo ve Da Vinci gibi aralar\u0131nda pek \u00e7ok ki\u015finin bulundu\u011fu gizli bir kurulu\u015f olan Sion Tarikat\u0131&#8217;n\u0131n \u00fcyesidir. Langdon ayd\u0131nlatmaya \u00e7al\u0131\u015ft\u0131klar\u0131 bu tehlikeli s\u0131rr\u0131n y\u00fczy\u0131llard\u0131r tarihin derinliklerinde gizlendi\u011finden \u015f\u00fcphelenir. B\u00f6ylece Paris ve Londra sokaklar\u0131nda amans\u0131z bir kovalamaca ba\u015flar. Langdon ve Neveu kendilerini, atacaklar\u0131 her ad\u0131m\u0131 \u00f6nceden bilen zeki ve esrarengiz bir adamla kar\u015f\u0131 kar\u015f\u0131ya bulurlar. E\u011fer bu karma\u015f\u0131k bilmeceyi \u00e7\u00f6zemezlerse tarikat\u0131n b\u00fcy\u00fck yank\u0131lar uyand\u0131racak bu kadim ger\u00e7e\u011fi ebediyen kaybolacakt\u0131r.&#8221;Gi\u015fe rekorlar\u0131 k\u0131ran m\u00fckemmel bir eser&#8230; E\u011flenceli bir gerilim roman\u0131.&#8221;\u2014The New York Times&#8221;Heyecan dolu ve zekice kurgulanm\u0131\u015f bir roman.&#8221; \u2014 People<\/p>\n","protected":false},"excerpt":{"rendered":"<p>85 M\u0130LYONDAN FAZLA SATTI&#8221;BUNDAN DAHA \u0130Y\u0130 B\u0130R GER\u0130L\u0130MROMANI OLAMAZ.&#8221; \u2014The Denver PostHarvard \u00dcniversitesi Simgebilim Profes\u00f6r\u00fc Robert Langdon, Paris&#8217;te i\u015f gezisindeyken bir gece yar\u0131s\u0131, Louvre&#8217;un ya\u015fl\u0131 m\u00fcd\u00fcr\u00fcn\u00fcn<span class=\"excerpt-hellip\"> [\u2026]<\/span><\/p>\n","protected":false},"featured_media":0,"template":"","meta":{"_monsterinsights_skip_tracking":false,"_monsterinsights_sitenote_active":false,"_monsterinsights_sitenote_note":"","_monsterinsights_sitenote_category":0},"product_brand":[],"product_cat":[12291,12711],"product_tag":[],"class_list":{"0":"post-696670","1":"product","2":"type-product","3":"status-publish","5":"product_cat-edebiyat","6":"product_cat-roman-oyku","7":"pa_cilt-ciltsiz","8":"pa_tur-kitap","9":"pa_yayinevi-altin-kitaplar","10":"pa_yazar-dan-brown","12":"first","13":"instock","14":"sale","15":"shipping-taxable","16":"purchasable","17":"product-type-simple"},"_links":{"self":[{"href":"https:\/\/roveyayinevi.com.tr\/index.php\/wp-json\/wp\/v2\/product\/696670","targetHints":{"allow":["GET"]}}],"collection":[{"href":"https:\/\/roveyayinevi.com.tr\/index.php\/wp-json\/wp\/v2\/product"}],"about":[{"href":"https:\/\/roveyayinevi.com.tr\/index.php\/wp-json\/wp\/v2\/types\/product"}],"wp:attachment":[{"href":"https:\/\/roveyayinevi.com.tr\/index.php\/wp-json\/wp\/v2\/media?parent=696670"}],"wp:term":[{"taxonomy":"product_brand","embeddable":true,"href":"https:\/\/roveyayinevi.com.tr\/index.php\/wp-json\/wp\/v2\/product_brand?post=696670"},{"taxonomy":"product_cat","embeddable":true,"href":"https:\/\/roveyayinevi.com.tr\/index.php\/wp-json\/wp\/v2\/product_cat?post=696670"},{"taxonomy":"product_tag","embeddable":true,"href":"https:\/\/roveyayinevi.com.tr\/index.php\/wp-json\/wp\/v2\/product_tag?post=696670"}],"curies":[{"name":"wp","href":"https:\/\/api.w.org\/{rel}","templated":true}]}}