{"id":696647,"date":"2025-08-27T14:35:54","date_gmt":"2025-08-27T11:35:54","guid":{"rendered":"https:\/\/roveyayinevi.com.tr\/index.php\/urun\/gonul-yakinliklari\/"},"modified":"2026-04-16T02:06:24","modified_gmt":"2026-04-15T23:06:24","slug":"gonul-yakinliklari","status":"publish","type":"product","link":"https:\/\/roveyayinevi.com.tr\/index.php\/urun\/gonul-yakinliklari\/","title":{"rendered":"G\u00f6n\u00fcl Yak\u0131nl\u0131klar\u0131"},"content":{"rendered":"<p>\u201cBeni as\u0131l kendi eylemlerimizin ya da ba\u015fkalar\u0131n\u0131n eylemlerinin do\u011furdu\u011fu, kimisi iyi, kimisi k\u00f6t\u00fc baz\u0131 sonu\u00e7lara dair bilin\u00e7sizce hat\u0131rlad\u0131\u011f\u0131m \u015feyler rahats\u0131z ediyor. Ve her durumda, iki ki\u015finin bulundu\u011fu bir ortama, \u00fc\u00e7\u00fcnc\u00fc bir ki\u015finin de dahil olmas\u0131n\u0131n mutlaka kayda de\u011fer sonu\u00e7lar\u0131 olur. Ben, bir rastlant\u0131 sonucu ya da isteyerek se\u00e7ilmi\u015f bir ki\u015finin hayatlar\u0131na girmesi y\u00fcz\u00fcnden ili\u015fkileri alt\u00fcst olan ve t\u00fcm ya\u015fam ko\u015fullar\u0131n\u0131 yeniden g\u00f6zden ge\u00e7irmek zorunda kalan bir s\u00fcr\u00fc arkada\u015f, karde\u015f, evli \u00e7ift ve a\u015f\u0131k g\u00f6rd\u00fcm.\u201d <\/p>\n","protected":false},"excerpt":{"rendered":"<p>\u201cBeni as\u0131l kendi eylemlerimizin ya da ba\u015fkalar\u0131n\u0131n eylemlerinin do\u011furdu\u011fu, kimisi iyi, kimisi k\u00f6t\u00fc baz\u0131 sonu\u00e7lara dair bilin\u00e7sizce hat\u0131rlad\u0131\u011f\u0131m \u015feyler rahats\u0131z ediyor. Ve her durumda, iki ki\u015finin<span class=\"excerpt-hellip\"> [\u2026]<\/span><\/p>\n","protected":false},"featured_media":0,"template":"","meta":{"_monsterinsights_skip_tracking":false,"_monsterinsights_sitenote_active":false,"_monsterinsights_sitenote_note":"","_monsterinsights_sitenote_category":0},"product_brand":[],"product_cat":[12291,12711],"product_tag":[],"class_list":{"0":"post-696647","1":"product","2":"type-product","3":"status-publish","5":"product_cat-edebiyat","6":"product_cat-roman-oyku","7":"pa_tur-kitap","8":"pa_yayinevi-antik-kitap","9":"pa_yazar-johann-wolfgang-von-goethe","11":"first","12":"instock","13":"sale","14":"shipping-taxable","15":"purchasable","16":"product-type-simple"},"_links":{"self":[{"href":"https:\/\/roveyayinevi.com.tr\/index.php\/wp-json\/wp\/v2\/product\/696647","targetHints":{"allow":["GET"]}}],"collection":[{"href":"https:\/\/roveyayinevi.com.tr\/index.php\/wp-json\/wp\/v2\/product"}],"about":[{"href":"https:\/\/roveyayinevi.com.tr\/index.php\/wp-json\/wp\/v2\/types\/product"}],"wp:attachment":[{"href":"https:\/\/roveyayinevi.com.tr\/index.php\/wp-json\/wp\/v2\/media?parent=696647"}],"wp:term":[{"taxonomy":"product_brand","embeddable":true,"href":"https:\/\/roveyayinevi.com.tr\/index.php\/wp-json\/wp\/v2\/product_brand?post=696647"},{"taxonomy":"product_cat","embeddable":true,"href":"https:\/\/roveyayinevi.com.tr\/index.php\/wp-json\/wp\/v2\/product_cat?post=696647"},{"taxonomy":"product_tag","embeddable":true,"href":"https:\/\/roveyayinevi.com.tr\/index.php\/wp-json\/wp\/v2\/product_tag?post=696647"}],"curies":[{"name":"wp","href":"https:\/\/api.w.org\/{rel}","templated":true}]}}