{"id":696634,"date":"2025-08-27T14:35:46","date_gmt":"2025-08-27T11:35:46","guid":{"rendered":"https:\/\/roveyayinevi.com.tr\/index.php\/urun\/kara-kule-serisi-5-callanin-kurtlari\/"},"modified":"2026-04-16T02:06:24","modified_gmt":"2026-04-15T23:06:24","slug":"kara-kule-serisi-5-callanin-kurtlari","status":"publish","type":"product","link":"https:\/\/roveyayinevi.com.tr\/index.php\/urun\/kara-kule-serisi-5-callanin-kurtlari\/","title":{"rendered":"Kara Kule Serisi 5 &#8211; Calla\u2019n\u0131n Kurtlar\u0131"},"content":{"rendered":"<p>RomanGerilim &#8211; KorkuRoland Deschain ve Ka-tet\u2019i Kara Kule\u2019ye eri\u015fmek i\u00e7in g\u00fcneydo\u011fu- da, ormanlarla kapl\u0131 Orta-D\u00fcnya\u2019da yolculuklar\u0131na devam ederler. Calla Bryn Sturgis ad\u0131ndaki kasaban\u0131n s\u0131n\u0131rlar\u0131na ula\u015f\u0131nca beklenmedik bir durumla kar\u015f\u0131la\u015f\u0131rlar: U\u00e7suz bucaks\u0131z \u00e7iftliklerin yer ald\u0131\u011f\u0131 sakin topraklardan kasaban\u0131n ruhunu emip t\u00fcketen G\u00f6kg\u00fc- r\u00fclt\u00fcs\u00fc ad\u0131nda karanl\u0131k bir g\u00fc\u00e7 y\u00fckselmektedir. Ayn\u0131 anda kurtlar da h\u0131zla kente yakla\u015fmaktad\u0131r. Onlara kar\u015f\u0131 koymak b\u00fcy\u00fck bir risktir, ama silah\u015forlar b\u00f6ylesine tehlikeli ve garip durumlarla kar\u015f\u0131la\u015fmaya al\u0131\u015f\u0131kt\u0131rlar. Ancak ellerindeki silahlar, bu karanl\u0131k g\u00fc\u00e7lere kar\u015f\u0131 koymaya yeterli midir?\u2022 \u2022 \u2022\u201cOla\u011fan\u00fcst\u00fc bir ortamda, ak\u0131llara durgunluk veren sanal bir d\u00fcnyada, unutulmaz karakterlerin yer ald\u0131\u011f\u0131 Kara Kule serisi bug\u00fcne dek okudu\u011funuz romanlardan \u00e7ok farkl\u0131. Bu \u00f6yk\u00fc, yazar\u0131n sanat\u0131n\u0131n zirvesine eri\u015fti\u011finin kan\u0131t\u0131.\u201dLocus <\/p>\n","protected":false},"excerpt":{"rendered":"<p>RomanGerilim &#8211; KorkuRoland Deschain ve Ka-tet\u2019i Kara Kule\u2019ye eri\u015fmek i\u00e7in g\u00fcneydo\u011fu- da, ormanlarla kapl\u0131 Orta-D\u00fcnya\u2019da yolculuklar\u0131na devam ederler. Calla Bryn Sturgis ad\u0131ndaki kasaban\u0131n s\u0131n\u0131rlar\u0131na ula\u015f\u0131nca beklenmedik<span class=\"excerpt-hellip\"> [\u2026]<\/span><\/p>\n","protected":false},"featured_media":0,"template":"","meta":{"_monsterinsights_skip_tracking":false,"_monsterinsights_sitenote_active":false,"_monsterinsights_sitenote_note":"","_monsterinsights_sitenote_category":0},"product_brand":[],"product_cat":[12291,17033],"product_tag":[],"class_list":{"0":"post-696634","1":"product","2":"type-product","3":"status-publish","5":"product_cat-edebiyat","6":"product_cat-korku-gerilim","7":"pa_cilt-ciltsiz","8":"pa_tur-kitap","9":"pa_yayinevi-altin-kitaplar","10":"pa_yazar-stephen-king","12":"first","13":"instock","14":"sale","15":"shipping-taxable","16":"purchasable","17":"product-type-simple"},"_links":{"self":[{"href":"https:\/\/roveyayinevi.com.tr\/index.php\/wp-json\/wp\/v2\/product\/696634","targetHints":{"allow":["GET"]}}],"collection":[{"href":"https:\/\/roveyayinevi.com.tr\/index.php\/wp-json\/wp\/v2\/product"}],"about":[{"href":"https:\/\/roveyayinevi.com.tr\/index.php\/wp-json\/wp\/v2\/types\/product"}],"wp:attachment":[{"href":"https:\/\/roveyayinevi.com.tr\/index.php\/wp-json\/wp\/v2\/media?parent=696634"}],"wp:term":[{"taxonomy":"product_brand","embeddable":true,"href":"https:\/\/roveyayinevi.com.tr\/index.php\/wp-json\/wp\/v2\/product_brand?post=696634"},{"taxonomy":"product_cat","embeddable":true,"href":"https:\/\/roveyayinevi.com.tr\/index.php\/wp-json\/wp\/v2\/product_cat?post=696634"},{"taxonomy":"product_tag","embeddable":true,"href":"https:\/\/roveyayinevi.com.tr\/index.php\/wp-json\/wp\/v2\/product_tag?post=696634"}],"curies":[{"name":"wp","href":"https:\/\/api.w.org\/{rel}","templated":true}]}}