{"id":696623,"date":"2025-08-27T14:35:43","date_gmt":"2025-08-27T11:35:43","guid":{"rendered":"https:\/\/roveyayinevi.com.tr\/index.php\/urun\/sosyoloji-nedir\/"},"modified":"2026-04-16T02:06:23","modified_gmt":"2026-04-15T23:06:23","slug":"sosyoloji-nedir","status":"publish","type":"product","link":"https:\/\/roveyayinevi.com.tr\/index.php\/urun\/sosyoloji-nedir\/","title":{"rendered":"Sosyoloji Nedir?"},"content":{"rendered":"<p>Sosyoloji insanlar\u0131n birbirleriyle ili\u015fkilerinin bilimsel a\u00e7\u0131dan incelenmesidir, insanlar her zaman ba\u015fka insanlarla ilgilenmi\u015flerdir. Gazeteciler, yorumcular toplumun g\u00fcnl\u00fck ya\u015fay\u0131\u015fmdaki dikkati \u00e7eken olaylar\u0131 s\u00fcrekli olarak toplay\u0131p yayarlar. Tarih\u00e7iler \u00e7o\u011funlukla kamu y\u00f6neticilerinin nas\u0131l davrand\u0131klar\u0131na ili\u015fkin kay\u0131tlar tutarlar. Ozanlar ve \u00f6yk\u00fcc\u00fcler sosyal ili\u015fkiler \u00fczerinde odakla\u015f\u0131rlar. Belirli \u00e7evre ko\u015fullar\u0131 alt\u0131nda insanlar\u0131n nas\u0131l davranacaklar\u0131n\u0131 kendi bellek ve imgelerinde yeniden kurgularlar. Filozof ve din bilimciler insano\u011flunun nas\u0131l davranmas\u0131 gerekti\u011fi \u00fczerinde dururlar, yorumlar\u0131n\u0131 \u00f6ncel bilgi ve deneyimlerinin \u00fczerine dayand\u0131r\u0131rlar. Sosyolog ki\u015filer \u00fczerinde de uzmanla\u015fm\u0131\u015ft\u0131r, ama sosyologun g\u00f6revi burada bitmez, o daha da ileriye ve derine gider. \u00c7\u00fcnk\u00fc sosyoloji sosyal davran\u0131\u015fa y\u00f6nelen bilimsel bir yakla\u015f\u0131md\u0131r. Sosyolog, gazeteci ve tarih\u00e7inin yeteneklerine, belki de bir ozan veya filozofun sezgilerine sahip olmal\u0131d\u0131r; ama bu yetmez. Sosyolog verilerini nas\u0131l toplayaca\u011f\u0131n\u0131 ve g\u00f6zlemlerinin sonu\u00e7lar\u0131n\u0131 nas\u0131l analiz edece\u011fini de bilmelidir. Grup ya\u015fam\u0131n\u0131n sosyolojik incelenmesi, grup ya\u015fam\u0131n\u0131n sosyolojik yorumu ile birlikte gitmelidir. <\/p>\n","protected":false},"excerpt":{"rendered":"<p>Sosyoloji insanlar\u0131n birbirleriyle ili\u015fkilerinin bilimsel a\u00e7\u0131dan incelenmesidir, insanlar her zaman ba\u015fka insanlarla ilgilenmi\u015flerdir. Gazeteciler, yorumcular toplumun g\u00fcnl\u00fck ya\u015fay\u0131\u015fmdaki dikkati \u00e7eken olaylar\u0131 s\u00fcrekli olarak toplay\u0131p yayarlar. Tarih\u00e7iler<span class=\"excerpt-hellip\"> [\u2026]<\/span><\/p>\n","protected":false},"featured_media":0,"template":"","meta":{"_monsterinsights_skip_tracking":false,"_monsterinsights_sitenote_active":false,"_monsterinsights_sitenote_note":"","_monsterinsights_sitenote_category":0},"product_brand":[],"product_cat":[12324,27533],"product_tag":[],"class_list":{"0":"post-696623","1":"product","2":"type-product","3":"status-publish","5":"product_cat-sosyoloji","6":"product_cat-sosyolojiye-giris","7":"pa_cilt-ciltsiz","8":"pa_tur-kitap","9":"pa_yayinevi-ani-yayincilik","10":"pa_yazar-joseph-fichter","12":"first","13":"instock","14":"sale","15":"shipping-taxable","16":"purchasable","17":"product-type-simple"},"_links":{"self":[{"href":"https:\/\/roveyayinevi.com.tr\/index.php\/wp-json\/wp\/v2\/product\/696623","targetHints":{"allow":["GET"]}}],"collection":[{"href":"https:\/\/roveyayinevi.com.tr\/index.php\/wp-json\/wp\/v2\/product"}],"about":[{"href":"https:\/\/roveyayinevi.com.tr\/index.php\/wp-json\/wp\/v2\/types\/product"}],"wp:attachment":[{"href":"https:\/\/roveyayinevi.com.tr\/index.php\/wp-json\/wp\/v2\/media?parent=696623"}],"wp:term":[{"taxonomy":"product_brand","embeddable":true,"href":"https:\/\/roveyayinevi.com.tr\/index.php\/wp-json\/wp\/v2\/product_brand?post=696623"},{"taxonomy":"product_cat","embeddable":true,"href":"https:\/\/roveyayinevi.com.tr\/index.php\/wp-json\/wp\/v2\/product_cat?post=696623"},{"taxonomy":"product_tag","embeddable":true,"href":"https:\/\/roveyayinevi.com.tr\/index.php\/wp-json\/wp\/v2\/product_tag?post=696623"}],"curies":[{"name":"wp","href":"https:\/\/api.w.org\/{rel}","templated":true}]}}