{"id":696618,"date":"2025-08-27T14:35:42","date_gmt":"2025-08-27T11:35:42","guid":{"rendered":"https:\/\/roveyayinevi.com.tr\/index.php\/urun\/motor-ogrenme-ve-performans\/"},"modified":"2026-04-16T02:06:23","modified_gmt":"2026-04-15T23:06:23","slug":"motor-ogrenme-ve-performans","status":"publish","type":"product","link":"https:\/\/roveyayinevi.com.tr\/index.php\/urun\/motor-ogrenme-ve-performans\/","title":{"rendered":"Motor \u00d6\u011frenme ve Performans"},"content":{"rendered":"<p>Bu kitap, insan hareketinin \u00f6\u011frenilmesi ve sergilenmesinin alt\u0131nda yatan temel s\u00fcre\u00e7leri anlaman\u0131za yard\u0131mc\u0131 olmak i\u00e7in yaz\u0131lm\u0131\u015ft\u0131r. \u0130nsanlar\u0131n beceriyi nas\u0131l \u00f6\u011frendi\u011fini, motor performans\u0131n ilkelerini ve motor \u00f6\u011frenmeyi \u00f6\u011fretimde, antren\u00f6rl\u00fckte, rehabilitasyonda, ergonomi ve benzeri i\u015f ortamlar\u0131nda nas\u0131l kulland\u0131klar\u0131n\u0131 ke\u015ffetmenize yard\u0131mc\u0131 olacakt\u0131r. Kitap anlaman\u0131z\u0131 kolayla\u015ft\u0131rmak i\u00e7in \u00f6nceden fizyoloji, psikoloji, istatistik y\u00f6ntemleri ya da di\u011fer temel bilimleri bilmenize gerek olmayacak \u015fekilde haz\u0131rlanm\u0131\u015ft\u0131r.<\/p>\n","protected":false},"excerpt":{"rendered":"<p>Bu kitap, insan hareketinin \u00f6\u011frenilmesi ve sergilenmesinin alt\u0131nda yatan temel s\u00fcre\u00e7leri anlaman\u0131za yard\u0131mc\u0131 olmak i\u00e7in yaz\u0131lm\u0131\u015ft\u0131r. \u0130nsanlar\u0131n beceriyi nas\u0131l \u00f6\u011frendi\u011fini, motor performans\u0131n ilkelerini ve motor \u00f6\u011frenmeyi<span class=\"excerpt-hellip\"> [\u2026]<\/span><\/p>\n","protected":false},"featured_media":0,"template":"","meta":{"_monsterinsights_skip_tracking":false,"_monsterinsights_sitenote_active":false,"_monsterinsights_sitenote_note":"","_monsterinsights_sitenote_category":0},"product_brand":[],"product_cat":[12312,12304],"product_tag":[],"class_list":{"0":"post-696618","1":"product","2":"type-product","3":"status-publish","5":"product_cat-diger","6":"product_cat-tarih","7":"pa_cilt-ciltsiz","8":"pa_tur-kitap","9":"pa_yayinevi-ani-yayincilik","10":"pa_yazar-ziya-koruc","12":"first","13":"instock","14":"sale","15":"shipping-taxable","16":"purchasable","17":"product-type-simple"},"_links":{"self":[{"href":"https:\/\/roveyayinevi.com.tr\/index.php\/wp-json\/wp\/v2\/product\/696618","targetHints":{"allow":["GET"]}}],"collection":[{"href":"https:\/\/roveyayinevi.com.tr\/index.php\/wp-json\/wp\/v2\/product"}],"about":[{"href":"https:\/\/roveyayinevi.com.tr\/index.php\/wp-json\/wp\/v2\/types\/product"}],"wp:attachment":[{"href":"https:\/\/roveyayinevi.com.tr\/index.php\/wp-json\/wp\/v2\/media?parent=696618"}],"wp:term":[{"taxonomy":"product_brand","embeddable":true,"href":"https:\/\/roveyayinevi.com.tr\/index.php\/wp-json\/wp\/v2\/product_brand?post=696618"},{"taxonomy":"product_cat","embeddable":true,"href":"https:\/\/roveyayinevi.com.tr\/index.php\/wp-json\/wp\/v2\/product_cat?post=696618"},{"taxonomy":"product_tag","embeddable":true,"href":"https:\/\/roveyayinevi.com.tr\/index.php\/wp-json\/wp\/v2\/product_tag?post=696618"}],"curies":[{"name":"wp","href":"https:\/\/api.w.org\/{rel}","templated":true}]}}