{"id":696598,"date":"2025-08-27T14:35:37","date_gmt":"2025-08-27T11:35:37","guid":{"rendered":"https:\/\/roveyayinevi.com.tr\/index.php\/urun\/kesintisiz-ogrenme\/"},"modified":"2026-04-12T02:07:26","modified_gmt":"2026-04-11T23:07:26","slug":"kesintisiz-ogrenme","status":"publish","type":"product","link":"https:\/\/roveyayinevi.com.tr\/index.php\/urun\/kesintisiz-ogrenme\/","title":{"rendered":"Kesintisiz \u00d6\u011frenme"},"content":{"rendered":"<p>Beynin \u00f6\u011frenme kapasitesi nas\u0131l art\u0131r\u0131l\u0131r? Haf\u0131zan\u0131n mekanizmas\u0131 nas\u0131l \u00e7al\u0131\u015f\u0131yor? Soyut ve yabanc\u0131 kelimeleri nas\u0131l \u00f6\u011frenmeli? Beyne kal\u0131c\u0131 kay\u0131t nas\u0131l yap\u0131l\u0131r? Kendi do\u011fal \u00f6\u011frenme tarz\u0131m\u0131z\u0131 nas\u0131l ke\u015ffedebiliriz? Haf\u0131za klipleri nas\u0131l kullan\u0131l\u0131r? Ders \u00e7al\u0131\u015fma tekni\u011fini geli\u015ftirerek, ayn\u0131 \u00e7al\u0131\u015fma s\u00fcresinde daha y\u00fcksek notlar nas\u0131l al\u0131n\u0131r? Hayat\u0131m\u0131z\u0131n d\u00f6rtte biri okul hayat\u0131nda, d\u00f6rtte \u00fc\u00e7\u00fc hayat okulunda ge\u00e7iyor. Her iki d\u00f6nemde de \u00f6\u011frenme yetene\u011fimiz ba\u015far\u0131m\u0131z\u0131 belirtiyor. \u00c7o\u011fumuz okumay\u0131 \u00f6\u011frendik ama \u00f6\u011frenmek \u00fczerine pek bir \u015fey okumad\u0131k. Bu y\u00fczden \u00f6\u011frenirken s\u0131k\u0131l\u0131yor, bunal\u0131yor, derslerde ba\u015far\u0131s\u0131z oluyoruz. \u015eimdi \u00f6\u011frenmeyi yeniden \u00f6\u011frenme zaman\u0131! Daha h\u0131zl\u0131, daha kolay ve daha kal\u0131c\u0131 \u00f6\u011frenmenin y\u00f6ntemlerini ke\u015ffetme zaman\u0131. Bu kitap, ba\u015far\u0131l\u0131 \u00f6\u011frenmek ve \u00f6\u011frenerek ba\u015farmak i\u00e7in metotlar anlat\u0131yor. Hayat ama\u00e7lar\u0131n\u0131z\u0131 ger\u00e7ekle\u015ftirmek i\u00e7in g\u00fc\u00e7l\u00fc \u00f6\u011frenme teknikleri sunuyor. Do\u011fru metotlarla akl\u0131m\u0131z\u0131 g\u00fc\u00e7lendirip entelekt\u00fcel kapasitemizi art\u0131rabiliriz. E\u011fitilmi\u015f beyin g\u00fcc\u00fcyle, bilgiye dayal\u0131 ba\u015far\u0131lar\u0131n efendisi olabiliriz.\ufffcTan\u0131t\u0131m Metni<\/p>\n","protected":false},"excerpt":{"rendered":"<p>Beynin \u00f6\u011frenme kapasitesi nas\u0131l art\u0131r\u0131l\u0131r? Haf\u0131zan\u0131n mekanizmas\u0131 nas\u0131l \u00e7al\u0131\u015f\u0131yor? Soyut ve yabanc\u0131 kelimeleri nas\u0131l \u00f6\u011frenmeli? Beyne kal\u0131c\u0131 kay\u0131t nas\u0131l yap\u0131l\u0131r? Kendi do\u011fal \u00f6\u011frenme tarz\u0131m\u0131z\u0131 nas\u0131l ke\u015ffedebiliriz?<span class=\"excerpt-hellip\"> [\u2026]<\/span><\/p>\n","protected":false},"featured_media":0,"template":"","meta":{"_monsterinsights_skip_tracking":false,"_monsterinsights_sitenote_active":false,"_monsterinsights_sitenote_note":"","_monsterinsights_sitenote_category":0},"product_brand":[],"product_cat":[12364,12376],"product_tag":[],"class_list":{"0":"post-696598","1":"product","2":"type-product","3":"status-publish","5":"product_cat-genel-konular","6":"product_cat-kisisel-gelisim","7":"pa_cilt-ciltsiz","8":"pa_tur-kitap","9":"pa_yayinevi-alfa-yayinlari","10":"pa_yazar-mumin-sekman","12":"first","13":"instock","14":"sale","15":"shipping-taxable","16":"purchasable","17":"product-type-simple"},"_links":{"self":[{"href":"https:\/\/roveyayinevi.com.tr\/index.php\/wp-json\/wp\/v2\/product\/696598","targetHints":{"allow":["GET"]}}],"collection":[{"href":"https:\/\/roveyayinevi.com.tr\/index.php\/wp-json\/wp\/v2\/product"}],"about":[{"href":"https:\/\/roveyayinevi.com.tr\/index.php\/wp-json\/wp\/v2\/types\/product"}],"wp:attachment":[{"href":"https:\/\/roveyayinevi.com.tr\/index.php\/wp-json\/wp\/v2\/media?parent=696598"}],"wp:term":[{"taxonomy":"product_brand","embeddable":true,"href":"https:\/\/roveyayinevi.com.tr\/index.php\/wp-json\/wp\/v2\/product_brand?post=696598"},{"taxonomy":"product_cat","embeddable":true,"href":"https:\/\/roveyayinevi.com.tr\/index.php\/wp-json\/wp\/v2\/product_cat?post=696598"},{"taxonomy":"product_tag","embeddable":true,"href":"https:\/\/roveyayinevi.com.tr\/index.php\/wp-json\/wp\/v2\/product_tag?post=696598"}],"curies":[{"name":"wp","href":"https:\/\/api.w.org\/{rel}","templated":true}]}}