{"id":696595,"date":"2025-08-27T14:35:36","date_gmt":"2025-08-27T11:35:36","guid":{"rendered":"https:\/\/roveyayinevi.com.tr\/index.php\/urun\/dizgeli-egitim\/"},"modified":"2026-04-16T02:06:23","modified_gmt":"2026-04-15T23:06:23","slug":"dizgeli-egitim","status":"publish","type":"product","link":"https:\/\/roveyayinevi.com.tr\/index.php\/urun\/dizgeli-egitim\/","title":{"rendered":"Dizgeli E\u011fitim"},"content":{"rendered":"<p>Dizgeli E\u011fitim; e\u011fitimin dizge (sistem) yakla\u015f\u0131m\u0131na ve olabilirlik felsefesine g\u00f6re yap\u0131land\u0131r\u0131lmas\u0131 \u015feklinde d\u00fc\u015f\u00fcn\u00fclebilir. Bu e\u011fitim modeli; k\u0131rk y\u0131l\u0131 a\u015fan e\u011fitim deneyimlerime, T\u00fcrkiye&#8217;deki ve ilerlemi\u015f baz\u0131 \u00fclkelerdeki e\u011fitim birikimlerine, insan\u0131n haz\u0131r bulunu\u015fluk d\u00fczeyine ve do\u011fal yap\u0131daki de\u011fi\u015fmelere, T\u00fcrkiye&#8217;nin ekonomik, politik toplumsal yan\u0131 k\u00fclt\u00fcrel ger\u00e7e\u011fine; \u00e7a\u011fda\u015f bilim, sanat ve d\u00fc\u015f\u00fcncedeki geli\u015fmelere dayand\u0131r\u0131larak olu\u015fturulabilir. Bu \u00e7al\u0131\u015fmada, bilimin \u00f6nemli bir de\u011fi\u015fken olarak ele al\u0131nmas\u0131 tasarlanm\u0131\u015ft\u0131r. <\/p>\n","protected":false},"excerpt":{"rendered":"<p>Dizgeli E\u011fitim; e\u011fitimin dizge (sistem) yakla\u015f\u0131m\u0131na ve olabilirlik felsefesine g\u00f6re yap\u0131land\u0131r\u0131lmas\u0131 \u015feklinde d\u00fc\u015f\u00fcn\u00fclebilir. Bu e\u011fitim modeli; k\u0131rk y\u0131l\u0131 a\u015fan e\u011fitim deneyimlerime, T\u00fcrkiye&#8217;deki ve ilerlemi\u015f baz\u0131 \u00fclkelerdeki<span class=\"excerpt-hellip\"> [\u2026]<\/span><\/p>\n","protected":false},"featured_media":0,"template":"","meta":{"_monsterinsights_skip_tracking":false,"_monsterinsights_sitenote_active":false,"_monsterinsights_sitenote_note":"","_monsterinsights_sitenote_category":0},"product_brand":[],"product_cat":[12312,12304],"product_tag":[],"class_list":{"0":"post-696595","1":"product","2":"type-product","3":"status-publish","5":"product_cat-diger","6":"product_cat-tarih","7":"pa_cilt-ciltsiz","8":"pa_tur-kitap","9":"pa_yayinevi-ani-yayincilik","10":"pa_yazar-veysel-sonmez","12":"first","13":"instock","14":"sale","15":"shipping-taxable","16":"purchasable","17":"product-type-simple"},"_links":{"self":[{"href":"https:\/\/roveyayinevi.com.tr\/index.php\/wp-json\/wp\/v2\/product\/696595","targetHints":{"allow":["GET"]}}],"collection":[{"href":"https:\/\/roveyayinevi.com.tr\/index.php\/wp-json\/wp\/v2\/product"}],"about":[{"href":"https:\/\/roveyayinevi.com.tr\/index.php\/wp-json\/wp\/v2\/types\/product"}],"wp:attachment":[{"href":"https:\/\/roveyayinevi.com.tr\/index.php\/wp-json\/wp\/v2\/media?parent=696595"}],"wp:term":[{"taxonomy":"product_brand","embeddable":true,"href":"https:\/\/roveyayinevi.com.tr\/index.php\/wp-json\/wp\/v2\/product_brand?post=696595"},{"taxonomy":"product_cat","embeddable":true,"href":"https:\/\/roveyayinevi.com.tr\/index.php\/wp-json\/wp\/v2\/product_cat?post=696595"},{"taxonomy":"product_tag","embeddable":true,"href":"https:\/\/roveyayinevi.com.tr\/index.php\/wp-json\/wp\/v2\/product_tag?post=696595"}],"curies":[{"name":"wp","href":"https:\/\/api.w.org\/{rel}","templated":true}]}}