{"id":696593,"date":"2025-08-27T14:35:36","date_gmt":"2025-08-27T11:35:36","guid":{"rendered":"https:\/\/roveyayinevi.com.tr\/index.php\/urun\/bilimsel-arastirma-yontemleri-2\/"},"modified":"2026-04-16T02:06:23","modified_gmt":"2026-04-15T23:06:23","slug":"bilimsel-arastirma-yontemleri-2","status":"publish","type":"product","link":"https:\/\/roveyayinevi.com.tr\/index.php\/urun\/bilimsel-arastirma-yontemleri-2\/","title":{"rendered":"Bilimsel Ara\u015ft\u0131rma Y\u00f6ntemleri"},"content":{"rendered":"<p>\u0130\u00e7erik olarak bu eserin temel amac\u0131; sosyal bilimlerde oldu\u011fu gibi e\u011fitim bilimlerindeki nitel, nicel ve ele\u015ftirel kuram yakla\u015f\u0131mlar\u0131n\u0131 kuramsal ve pratik olarak tan\u0131tmak, bu t\u00fcr ara\u015ft\u0131rma yapmaya istekli ve e\u011filimli olan bireyleri te\u015fvik etmek ve onlara ara\u015ft\u0131rma y\u00fcr\u00fct\u00fcl\u00fcrken gerekli g\u00f6r\u00fclen veri toplama ara\u00e7lar\u0131n\u0131 sa\u011flamaya \u00e7al\u0131\u015fmakt\u0131r. Ayr\u0131ca, her \u00fc\u00e7 ara\u015ft\u0131rma yakla\u015f\u0131m\u0131n\u0131n bilimsel bilgi \u00fcretme konusunda etkin olarak neden ve nas\u0131l yararlanabilece\u011fini felsefi ve pratik olarak ortaya koymak ama\u00e7lanm\u0131\u015ft\u0131r. <\/p>\n","protected":false},"excerpt":{"rendered":"<p>\u0130\u00e7erik olarak bu eserin temel amac\u0131; sosyal bilimlerde oldu\u011fu gibi e\u011fitim bilimlerindeki nitel, nicel ve ele\u015ftirel kuram yakla\u015f\u0131mlar\u0131n\u0131 kuramsal ve pratik olarak tan\u0131tmak, bu t\u00fcr ara\u015ft\u0131rma<span class=\"excerpt-hellip\"> [\u2026]<\/span><\/p>\n","protected":false},"featured_media":0,"template":"","meta":{"_monsterinsights_skip_tracking":false,"_monsterinsights_sitenote_active":false,"_monsterinsights_sitenote_note":"","_monsterinsights_sitenote_category":0},"product_brand":[],"product_cat":[12312,12304],"product_tag":[],"class_list":{"0":"post-696593","1":"product","2":"type-product","3":"status-publish","5":"product_cat-diger","6":"product_cat-tarih","7":"pa_cilt-ciltsiz","8":"pa_tur-kitap","9":"pa_yayinevi-ani-yayincilik","10":"pa_yazar-durmus-ekiz","12":"first","13":"instock","14":"sale","15":"shipping-taxable","16":"purchasable","17":"product-type-simple"},"_links":{"self":[{"href":"https:\/\/roveyayinevi.com.tr\/index.php\/wp-json\/wp\/v2\/product\/696593","targetHints":{"allow":["GET"]}}],"collection":[{"href":"https:\/\/roveyayinevi.com.tr\/index.php\/wp-json\/wp\/v2\/product"}],"about":[{"href":"https:\/\/roveyayinevi.com.tr\/index.php\/wp-json\/wp\/v2\/types\/product"}],"wp:attachment":[{"href":"https:\/\/roveyayinevi.com.tr\/index.php\/wp-json\/wp\/v2\/media?parent=696593"}],"wp:term":[{"taxonomy":"product_brand","embeddable":true,"href":"https:\/\/roveyayinevi.com.tr\/index.php\/wp-json\/wp\/v2\/product_brand?post=696593"},{"taxonomy":"product_cat","embeddable":true,"href":"https:\/\/roveyayinevi.com.tr\/index.php\/wp-json\/wp\/v2\/product_cat?post=696593"},{"taxonomy":"product_tag","embeddable":true,"href":"https:\/\/roveyayinevi.com.tr\/index.php\/wp-json\/wp\/v2\/product_tag?post=696593"}],"curies":[{"name":"wp","href":"https:\/\/api.w.org\/{rel}","templated":true}]}}