{"id":696588,"date":"2025-08-27T14:35:35","date_gmt":"2025-08-27T11:35:35","guid":{"rendered":"https:\/\/roveyayinevi.com.tr\/index.php\/urun\/genel-ve-endustriyel-yonetim\/"},"modified":"2026-04-16T02:06:23","modified_gmt":"2026-04-15T23:06:23","slug":"genel-ve-endustriyel-yonetim","status":"publish","type":"product","link":"https:\/\/roveyayinevi.com.tr\/index.php\/urun\/genel-ve-endustriyel-yonetim\/","title":{"rendered":"Genel ve End\u00fcstriyel Y\u00f6netim"},"content":{"rendered":"<p>Frans\u0131z maden m\u00fchendisi Henri Fayol, gerek end\u00fcstriyel i\u015fletmelerde, gerekse kamu y\u00f6netiminde, belli bir y\u00f6ntem dahilinde &#8220;y\u00f6netim ilkelerini&#8221; geli\u015ftiren bir y\u00f6netim \u00f6nc\u00fcs\u00fcd\u00fcr. 19. y\u00fczy\u0131l\u0131n sonlar\u0131 ve 20. y\u00fczy\u0131l\u0131n ba\u015flar\u0131nda bizzat m\u00fchendis ve idareci olarak \u00e7al\u0131\u015ft\u0131\u011f\u0131 b\u00fcy\u00fck madencilik i\u015fletmelerindeki deneyimlerini sistematik bir \u015fekilde kaleme alan Fayol&#8217;un bu eseri, kendinden sonraki \u00e7al\u0131\u015fmalara \u00f6nc\u00fcl\u00fck etmesi ve iddialar\u0131n\u0131n h\u00e2len g\u00fcncelli\u011fini muhafaza etmesi sebebiyle, bir y\u00f6netim klasi\u011fi kabul edilmektedir. Y\u00f6neticili\u011fin insanlara \u00f6\u011fretilebilir, her alanda ge\u00e7erli evrensel bir &#8220;bilim&#8221; oldu\u011funu, okullarda bu i\u015fin e\u011fitiminin verilmesi gerekti\u011fini de ilk defa vurgulayan Fayol, eserleriyle, i\u015fletme bilimi ve kamu y\u00f6netimiyle ilgilenenler kadar, g\u00fcnl\u00fck hayatta idarecilik prati\u011fiyle u\u011fra\u015fanlar\u0131n da ilgisini \u00e7ekecektir. <\/p>\n","protected":false},"excerpt":{"rendered":"<p>Frans\u0131z maden m\u00fchendisi Henri Fayol, gerek end\u00fcstriyel i\u015fletmelerde, gerekse kamu y\u00f6netiminde, belli bir y\u00f6ntem dahilinde &#8220;y\u00f6netim ilkelerini&#8221; geli\u015ftiren bir y\u00f6netim \u00f6nc\u00fcs\u00fcd\u00fcr. 19. y\u00fczy\u0131l\u0131n sonlar\u0131 ve 20.<span class=\"excerpt-hellip\"> [\u2026]<\/span><\/p>\n","protected":false},"featured_media":0,"template":"","meta":{"_monsterinsights_skip_tracking":false,"_monsterinsights_sitenote_active":false,"_monsterinsights_sitenote_note":"","_monsterinsights_sitenote_category":0},"product_brand":[],"product_cat":[13043,19008],"product_tag":[],"class_list":{"0":"post-696588","1":"product","2":"type-product","3":"status-publish","5":"product_cat-ekonomi","6":"product_cat-yonetim","7":"pa_cilt-ciltsiz","8":"pa_tur-kitap","9":"pa_yayinevi-adres-yayinlari","10":"pa_yazar-henri-fayol","12":"first","13":"instock","14":"sale","15":"shipping-taxable","16":"purchasable","17":"product-type-simple"},"_links":{"self":[{"href":"https:\/\/roveyayinevi.com.tr\/index.php\/wp-json\/wp\/v2\/product\/696588","targetHints":{"allow":["GET"]}}],"collection":[{"href":"https:\/\/roveyayinevi.com.tr\/index.php\/wp-json\/wp\/v2\/product"}],"about":[{"href":"https:\/\/roveyayinevi.com.tr\/index.php\/wp-json\/wp\/v2\/types\/product"}],"wp:attachment":[{"href":"https:\/\/roveyayinevi.com.tr\/index.php\/wp-json\/wp\/v2\/media?parent=696588"}],"wp:term":[{"taxonomy":"product_brand","embeddable":true,"href":"https:\/\/roveyayinevi.com.tr\/index.php\/wp-json\/wp\/v2\/product_brand?post=696588"},{"taxonomy":"product_cat","embeddable":true,"href":"https:\/\/roveyayinevi.com.tr\/index.php\/wp-json\/wp\/v2\/product_cat?post=696588"},{"taxonomy":"product_tag","embeddable":true,"href":"https:\/\/roveyayinevi.com.tr\/index.php\/wp-json\/wp\/v2\/product_tag?post=696588"}],"curies":[{"name":"wp","href":"https:\/\/api.w.org\/{rel}","templated":true}]}}