{"id":696583,"date":"2025-08-27T14:35:33","date_gmt":"2025-08-27T11:35:33","guid":{"rendered":"https:\/\/roveyayinevi.com.tr\/index.php\/urun\/little-red-riding-hood-level-1-books\/"},"modified":"2025-10-30T09:43:57","modified_gmt":"2025-10-30T06:43:57","slug":"little-red-riding-hood-level-1-books","status":"publish","type":"product","link":"https:\/\/roveyayinevi.com.tr\/index.php\/urun\/little-red-riding-hood-level-1-books\/","title":{"rendered":"Little Red Riding Hood Level 1 Books"},"content":{"rendered":"<p>Binbir \u00c7i\u00e7ek Level Books are specially written for very young readers. It is their first step towards independent reading. The stories in Level Two consist of simple text using about 500 easy and commonly used words. The words are repeated often to facilitate their recognition. The sentence structure is kept simple to encourage independent reading. The colourful illustrations add further enjoyment to the reading process, giving opportunity to discuss the story while reading. Binbir \u00c7i\u00e7ek Level kitaplar\u0131, \u0130ngilizceye yeni ba\u015flam\u0131\u015f ve \u0130ngilizcesini geli\u015ftirme yolunda olan \u00f6\u011frencilerin ihtiya\u00e7lar\u0131 do\u011frultusunda haz\u0131rlanm\u0131\u015f \u00f6zel kitaplard\u0131r. Level 1, 2 ve 3 olarak \u00fc\u00e7 ayr\u0131 seviyede haz\u0131rlanan bu kitaplar, her seviyenin kelime da\u011farc\u0131\u011f\u0131na \u00f6zel kelimeleri i\u00e7erir. Level 1 kitaplar\u0131 300, Level 2 kitaplar\u0131 500 ve Level 3 kitaplar\u0131 da 600 ila 800 kelime i\u00e7erecek \u015fekilde haz\u0131rlanm\u0131\u015f ve bu kelimeler de \u0130ngilizcenin kolay ve en s\u0131k kullan\u0131lan kelimeleri aras\u0131ndan se\u00e7ilmi\u015ftir. Erken ya\u015fta ba\u015flayan dil \u00f6\u011frenimin b\u00fcy\u00fck \u00f6nem ta\u015f\u0131d\u0131\u011f\u0131 bilimsel olarak kan\u0131tlanm\u0131\u015ft\u0131r ve Binbir \u00c7i\u00e7ek Level kitaplar\u0131, \u00e7ocu\u011funuzun dil \u00f6\u011frenimine b\u00fcy\u00fck katk\u0131 sa\u011flamakla kalmayacak, g\u00f6rsel zenginli\u011fi ve i\u00e7erdi\u011fi farkl\u0131 \u00f6\u011felerle hayal g\u00fcc\u00fcn\u00fcn geli\u015fimini de destekleyecektir.<\/p>\n","protected":false},"excerpt":{"rendered":"<p>Binbir \u00c7i\u00e7ek Level Books are specially written for very young readers. It is their first step towards independent reading. The stories in Level Two consist of<span class=\"excerpt-hellip\"> [\u2026]<\/span><\/p>\n","protected":false},"featured_media":0,"template":"","meta":{"_monsterinsights_skip_tracking":false,"_monsterinsights_sitenote_active":false,"_monsterinsights_sitenote_note":"","_monsterinsights_sitenote_category":0},"product_brand":[],"product_cat":[12472],"product_tag":[],"class_list":{"0":"post-696583","1":"product","2":"type-product","3":"status-publish","5":"product_cat-yabanci-dilde-kitaplar","6":"pa_cilt-ciltsiz","7":"pa_tur-kitap","8":"pa_yayinevi-1001-cicek-kitaplar","9":"pa_yazar-anonim","11":"first","12":"instock","13":"sale","14":"shipping-taxable","15":"purchasable","16":"product-type-simple"},"_links":{"self":[{"href":"https:\/\/roveyayinevi.com.tr\/index.php\/wp-json\/wp\/v2\/product\/696583","targetHints":{"allow":["GET"]}}],"collection":[{"href":"https:\/\/roveyayinevi.com.tr\/index.php\/wp-json\/wp\/v2\/product"}],"about":[{"href":"https:\/\/roveyayinevi.com.tr\/index.php\/wp-json\/wp\/v2\/types\/product"}],"wp:attachment":[{"href":"https:\/\/roveyayinevi.com.tr\/index.php\/wp-json\/wp\/v2\/media?parent=696583"}],"wp:term":[{"taxonomy":"product_brand","embeddable":true,"href":"https:\/\/roveyayinevi.com.tr\/index.php\/wp-json\/wp\/v2\/product_brand?post=696583"},{"taxonomy":"product_cat","embeddable":true,"href":"https:\/\/roveyayinevi.com.tr\/index.php\/wp-json\/wp\/v2\/product_cat?post=696583"},{"taxonomy":"product_tag","embeddable":true,"href":"https:\/\/roveyayinevi.com.tr\/index.php\/wp-json\/wp\/v2\/product_tag?post=696583"}],"curies":[{"name":"wp","href":"https:\/\/api.w.org\/{rel}","templated":true}]}}