{"id":696575,"date":"2025-08-27T14:35:32","date_gmt":"2025-08-27T11:35:32","guid":{"rendered":"https:\/\/roveyayinevi.com.tr\/index.php\/urun\/yabancilar-icin-turkce-ogrenme-kitabi-learning-pack-of-turkish-for-foreigners\/"},"modified":"2026-04-16T02:06:23","modified_gmt":"2026-04-15T23:06:23","slug":"yabancilar-icin-turkce-ogrenme-kitabi-learning-pack-of-turkish-for-foreigners","status":"publish","type":"product","link":"https:\/\/roveyayinevi.com.tr\/index.php\/urun\/yabancilar-icin-turkce-ogrenme-kitabi-learning-pack-of-turkish-for-foreigners\/","title":{"rendered":"Yabanc\u0131lar \u0130\u00e7in T\u00fcrk\u00e7e \u00d6\u011frenme Kitab\u0131 \/ Learning Pack of Turkish for Foreigners"},"content":{"rendered":"<p>Ekteki CD&#8217;yi kullanarak her \u00fcnitenin ba\u015f\u0131nda verilen metni dinleyiniz ve daha sonra T\u00fcrk\u00e7e ve \u0130ngilizce metni okuyunuz. Metindeki t\u00fcmceleri \u00e7\u00f6z\u00fcmlemeye \u00e7al\u0131\u015fmay\u0131n\u0131z. Durup tekrar ederek metni bir kez daha dinleyiniz. Her \u00fcnitede verilen yeni s\u00f6zc\u00fckleri dinleyip \u00e7al\u0131\u015f\u0131n\u0131z. Her \u00fcnitede dilbilgisi destek b\u00f6l\u00fcm\u00fcnde verilen dilbilgisi kurallar\u0131n\u0131 okuyunuz ve \u00e7al\u0131\u015f\u0131n\u0131z. Dilbilgisi kurallar\u0131n\u0131 \u00e7al\u0131\u015ft\u0131ktan sonra metni yeniden okuyunuz. Her \u00fcnitenin sonunda verilen al\u0131\u015ft\u0131rmalar\u0131 yap\u0131n\u0131z ve kitab\u0131n sonundaki Yan\u0131t Anahtar\u0131n\u0131 kullanarak yan\u0131tlar\u0131n\u0131z\u0131 kontrol ediniz. Ekteki CD&#8217;yi kullanarak al\u0131\u015ft\u0131rmalar\u0131n \u00e7\u00f6z\u00fclm\u00fc\u015f bi\u00e7imini dinleyiniz. Yeni bir \u00fcniteye ge\u00e7meden \u00f6nce, \u00fcniteyi tekrar ediniz ve \u00fcniteler aras\u0131ndaki ba\u011flant\u0131lar\u0131 g\u00f6rmeye \u00e7al\u0131\u015f\u0131n\u0131z.<\/p>\n","protected":false},"excerpt":{"rendered":"<p>Ekteki CD&#8217;yi kullanarak her \u00fcnitenin ba\u015f\u0131nda verilen metni dinleyiniz ve daha sonra T\u00fcrk\u00e7e ve \u0130ngilizce metni okuyunuz. Metindeki t\u00fcmceleri \u00e7\u00f6z\u00fcmlemeye \u00e7al\u0131\u015fmay\u0131n\u0131z. Durup tekrar ederek metni bir<span class=\"excerpt-hellip\"> [\u2026]<\/span><\/p>\n","protected":false},"featured_media":0,"template":"","meta":{"_monsterinsights_skip_tracking":false,"_monsterinsights_sitenote_active":false,"_monsterinsights_sitenote_note":"","_monsterinsights_sitenote_category":0},"product_brand":[],"product_cat":[14597,12566],"product_tag":[],"class_list":{"0":"post-696575","1":"product","2":"type-product","3":"status-publish","5":"product_cat-dil-ogrenimi","6":"product_cat-egitim","7":"pa_cilt-ciltsiz","8":"pa_tur-kitap","9":"pa_yayinevi-ani-yayincilik","10":"pa_yazar-z-canan-karababa","12":"first","13":"instock","14":"sale","15":"shipping-taxable","16":"purchasable","17":"product-type-simple"},"_links":{"self":[{"href":"https:\/\/roveyayinevi.com.tr\/index.php\/wp-json\/wp\/v2\/product\/696575","targetHints":{"allow":["GET"]}}],"collection":[{"href":"https:\/\/roveyayinevi.com.tr\/index.php\/wp-json\/wp\/v2\/product"}],"about":[{"href":"https:\/\/roveyayinevi.com.tr\/index.php\/wp-json\/wp\/v2\/types\/product"}],"wp:attachment":[{"href":"https:\/\/roveyayinevi.com.tr\/index.php\/wp-json\/wp\/v2\/media?parent=696575"}],"wp:term":[{"taxonomy":"product_brand","embeddable":true,"href":"https:\/\/roveyayinevi.com.tr\/index.php\/wp-json\/wp\/v2\/product_brand?post=696575"},{"taxonomy":"product_cat","embeddable":true,"href":"https:\/\/roveyayinevi.com.tr\/index.php\/wp-json\/wp\/v2\/product_cat?post=696575"},{"taxonomy":"product_tag","embeddable":true,"href":"https:\/\/roveyayinevi.com.tr\/index.php\/wp-json\/wp\/v2\/product_tag?post=696575"}],"curies":[{"name":"wp","href":"https:\/\/api.w.org\/{rel}","templated":true}]}}