{"id":696550,"date":"2025-08-27T14:35:26","date_gmt":"2025-08-27T11:35:26","guid":{"rendered":"https:\/\/roveyayinevi.com.tr\/index.php\/urun\/komplo-teorileri\/"},"modified":"2026-03-05T02:09:33","modified_gmt":"2026-03-04T23:09:33","slug":"komplo-teorileri","status":"publish","type":"product","link":"https:\/\/roveyayinevi.com.tr\/index.php\/urun\/komplo-teorileri\/","title":{"rendered":"Komplo Teorileri"},"content":{"rendered":"<p>27 may\u0131s darbesinde Adnan Menderes\u2019in Moskova\u2019ya gitmek istemesi mi yol a\u00e7t\u0131? \u0130mam Hatip okullar\u0131, K\u00f6y Enstit\u00fclerinde bir tepki midir? Orgeneral E\u015fref Bitlis\u2019in u\u00e7a\u011f\u0131 Amerikan jetleri taraf\u0131ndan m\u0131 d\u00fc\u015f\u00fcr\u00fcld\u00fc? AIDS Pentagon\u2019un \u00fcr\u00fcn\u00fc m\u00fc?11 Eyl\u00fcl, ABD h\u00fck\u00fcmeti taraf\u0131ndan daha \u00f6nceden bilinen bir sald\u0131r\u0131 m\u0131yd\u0131?ABD B\u00fcy\u00fckel\u00e7isi Edelman T\u00fcrkiye\u2019yi par\u00e7alamaya m\u0131 geldi?Ortado\u011fu\u2019daki enerji kaynaklar\u0131n\u0131 bar\u0131nd\u0131ran topraklar \u00fczerine oynanan Amerika bir sonraki ad\u0131mda T\u00fcrkiye i\u00e7in ne planl\u0131yor?Komplo teorileri, T\u00fcrkiye\u2019de bilen bilmeyen herkes taraf\u0131ndan s\u0131k\u00e7a kullan\u0131lan kavramlardan birisidir. S\u00f6zl\u00fcklere g\u00f6re \u2018komplo teorisi\u2019 i\u00e7 politika, uluslar aras\u0131 ili\u015fkiler, ekonomi, k\u0131sacas\u0131 ve sosyal sorun ya da olaylar\u0131 ger\u00e7ekte oldu\u011fundan farkl\u0131\/uydurma parametrelerle de\u011fil, a\u00e7\u0131k ya da \u00f6zel kaynaklar\u0131n yay\u0131nlar\u0131nda ortaya konan arg\u00fcmanlar\u0131 kullanarak bir mant\u0131k \u00e7er\u00e7evesinde de\u011ferlendirmektedir. \u2018Komplo teorileri\u2019 asl\u0131nda senaryo yazmakt\u0131r. D\u00fcnyadaki hemen t\u00fcm istihbarat \u00f6rg\u00fctleri ya \u2018komplo\u2019 kurar ya da \u2018komplo teorisi\u2019 yazarlar. \u00dclkemizde de komplo teorisi yazmak \u00f6nemlidir \u00e7\u00fcnk\u00fc bu, beyni bo\u015faltmak, ku\u015fku ve endi\u015feleri payla\u015fmakt\u0131r. Yaz\u0131lacak senaryolar politik akt\u00f6rler ile karar vericilere yol g\u00f6sterici olursa \u2013ki olmal\u0131d\u0131r- bundan t\u00fcm toplum kazan\u00e7l\u0131 \u00e7\u0131kacakt\u0131r. <\/p>\n","protected":false},"excerpt":{"rendered":"<p>27 may\u0131s darbesinde Adnan Menderes\u2019in Moskova\u2019ya gitmek istemesi mi yol a\u00e7t\u0131? \u0130mam Hatip okullar\u0131, K\u00f6y Enstit\u00fclerinde bir tepki midir? Orgeneral E\u015fref Bitlis\u2019in u\u00e7a\u011f\u0131 Amerikan jetleri taraf\u0131ndan<span class=\"excerpt-hellip\"> [\u2026]<\/span><\/p>\n","protected":false},"featured_media":0,"template":"","meta":{"_monsterinsights_skip_tracking":false,"_monsterinsights_sitenote_active":false,"_monsterinsights_sitenote_note":"","_monsterinsights_sitenote_category":0},"product_brand":[],"product_cat":[12346,12337],"product_tag":[],"class_list":{"0":"post-696550","1":"product","2":"type-product","3":"status-publish","5":"product_cat-derin-siyaset-komplo-teorileri","6":"product_cat-politika-siyaset","7":"pa_cilt-ciltsiz","8":"pa_tur-kitap","9":"pa_yayinevi-alfa-yayinlari","10":"pa_yazar-erol-mutercimler","12":"first","13":"instock","14":"sale","15":"shipping-taxable","16":"purchasable","17":"product-type-simple"},"_links":{"self":[{"href":"https:\/\/roveyayinevi.com.tr\/index.php\/wp-json\/wp\/v2\/product\/696550","targetHints":{"allow":["GET"]}}],"collection":[{"href":"https:\/\/roveyayinevi.com.tr\/index.php\/wp-json\/wp\/v2\/product"}],"about":[{"href":"https:\/\/roveyayinevi.com.tr\/index.php\/wp-json\/wp\/v2\/types\/product"}],"wp:attachment":[{"href":"https:\/\/roveyayinevi.com.tr\/index.php\/wp-json\/wp\/v2\/media?parent=696550"}],"wp:term":[{"taxonomy":"product_brand","embeddable":true,"href":"https:\/\/roveyayinevi.com.tr\/index.php\/wp-json\/wp\/v2\/product_brand?post=696550"},{"taxonomy":"product_cat","embeddable":true,"href":"https:\/\/roveyayinevi.com.tr\/index.php\/wp-json\/wp\/v2\/product_cat?post=696550"},{"taxonomy":"product_tag","embeddable":true,"href":"https:\/\/roveyayinevi.com.tr\/index.php\/wp-json\/wp\/v2\/product_tag?post=696550"}],"curies":[{"name":"wp","href":"https:\/\/api.w.org\/{rel}","templated":true}]}}