{"id":696535,"date":"2025-08-27T14:35:22","date_gmt":"2025-08-27T11:35:22","guid":{"rendered":"https:\/\/roveyayinevi.com.tr\/index.php\/urun\/oyunlarla-kavram-egitimi-etkinlik-ornekleri\/"},"modified":"2026-04-16T02:06:22","modified_gmt":"2026-04-15T23:06:22","slug":"oyunlarla-kavram-egitimi-etkinlik-ornekleri","status":"publish","type":"product","link":"https:\/\/roveyayinevi.com.tr\/index.php\/urun\/oyunlarla-kavram-egitimi-etkinlik-ornekleri\/","title":{"rendered":"Oyunlarla Kavram E\u011fitimi Etkinlik \u00d6rnekleri"},"content":{"rendered":"<p>Oyun, insan ya\u015fam\u0131n\u0131n hemen her d\u00f6neminde ge\u00e7erli bir etkinlik olmakla birlikte, \u00f6zellikle ya\u015fam\u0131n ilk y\u0131llar\u0131 olan okul \u00f6ncesi d\u00f6nemde; \u00e7ocu\u011fun \u00e7evresini tan\u0131mas\u0131, duygu ve d\u00fc\u015f\u00fcncelerini, hayallerini bu do\u011frultuda kendisini ifade edebilmesi i\u00e7in en etkili ve uygun &#8220;dil&#8221; olarak kabul edilmektedir. \u00c7ocuklar oyunlar\u0131 arac\u0131l\u0131\u011f\u0131 ile daha kolay ve kal\u0131c\u0131 bir \u015fekilde \u00f6\u011frenirler. Zira oyun s\u0131ras\u0131nda \u00e7ocuklar eylem halindedir, etkinliklere be\u015f duyular\u0131 ile kat\u0131l\u0131rlar. Oyun, \u00e7ocuk i\u00e7in somut bir deneyimdir ve soyut kavramlar\u0131n anla\u015f\u0131lmas\u0131na olanak sa\u011flar. Bu kitap, okul \u00f6ncesi \u00e7a\u011fdaki \u00e7ocuklara temel baz\u0131 kavramlar\u0131 e\u011fitsel oyunlar yoluyla kazand\u0131rmada \u00f6\u011fretmen ve ana-babalara yard\u0131mc\u0131 olmay\u0131 ama\u00e7lamaktad\u0131r. Kitapta, kavramlar\u0131n \u00e7e\u015fitli e\u011fitsel etkinlikler yoluyla \u00e7ocu\u011fa nas\u0131l kazand\u0131r\u0131labilece\u011fine ili\u015fkin \u00f6rnekler sunulmu\u015ftur. Etkinlikte kullan\u0131lan materyaller, uygulama, de\u011ferlendirme a\u015famalar\u0131 ve aile kat\u0131l\u0131m\u0131 ayr\u0131nt\u0131l\u0131 olarak anlat\u0131lm\u0131\u015ft\u0131r. \ufffcTan\u0131t\u0131m Metni<\/p>\n","protected":false},"excerpt":{"rendered":"<p>Oyun, insan ya\u015fam\u0131n\u0131n hemen her d\u00f6neminde ge\u00e7erli bir etkinlik olmakla birlikte, \u00f6zellikle ya\u015fam\u0131n ilk y\u0131llar\u0131 olan okul \u00f6ncesi d\u00f6nemde; \u00e7ocu\u011fun \u00e7evresini tan\u0131mas\u0131, duygu ve d\u00fc\u015f\u00fcncelerini, hayallerini<span class=\"excerpt-hellip\"> [\u2026]<\/span><\/p>\n","protected":false},"featured_media":0,"template":"","meta":{"_monsterinsights_skip_tracking":false,"_monsterinsights_sitenote_active":false,"_monsterinsights_sitenote_note":"","_monsterinsights_sitenote_category":0},"product_brand":[],"product_cat":[12913,12274],"product_tag":[],"class_list":{"0":"post-696535","1":"product","2":"type-product","3":"status-publish","5":"product_cat-3-6-yas-kitaplari","6":"product_cat-cocuk-ve-genclik-kitaplari","7":"pa_cilt-ciltsiz","8":"pa_tur-kitap","9":"pa_yayinevi-ani-yayincilik","10":"pa_yazar-gunseli-girgin","12":"first","13":"instock","14":"sale","15":"shipping-taxable","16":"purchasable","17":"product-type-simple"},"_links":{"self":[{"href":"https:\/\/roveyayinevi.com.tr\/index.php\/wp-json\/wp\/v2\/product\/696535","targetHints":{"allow":["GET"]}}],"collection":[{"href":"https:\/\/roveyayinevi.com.tr\/index.php\/wp-json\/wp\/v2\/product"}],"about":[{"href":"https:\/\/roveyayinevi.com.tr\/index.php\/wp-json\/wp\/v2\/types\/product"}],"wp:attachment":[{"href":"https:\/\/roveyayinevi.com.tr\/index.php\/wp-json\/wp\/v2\/media?parent=696535"}],"wp:term":[{"taxonomy":"product_brand","embeddable":true,"href":"https:\/\/roveyayinevi.com.tr\/index.php\/wp-json\/wp\/v2\/product_brand?post=696535"},{"taxonomy":"product_cat","embeddable":true,"href":"https:\/\/roveyayinevi.com.tr\/index.php\/wp-json\/wp\/v2\/product_cat?post=696535"},{"taxonomy":"product_tag","embeddable":true,"href":"https:\/\/roveyayinevi.com.tr\/index.php\/wp-json\/wp\/v2\/product_tag?post=696535"}],"curies":[{"name":"wp","href":"https:\/\/api.w.org\/{rel}","templated":true}]}}