{"id":696518,"date":"2025-08-27T14:35:18","date_gmt":"2025-08-27T11:35:18","guid":{"rendered":"https:\/\/roveyayinevi.com.tr\/index.php\/urun\/aile-egitimi-ve-erken-cocukluk-egitiminde-aile-katilim-calismalari\/"},"modified":"2026-04-16T02:06:21","modified_gmt":"2026-04-15T23:06:21","slug":"aile-egitimi-ve-erken-cocukluk-egitiminde-aile-katilim-calismalari","status":"publish","type":"product","link":"https:\/\/roveyayinevi.com.tr\/index.php\/urun\/aile-egitimi-ve-erken-cocukluk-egitiminde-aile-katilim-calismalari\/","title":{"rendered":"Aile E\u011fitimi ve Erken \u00c7ocukluk E\u011fitiminde Aile Kat\u0131l\u0131m \u00c7al\u0131\u015fmalar\u0131"},"content":{"rendered":"<p>\u0130nsanlar de\u011fi\u015fik nedenlerle \u00e7ocuk sahibi olmak isterler. Bir\u00e7ok \u00e7ift, \u00e7ocu\u011fu, evlili\u011fi tamamlay\u0131c\u0131 bir unsur olarak g\u00f6r\u00fcr. Ve t\u00fcm \u00e7ocuklar\u0131n ya\u015fam\u0131nda ailenin \u00f6nemli bir yeri vard\u0131r. \u00e7ocuklar, okula ba\u015flay\u0131ncaya kadar temel beceri ve kavramlar\u0131; topluma uyum sa\u011flamalar\u0131na y\u00f6nelik kurallar\u0131 ailelerini model alarak \u00f6\u011frenirler.  Yetersizlikten etkilenen \u00e7ocuklar\u0131n bu beceri, kavram ve uygun davran\u0131\u015flar\u0131 ailelerinden \u00f6\u011frenmelerinde ve okula ba\u015flad\u0131ktan sonra okulda \u00f6\u011frendiklerini okul d\u0131\u015f\u0131na transfer edebilmelerinde, ailelerinin \u00e7ocuklar\u0131n\u0131n davran\u0131\u015f\u0131n\u0131 nas\u0131l denetleyeceklerini; kavram ve becerileri nas\u0131l \u00f6\u011freteceklerini bilmemeleri nedeniyle sorunlar ya\u015fanmaktad\u0131r. Aileler, \u00e7ocuklar\u0131 okula ba\u015flad\u0131ktan sonra da okulda \u00f6\u011frenilenleri ev ve ev d\u0131\u015f\u0131ndaki sosyal \u00e7evreye aktarmada yetersiz kalabilmektedir. Bu kitap ailelerin \u00e7ocuklar\u0131n\u0131 yeti\u015ftirirken ya\u015fad\u0131klar\u0131 t\u00fcm bu \u00e7\u0131kmazlara \u0131\u015f\u0131k tutacakt\u0131r. <\/p>\n","protected":false},"excerpt":{"rendered":"<p>\u0130nsanlar de\u011fi\u015fik nedenlerle \u00e7ocuk sahibi olmak isterler. Bir\u00e7ok \u00e7ift, \u00e7ocu\u011fu, evlili\u011fi tamamlay\u0131c\u0131 bir unsur olarak g\u00f6r\u00fcr. Ve t\u00fcm \u00e7ocuklar\u0131n ya\u015fam\u0131nda ailenin \u00f6nemli bir yeri vard\u0131r. \u00e7ocuklar,<span class=\"excerpt-hellip\"> [\u2026]<\/span><\/p>\n","protected":false},"featured_media":0,"template":"","meta":{"_monsterinsights_skip_tracking":false,"_monsterinsights_sitenote_active":false,"_monsterinsights_sitenote_note":"","_monsterinsights_sitenote_category":0},"product_brand":[],"product_cat":[12831,12324],"product_tag":[],"class_list":{"0":"post-696518","1":"product","2":"type-product","3":"status-publish","5":"product_cat-aile-ve-cocuk","6":"product_cat-sosyoloji","7":"pa_cilt-ciltsiz","8":"pa_tur-kitap","9":"pa_yayinevi-ani-yayincilik","10":"pa_yazar-ayse-b-aksoy","12":"first","13":"instock","14":"sale","15":"shipping-taxable","16":"purchasable","17":"product-type-simple"},"_links":{"self":[{"href":"https:\/\/roveyayinevi.com.tr\/index.php\/wp-json\/wp\/v2\/product\/696518","targetHints":{"allow":["GET"]}}],"collection":[{"href":"https:\/\/roveyayinevi.com.tr\/index.php\/wp-json\/wp\/v2\/product"}],"about":[{"href":"https:\/\/roveyayinevi.com.tr\/index.php\/wp-json\/wp\/v2\/types\/product"}],"wp:attachment":[{"href":"https:\/\/roveyayinevi.com.tr\/index.php\/wp-json\/wp\/v2\/media?parent=696518"}],"wp:term":[{"taxonomy":"product_brand","embeddable":true,"href":"https:\/\/roveyayinevi.com.tr\/index.php\/wp-json\/wp\/v2\/product_brand?post=696518"},{"taxonomy":"product_cat","embeddable":true,"href":"https:\/\/roveyayinevi.com.tr\/index.php\/wp-json\/wp\/v2\/product_cat?post=696518"},{"taxonomy":"product_tag","embeddable":true,"href":"https:\/\/roveyayinevi.com.tr\/index.php\/wp-json\/wp\/v2\/product_tag?post=696518"}],"curies":[{"name":"wp","href":"https:\/\/api.w.org\/{rel}","templated":true}]}}