{"id":696517,"date":"2025-08-27T14:35:18","date_gmt":"2025-08-27T11:35:18","guid":{"rendered":"https:\/\/roveyayinevi.com.tr\/index.php\/urun\/edebiyat-ve-psikoloji\/"},"modified":"2026-04-16T02:06:21","modified_gmt":"2026-04-15T23:06:21","slug":"edebiyat-ve-psikoloji","status":"publish","type":"product","link":"https:\/\/roveyayinevi.com.tr\/index.php\/urun\/edebiyat-ve-psikoloji\/","title":{"rendered":"Edebiyat ve Psikoloji"},"content":{"rendered":"<p>\u0130nsan bedeniyle ruhu aras\u0131ndaki ili\u015fkiyi, \u00e7eli\u015fki ve a\u00e7mazlar\u0131 edebiyat ve psikoloji kadar irdeleyen, onu bir tak\u0131m kurallara dayand\u0131rma gayreti g\u00fcden, insan ruhunun gizemli taraflar\u0131n\u0131, bilin\u00e7 d\u0131\u015f\u0131 alanlar\u0131n\u0131 uzun ve ayr\u0131nt\u0131l\u0131 yolculuklarla tan\u0131maya, karanl\u0131k noktalara \u0131\u015f\u0131k tutmaya \u00e7al\u0131\u015fan \u00fc\u00e7\u00fcnc\u00fc bir u\u011fra\u015f alan\u0131 yoktur. \u00dcstelik, yakla\u015f\u0131k y\u00fcz y\u0131ld\u0131r her iki alanda da  sanat ve bilim olmak aras\u0131nda gidip gelirken . Tuhaf olanda birbirine bu kadar benzeyen iki \u00e7al\u0131\u015fma alan\u0131 aras\u0131ndaki k\u00f6rler ve sa\u011f\u0131rlar diyalogunun ya\u015fanmaya devam etmesidir. \u0130\u015fte elinizdeki \u00e7al\u0131\u015fma gerek sanat olu\u015flar\u0131 gerekse bilim \u00e7evrelerine uzun s\u00fcre kabullenmeyi\u015fleri bak\u0131m\u0131ndan ayn\u0131 kaderi payla\u015fan edebiyat ve psikoloji bilimleri aras\u0131ndaki belirgin benzerlikleri bir kez daha tart\u0131\u015fmaya a\u00e7arak sadece terminolojik d\u00fczeyde kalan  edebiyat psikolojisi  ara alan\u0131n\u0131 biraz daha g\u00fc\u00e7lendirmeye d\u00f6n\u00fck bir \u00e7aban\u0131n \u00fcr\u00fcn\u00fcd\u00fcr. Her iki disiplinin de hem sanat hem bilim olu\u015flar\u0131 bak\u0131m\u0131ndan g\u00f6zden ge\u00e7irilerek ve di\u011ferinden yararlanabilecekleri bakir alanlar\u0131n\u0131 sa\u011flamay\u0131 ama\u00e7lamaktad\u0131r. <\/p>\n","protected":false},"excerpt":{"rendered":"<p>\u0130nsan bedeniyle ruhu aras\u0131ndaki ili\u015fkiyi, \u00e7eli\u015fki ve a\u00e7mazlar\u0131 edebiyat ve psikoloji kadar irdeleyen, onu bir tak\u0131m kurallara dayand\u0131rma gayreti g\u00fcden, insan ruhunun gizemli taraflar\u0131n\u0131, bilin\u00e7 d\u0131\u015f\u0131<span class=\"excerpt-hellip\"> [\u2026]<\/span><\/p>\n","protected":false},"featured_media":0,"template":"","meta":{"_monsterinsights_skip_tracking":false,"_monsterinsights_sitenote_active":false,"_monsterinsights_sitenote_note":"","_monsterinsights_sitenote_category":0},"product_brand":[],"product_cat":[12777,12291],"product_tag":[],"class_list":{"0":"post-696517","1":"product","2":"type-product","3":"status-publish","5":"product_cat-deneme","6":"product_cat-edebiyat","7":"pa_cilt-ciltsiz","8":"pa_tur-kitap","9":"pa_yayinevi-ani-yayincilik","10":"pa_yazar-ismet-emre","12":"first","13":"instock","14":"sale","15":"shipping-taxable","16":"purchasable","17":"product-type-simple"},"_links":{"self":[{"href":"https:\/\/roveyayinevi.com.tr\/index.php\/wp-json\/wp\/v2\/product\/696517","targetHints":{"allow":["GET"]}}],"collection":[{"href":"https:\/\/roveyayinevi.com.tr\/index.php\/wp-json\/wp\/v2\/product"}],"about":[{"href":"https:\/\/roveyayinevi.com.tr\/index.php\/wp-json\/wp\/v2\/types\/product"}],"wp:attachment":[{"href":"https:\/\/roveyayinevi.com.tr\/index.php\/wp-json\/wp\/v2\/media?parent=696517"}],"wp:term":[{"taxonomy":"product_brand","embeddable":true,"href":"https:\/\/roveyayinevi.com.tr\/index.php\/wp-json\/wp\/v2\/product_brand?post=696517"},{"taxonomy":"product_cat","embeddable":true,"href":"https:\/\/roveyayinevi.com.tr\/index.php\/wp-json\/wp\/v2\/product_cat?post=696517"},{"taxonomy":"product_tag","embeddable":true,"href":"https:\/\/roveyayinevi.com.tr\/index.php\/wp-json\/wp\/v2\/product_tag?post=696517"}],"curies":[{"name":"wp","href":"https:\/\/api.w.org\/{rel}","templated":true}]}}