{"id":696508,"date":"2025-08-27T14:35:16","date_gmt":"2025-08-27T11:35:16","guid":{"rendered":"https:\/\/roveyayinevi.com.tr\/index.php\/urun\/kemik-torbasi\/"},"modified":"2026-04-16T02:06:21","modified_gmt":"2026-04-15T23:06:21","slug":"kemik-torbasi","status":"publish","type":"product","link":"https:\/\/roveyayinevi.com.tr\/index.php\/urun\/kemik-torbasi\/","title":{"rendered":"Kemik Torbas\u0131"},"content":{"rendered":"<p>\u00dcnl\u00fc bir yazar olan Michael Noonan kar\u0131s\u0131n\u0131n ani \u00f6l\u00fcm\u00fcyle adeta hayata k\u00fcser. Ne yapt\u0131\u011f\u0131 i\u015fe, ne de \u00e7evresine kar\u015f\u0131 bir iste\u011fi kalmam\u0131\u015ft\u0131r. T\u00fcm bunlar\u0131nn yan\u0131nda ya\u015fad\u0131\u011f\u0131 yaln\u0131zl\u0131k duygusu beraberinde bunal\u0131mlar\u0131 ve kabuslar\u0131 getirir. Her gece Sara Laughs ad\u0131n\u0131 verdikleri yazl\u0131k evlerini r\u00fcyalar\u0131nda g\u00f6r\u00fcr. Kar\u015f\u0131 koyamaz ve gider. Art\u0131k yeni bir hayata uyanaca\u011f\u0131n\u0131 d\u00fc\u015f\u00fcnmektedir.Ne var ki hi\u00e7bir \u015fey g\u00f6r\u00fcnd\u00fc\u011f\u00fc gibi de\u011fildir. O lanetli evde, kabuslar\u0131n\u0131n birer ger\u00e7ek oldu\u011funu anlamas\u0131 uzun s\u00fcrmez. Buras\u0131, d\u00fcnyan\u0131n bu cennet k\u00f6\u015fesi, asl\u0131nda hayal ve ger\u00e7e\u011fin birbirinden ayr\u0131lamad\u0131\u011f\u0131 bir cehennemdir.<\/p>\n","protected":false},"excerpt":{"rendered":"<p>\u00dcnl\u00fc bir yazar olan Michael Noonan kar\u0131s\u0131n\u0131n ani \u00f6l\u00fcm\u00fcyle adeta hayata k\u00fcser. Ne yapt\u0131\u011f\u0131 i\u015fe, ne de \u00e7evresine kar\u015f\u0131 bir iste\u011fi kalmam\u0131\u015ft\u0131r. T\u00fcm bunlar\u0131nn yan\u0131nda ya\u015fad\u0131\u011f\u0131<span class=\"excerpt-hellip\"> [\u2026]<\/span><\/p>\n","protected":false},"featured_media":0,"template":"","meta":{"_monsterinsights_skip_tracking":false,"_monsterinsights_sitenote_active":false,"_monsterinsights_sitenote_note":"","_monsterinsights_sitenote_category":0},"product_brand":[],"product_cat":[12803,12291],"product_tag":[],"class_list":{"0":"post-696508","1":"product","2":"type-product","3":"status-publish","5":"product_cat-aksiyon-macera","6":"product_cat-edebiyat","7":"pa_cilt-ciltsiz","8":"pa_tur-kitap","9":"pa_yayinevi-altin-kitaplar","10":"pa_yazar-stephen-king","12":"first","13":"instock","14":"sale","15":"shipping-taxable","16":"purchasable","17":"product-type-simple"},"_links":{"self":[{"href":"https:\/\/roveyayinevi.com.tr\/index.php\/wp-json\/wp\/v2\/product\/696508","targetHints":{"allow":["GET"]}}],"collection":[{"href":"https:\/\/roveyayinevi.com.tr\/index.php\/wp-json\/wp\/v2\/product"}],"about":[{"href":"https:\/\/roveyayinevi.com.tr\/index.php\/wp-json\/wp\/v2\/types\/product"}],"wp:attachment":[{"href":"https:\/\/roveyayinevi.com.tr\/index.php\/wp-json\/wp\/v2\/media?parent=696508"}],"wp:term":[{"taxonomy":"product_brand","embeddable":true,"href":"https:\/\/roveyayinevi.com.tr\/index.php\/wp-json\/wp\/v2\/product_brand?post=696508"},{"taxonomy":"product_cat","embeddable":true,"href":"https:\/\/roveyayinevi.com.tr\/index.php\/wp-json\/wp\/v2\/product_cat?post=696508"},{"taxonomy":"product_tag","embeddable":true,"href":"https:\/\/roveyayinevi.com.tr\/index.php\/wp-json\/wp\/v2\/product_tag?post=696508"}],"curies":[{"name":"wp","href":"https:\/\/api.w.org\/{rel}","templated":true}]}}