{"id":696493,"date":"2025-08-27T14:35:12","date_gmt":"2025-08-27T11:35:12","guid":{"rendered":"https:\/\/roveyayinevi.com.tr\/index.php\/urun\/varis-cizgisi\/"},"modified":"2026-04-16T02:06:21","modified_gmt":"2026-04-15T23:06:21","slug":"varis-cizgisi","status":"publish","type":"product","link":"https:\/\/roveyayinevi.com.tr\/index.php\/urun\/varis-cizgisi\/","title":{"rendered":"Var\u0131\u015f \u00c7izgisi"},"content":{"rendered":"<p>Ba\u015flama \u00e7izgisinde yerini almadan \u00f6nce, Leo&#8217;ya yeniden bir bak\u0131\u015f att\u0131, \u00e7\u00fcnk\u00fc Viola i\u00e7in en \u00f6nemli yar\u0131\u015f oydu.Babas\u0131 taraf\u0131ndan k\u00fc\u00e7\u00fckl\u00fc\u011f\u00fcnden beri futbol oynamaya y\u00f6nlendirilen Leo, b\u00fcy\u00fck bir tak\u0131ma girebilmesi i\u00e7in yap\u0131lacak olan se\u00e7melerden sonra bir motosiklet kazas\u0131 ge\u00e7irir ve belden a\u015fa\u011f\u0131s\u0131 fel\u00e7 olur. Leo art\u0131k babas\u0131n\u0131n g\u00f6z\u00fcnde hi\u00e7 de\u011feri olmad\u0131\u011f\u0131n\u0131, annesinin ise y\u0131k\u0131ld\u0131\u011f\u0131n\u0131 hisseder. Antren\u00f6r\u00fcn\u00fcn ve arkada\u015flar\u0131n\u0131n g\u00f6sterdi\u011fi yak\u0131nl\u0131\u011f\u0131 reddeder.Onun yan\u0131nda olmak i\u00e7in inat eden tek ki\u015fi Viola&#8217;d\u0131r; engelli ko\u015fu \u015fampiyonu olmak isteyen s\u0131n\u0131f arkada\u015f\u0131&#8230; \u0130kisi i\u00e7in de hi\u00e7bir \u015fey kolay de\u011fildir. Leo her \u015feye ba\u015ftan ba\u015flamak, g\u00fcnden g\u00fcne yaln\u0131zca yeteneklerinin, insani zenginli\u011finin ve duyarl\u0131l\u0131\u011f\u0131n\u0131n \u00f6nem ta\u015f\u0131d\u0131\u011f\u0131 yeni bir hayat in\u015fa etmek zorundad\u0131r.\u00d6n\u00fcndeki var\u0131\u015f \u00e7izgisi, kazan\u0131lmas\u0131 zor olan iddia ise d\u00fcnya \u00fczerindeki g\u00f6r\u00fcn\u00fcr ve g\u00fc\u00e7l\u00fc varl\u0131\u011f\u0131n\u0131 ispat edecek olan co\u015fkuyu yeniden kazanmakt\u0131r.<\/p>\n","protected":false},"excerpt":{"rendered":"<p>Ba\u015flama \u00e7izgisinde yerini almadan \u00f6nce, Leo&#8217;ya yeniden bir bak\u0131\u015f att\u0131, \u00e7\u00fcnk\u00fc Viola i\u00e7in en \u00f6nemli yar\u0131\u015f oydu.Babas\u0131 taraf\u0131ndan k\u00fc\u00e7\u00fckl\u00fc\u011f\u00fcnden beri futbol oynamaya y\u00f6nlendirilen Leo, b\u00fcy\u00fck bir<span class=\"excerpt-hellip\"> [\u2026]<\/span><\/p>\n","protected":false},"featured_media":0,"template":"","meta":{"_monsterinsights_skip_tracking":false,"_monsterinsights_sitenote_active":false,"_monsterinsights_sitenote_note":"","_monsterinsights_sitenote_category":0},"product_brand":[],"product_cat":[12291,14218],"product_tag":[],"class_list":{"0":"post-696493","1":"product","2":"type-product","3":"status-publish","5":"product_cat-edebiyat","6":"product_cat-italyan-edebiyati","7":"pa_cilt-ciltsiz","8":"pa_tur-kitap","9":"pa_yayinevi-altin-kitaplar-ozel-urun","10":"pa_yazar-paola-zannoner","12":"first","13":"instock","14":"sale","15":"shipping-taxable","16":"purchasable","17":"product-type-simple"},"_links":{"self":[{"href":"https:\/\/roveyayinevi.com.tr\/index.php\/wp-json\/wp\/v2\/product\/696493","targetHints":{"allow":["GET"]}}],"collection":[{"href":"https:\/\/roveyayinevi.com.tr\/index.php\/wp-json\/wp\/v2\/product"}],"about":[{"href":"https:\/\/roveyayinevi.com.tr\/index.php\/wp-json\/wp\/v2\/types\/product"}],"wp:attachment":[{"href":"https:\/\/roveyayinevi.com.tr\/index.php\/wp-json\/wp\/v2\/media?parent=696493"}],"wp:term":[{"taxonomy":"product_brand","embeddable":true,"href":"https:\/\/roveyayinevi.com.tr\/index.php\/wp-json\/wp\/v2\/product_brand?post=696493"},{"taxonomy":"product_cat","embeddable":true,"href":"https:\/\/roveyayinevi.com.tr\/index.php\/wp-json\/wp\/v2\/product_cat?post=696493"},{"taxonomy":"product_tag","embeddable":true,"href":"https:\/\/roveyayinevi.com.tr\/index.php\/wp-json\/wp\/v2\/product_tag?post=696493"}],"curies":[{"name":"wp","href":"https:\/\/api.w.org\/{rel}","templated":true}]}}