{"id":696492,"date":"2025-08-27T14:35:12","date_gmt":"2025-08-27T11:35:12","guid":{"rendered":"https:\/\/roveyayinevi.com.tr\/index.php\/urun\/su-cilgin-turkler\/"},"modified":"2026-04-16T02:06:21","modified_gmt":"2026-04-15T23:06:21","slug":"su-cilgin-turkler","status":"publish","type":"product","link":"https:\/\/roveyayinevi.com.tr\/index.php\/urun\/su-cilgin-turkler\/","title":{"rendered":"\u015eu \u00c7\u0131lg\u0131n T\u00fcrkler"},"content":{"rendered":"<p>80 y\u0131ld\u0131r beklenen kitapD\u00fcnyadaki en me\u015fru, en ahlakl\u0131, en hakl\u0131, en kutsal sava\u015flardan birinin, emperyalizme kar\u015f\u0131 verilmi\u015f ve kazan\u0131lm\u0131\u015f ilk kurtulu\u015f sava\u015f\u0131n\u0131n, bir millile\u015fme ihtilalinin roman\u0131, \u015fa\u015f\u0131rt\u0131c\u0131 bir yak\u0131n zaman destan\u0131&#8230;T\u00fcm yeni nesillere e\u015fi olmayan bir arma\u011fan.&#8221;&#8230;\u00d6zakman&#8217;\u0131 kitab\u0131 tarihsel bir ger\u00e7e\u011fin g\u00fczelim bir T\u00fcrk\u00e7eyle roman diline d\u00f6n\u00fc\u015ft\u00fcr\u00fclmesidir. K\u0131rk y\u0131ll\u0131k \u00f6zel \u00e7abayla saydamla\u015ft\u0131ran \u00f6zg\u00fcn tarihimizin anlamam\u0131z\u0131 yeniden ve bu vakitte i\u00e7imize sindirmek, bize ve yeni ku\u015faklara her zamankinden daha \u00e7ok gerekli. Bu kitab\u0131 okuyun, \u00e7ocuklar\u0131n\u0131za okutun, dostlar\u0131n\u0131za arma\u011fan edin.- \u0130lhan Sel\u00e7uk, Cumhuriyet&#8221;\u015eu \u00c7\u0131lgun T\u00fcrkler&#8217;i okuyun &#8216;\u00e7\u0131lg\u0131n&#8217; babalar\u0131n\u0131zla, dedelerinizle onur duyun.&#8221;- Hasan Pulur, Milliyet&#8221;Hi\u00e7 688 sayfa boyunca g\u00f6zlerinizin s\u00fcrekli doldu\u011fu oldu mu? Hi\u00e7, bir kitap ac\u0131y\u0131, kederi, gururu ve zaferi ak\u0131l almaz med-cezirler aras\u0131nda adeta ya\u015fad\u0131\u011f\u0131n\u0131z oldu mu?&#8230; Hi\u00e7, h\u0131\u00e7k\u0131r\u0131klar\u0131n\u0131zdan \u00f6v\u00fcn\u00e7 duydu\u011funuz oldu mu?&#8230; Benim oldu. Elleri \u00f6p\u00fclesi Turgut \u00d6zakman&#8217;\u0131n &#8216;\u015eu \u00c7\u0131lg\u0131n T\u00fcrkler&#8217; kitab\u0131n\u0131 okurken.&#8221;&#8221;An be an, g\u00fcn be g\u00fcn bir kurtulu\u015fun, yeniden varolu\u015fun \u00e7o\u015fkusunu soluk solu\u011fa \u015eu \u00c7\u0131lg\u0131n T\u00fcrkler&#8217;de ya\u015fayacaks\u0131n\u0131z.&#8221;- Do\u011fan H\u0131zlan, H\u00fcrriyet&#8221;&#8230;Bu kitab\u0131 okurken. kendi babamdan ve amcamdan, ailemden hep duydu\u011fum olaylar\u0131 ya\u015fad\u0131m. Bunu ancak \u00e7\u0131lg\u0131n Turgut yazabilirdi. Ancak do\u011frusu, haset duymad\u0131m desem yalan olur; b\u00f6yle bir \u015faheseri kendim yazamad\u0131\u011f\u0131m i\u00e7in!&#8221;Altemur K\u0131l\u0131\u00e7, Ortado\u011fu&#8221;\u015eu \u00c7\u0131lg\u0131n T\u00fcrkler&#8217;i bu yaz mutlaka okuyun&#8230; Okutun&#8230; Hatta &#8216;\u00e7\u0131lg\u0131n t\u00fcrkler&#8217; kurslar\u0131 a\u00e7\u0131p gen\u00e7lere Kurtulu\u015f Sava\u015f\u0131&#8217;n\u0131 \u00f6\u011fretin&#8230; Mutlaka!&#8221;<\/p>\n","protected":false},"excerpt":{"rendered":"<p>80 y\u0131ld\u0131r beklenen kitapD\u00fcnyadaki en me\u015fru, en ahlakl\u0131, en hakl\u0131, en kutsal sava\u015flardan birinin, emperyalizme kar\u015f\u0131 verilmi\u015f ve kazan\u0131lm\u0131\u015f ilk kurtulu\u015f sava\u015f\u0131n\u0131n, bir millile\u015fme ihtilalinin roman\u0131,<span class=\"excerpt-hellip\"> [\u2026]<\/span><\/p>\n","protected":false},"featured_media":0,"template":"","meta":{"_monsterinsights_skip_tracking":false,"_monsterinsights_sitenote_active":false,"_monsterinsights_sitenote_note":"","_monsterinsights_sitenote_category":0},"product_brand":[],"product_cat":[12304,13493],"product_tag":[],"class_list":{"0":"post-696492","1":"product","2":"type-product","3":"status-publish","5":"product_cat-tarih","6":"product_cat-turkiye-ve-cumhuriyet-tarihi","7":"pa_cilt-ciltsiz","8":"pa_tur-kitap","9":"pa_yayinevi-bilgi-yayinevi","10":"pa_yazar-turgut-ozakman","12":"first","13":"instock","14":"sale","15":"shipping-taxable","16":"purchasable","17":"product-type-simple"},"_links":{"self":[{"href":"https:\/\/roveyayinevi.com.tr\/index.php\/wp-json\/wp\/v2\/product\/696492","targetHints":{"allow":["GET"]}}],"collection":[{"href":"https:\/\/roveyayinevi.com.tr\/index.php\/wp-json\/wp\/v2\/product"}],"about":[{"href":"https:\/\/roveyayinevi.com.tr\/index.php\/wp-json\/wp\/v2\/types\/product"}],"wp:attachment":[{"href":"https:\/\/roveyayinevi.com.tr\/index.php\/wp-json\/wp\/v2\/media?parent=696492"}],"wp:term":[{"taxonomy":"product_brand","embeddable":true,"href":"https:\/\/roveyayinevi.com.tr\/index.php\/wp-json\/wp\/v2\/product_brand?post=696492"},{"taxonomy":"product_cat","embeddable":true,"href":"https:\/\/roveyayinevi.com.tr\/index.php\/wp-json\/wp\/v2\/product_cat?post=696492"},{"taxonomy":"product_tag","embeddable":true,"href":"https:\/\/roveyayinevi.com.tr\/index.php\/wp-json\/wp\/v2\/product_tag?post=696492"}],"curies":[{"name":"wp","href":"https:\/\/api.w.org\/{rel}","templated":true}]}}