{"id":696479,"date":"2025-08-27T14:35:09","date_gmt":"2025-08-27T11:35:09","guid":{"rendered":"https:\/\/roveyayinevi.com.tr\/index.php\/urun\/insan-isterse-1-azmin-zaferi-oykuleri\/"},"modified":"2025-12-30T09:45:45","modified_gmt":"2025-12-30T06:45:45","slug":"insan-isterse-1-azmin-zaferi-oykuleri","status":"publish","type":"product","link":"https:\/\/roveyayinevi.com.tr\/index.php\/urun\/insan-isterse-1-azmin-zaferi-oykuleri\/","title":{"rendered":"\u0130nsan \u0130sterse 1 Azmin Zaferi \u00d6yk\u00fcleri"},"content":{"rendered":"<p>Harikulade \u015feyler, i\u00e7lerindeki bir \u015feyin, ko\u015fullar\u0131n \u00fczerinde oldu\u011funa inanma cesaretini g\u00f6sterenler taraf\u0131ndan yap\u0131lm\u0131\u015ft\u0131r. Bruce Barton\u0130nsan \u0130sterse\u2019de ilham veren insan \u00f6yk\u00fcleri anlat\u0131l\u0131yor. S\u0131f\u0131rdan zirveye b\u00fcy\u00fck engelleri a\u015farak gelmi\u015f insanlara da, s\u0131radan biri olarak ya\u015farken s\u0131ra d\u0131\u015f\u0131 bir i\u015f ba\u015farm\u0131\u015f ki\u015filere de yer veriyor. Bu say\u0131da kimler var?Ge\u00e7irdi\u011fi \u00e7ocuk felci nedeniyle iki baca\u011f\u0131n\u0131 kaybetti. \u0130lk c\u00fcmlesini 7 ya\u015f\u0131nda kurmaya ba\u015flad\u0131. Bir g\u00fcn kendisiyle y\u00fczle\u015fti ve bir ba\u015far\u0131 yemini etti. &#8220;Topal Seyfettin\u201din engelli hayat ko\u015fusu&#8230;Tek istedi\u011fi senarist olmakt\u0131 ama kendini kabul ettiremedi. Yap\u0131mc\u0131 oldu. Yine kabul edilmedi. Evdeki \u00e7atal b\u0131\u00e7ak ve masa \u00f6rt\u00fcs\u00fcn\u00fc kullanarak bir dizi \u00e7ekti. Sonra ne mi oldu?\u00dcniversiteye haz\u0131rlan\u0131yordu. G\u00f6rme \u00f6z\u00fcrl\u00fcyd\u00fc. Rakipleri interaktif CD\u2019lerle haz\u0131rlan\u0131yorken, o kitap bile bulam\u0131yordu. Bir baba ile o\u011flunun etkileyici ba\u015far\u0131 hikayesi\u2026Bir ma\u011fazada m\u00fc\u015fteri temsilcisiydi. Tek istedi\u011fi \u015fark\u0131 s\u00f6ylemekti. Sezen Aksu\u2019yu 6 ay boyunca arad\u0131, ula\u015famad\u0131. Bunun \u00fczerine bir plan yapt\u0131. Bu sanat\u00e7\u0131 kimdi ve hayalini nas\u0131l ger\u00e7ekle\u015ftirdi?Liseden sonra okumas\u0131na izin verilmedi. S\u00fcrekli g\u00fczel k\u0131z karde\u015fiyle k\u0131yasland\u0131. Bir g\u00fcn \u00e7ok a\u015fa\u011f\u0131land\u0131\u011f\u0131nda kalkt\u0131 ve dedi ki, \u2018Ben az \u00f6nce bir yemin ettim. Bir g\u00fcn, hi\u00e7 kimsenin olmad\u0131\u011f\u0131 bir yerde olaca\u011f\u0131m.\u2019 Sonra kim mi oldu?Okul hayat\u0131n\u0131 ilk okulda noktalay\u0131p, hayat okulunda ba\u015far\u0131yla y\u00fckselen, bug\u00fcn 50\u2019yi a\u015fk\u0131n \u015firketle 108 farkl\u0131 \u00fclkeye mal satan bir i\u015fadam\u0131n\u0131n zirveye  \u201czorlu\u201d \u00e7\u0131k\u0131\u015f \u00f6yk\u00fcs\u00fc\u2026\u0130stanbul\u2019a geldi\u011finde bir arkada\u015f\u0131na ait bir oda bir salonu olan bir evde kal\u0131yordu. \u00dc\u00e7 y\u0131l i\u00e7inde gayrimenkul sekt\u00f6r\u00fcndeki ba\u015far\u0131lar\u0131yla ABD\u2019de \u00f6d\u00fcl  ald\u0131. Bir giri\u015fimcinin \u0130stanbul\u2019u yenme \u00f6yk\u00fcs\u00fc\u2026 <\/p>\n","protected":false},"excerpt":{"rendered":"<p>Harikulade \u015feyler, i\u00e7lerindeki bir \u015feyin, ko\u015fullar\u0131n \u00fczerinde oldu\u011funa inanma cesaretini g\u00f6sterenler taraf\u0131ndan yap\u0131lm\u0131\u015ft\u0131r. Bruce Barton\u0130nsan \u0130sterse\u2019de ilham veren insan \u00f6yk\u00fcleri anlat\u0131l\u0131yor. S\u0131f\u0131rdan zirveye b\u00fcy\u00fck engelleri a\u015farak<span class=\"excerpt-hellip\"> [\u2026]<\/span><\/p>\n","protected":false},"featured_media":0,"template":"","meta":{"_monsterinsights_skip_tracking":false,"_monsterinsights_sitenote_active":false,"_monsterinsights_sitenote_note":"","_monsterinsights_sitenote_category":0},"product_brand":[],"product_cat":[12364,12376],"product_tag":[],"class_list":{"0":"post-696479","1":"product","2":"type-product","3":"status-publish","5":"product_cat-genel-konular","6":"product_cat-kisisel-gelisim","7":"pa_cilt-ciltsiz","8":"pa_tur-kitap","9":"pa_yayinevi-alfa-yayinlari","10":"pa_yazar-mumin-sekman","12":"first","13":"instock","14":"sale","15":"shipping-taxable","16":"purchasable","17":"product-type-simple"},"_links":{"self":[{"href":"https:\/\/roveyayinevi.com.tr\/index.php\/wp-json\/wp\/v2\/product\/696479","targetHints":{"allow":["GET"]}}],"collection":[{"href":"https:\/\/roveyayinevi.com.tr\/index.php\/wp-json\/wp\/v2\/product"}],"about":[{"href":"https:\/\/roveyayinevi.com.tr\/index.php\/wp-json\/wp\/v2\/types\/product"}],"wp:attachment":[{"href":"https:\/\/roveyayinevi.com.tr\/index.php\/wp-json\/wp\/v2\/media?parent=696479"}],"wp:term":[{"taxonomy":"product_brand","embeddable":true,"href":"https:\/\/roveyayinevi.com.tr\/index.php\/wp-json\/wp\/v2\/product_brand?post=696479"},{"taxonomy":"product_cat","embeddable":true,"href":"https:\/\/roveyayinevi.com.tr\/index.php\/wp-json\/wp\/v2\/product_cat?post=696479"},{"taxonomy":"product_tag","embeddable":true,"href":"https:\/\/roveyayinevi.com.tr\/index.php\/wp-json\/wp\/v2\/product_tag?post=696479"}],"curies":[{"name":"wp","href":"https:\/\/api.w.org\/{rel}","templated":true}]}}