{"id":696457,"date":"2025-08-27T14:35:03","date_gmt":"2025-08-27T11:35:03","guid":{"rendered":"https:\/\/roveyayinevi.com.tr\/index.php\/urun\/surpriz-bilmece-gunu\/"},"modified":"2026-04-16T02:06:20","modified_gmt":"2026-04-15T23:06:20","slug":"surpriz-bilmece-gunu","status":"publish","type":"product","link":"https:\/\/roveyayinevi.com.tr\/index.php\/urun\/surpriz-bilmece-gunu\/","title":{"rendered":"S\u00fcrpriz Bilmece G\u00fcn\u00fc"},"content":{"rendered":"<p>Baz\u0131 hazineler sand\u0131\u011f\u0131n\u0131z kadar gizli bir yerde sakl\u0131 olmayabilir. Zeynep ve Bartu\u2019nun do\u011fum g\u00fcnlerinde anneleri onlara s\u00fcrpriz bilmeceler haz\u0131rlard\u0131. O g\u00fcn kimin do\u011fum g\u00fcn\u00fcyse ilk bilmece onun yast\u0131\u011f\u0131n\u0131n alt\u0131nda olurdu. Bir bilmeceyi di\u011feri izlerdi. B\u00fct\u00fcn bilmecelerin cevab\u0131 bulundu\u011funda ise \u201chazine\u201d denen b\u00fcy\u00fck s\u00fcrpriz onlar\u0131 beklerdi. Acaba Zeynep ve Bartu bilmeceleri \u00e7\u00f6z\u00fcp hazineye ula\u015fabilecekler mi? Bu arada, hazineye sizi de ortak ediyorlar. Haydi ba\u015flayal\u0131m!<\/p>\n","protected":false},"excerpt":{"rendered":"<p>Baz\u0131 hazineler sand\u0131\u011f\u0131n\u0131z kadar gizli bir yerde sakl\u0131 olmayabilir. Zeynep ve Bartu\u2019nun do\u011fum g\u00fcnlerinde anneleri onlara s\u00fcrpriz bilmeceler haz\u0131rlard\u0131. O g\u00fcn kimin do\u011fum g\u00fcn\u00fcyse ilk bilmece<span class=\"excerpt-hellip\"> [\u2026]<\/span><\/p>\n","protected":false},"featured_media":0,"template":"","meta":{"_monsterinsights_skip_tracking":false,"_monsterinsights_sitenote_active":false,"_monsterinsights_sitenote_note":"","_monsterinsights_sitenote_category":0},"product_brand":[],"product_cat":[12275,12274],"product_tag":[],"class_list":{"0":"post-696457","1":"product","2":"type-product","3":"status-publish","5":"product_cat-6-12-yas-kitaplari","6":"product_cat-cocuk-ve-genclik-kitaplari","7":"pa_cilt-ciltsiz","8":"pa_tur-kitap","9":"pa_yayinevi-elma-cocuk","10":"pa_yazar-basak-eralp-gur","12":"first","13":"instock","14":"sale","15":"shipping-taxable","16":"purchasable","17":"product-type-simple"},"_links":{"self":[{"href":"https:\/\/roveyayinevi.com.tr\/index.php\/wp-json\/wp\/v2\/product\/696457","targetHints":{"allow":["GET"]}}],"collection":[{"href":"https:\/\/roveyayinevi.com.tr\/index.php\/wp-json\/wp\/v2\/product"}],"about":[{"href":"https:\/\/roveyayinevi.com.tr\/index.php\/wp-json\/wp\/v2\/types\/product"}],"wp:attachment":[{"href":"https:\/\/roveyayinevi.com.tr\/index.php\/wp-json\/wp\/v2\/media?parent=696457"}],"wp:term":[{"taxonomy":"product_brand","embeddable":true,"href":"https:\/\/roveyayinevi.com.tr\/index.php\/wp-json\/wp\/v2\/product_brand?post=696457"},{"taxonomy":"product_cat","embeddable":true,"href":"https:\/\/roveyayinevi.com.tr\/index.php\/wp-json\/wp\/v2\/product_cat?post=696457"},{"taxonomy":"product_tag","embeddable":true,"href":"https:\/\/roveyayinevi.com.tr\/index.php\/wp-json\/wp\/v2\/product_tag?post=696457"}],"curies":[{"name":"wp","href":"https:\/\/api.w.org\/{rel}","templated":true}]}}