{"id":696445,"date":"2025-08-27T14:35:00","date_gmt":"2025-08-27T11:35:00","guid":{"rendered":"https:\/\/roveyayinevi.com.tr\/index.php\/urun\/ruhsal-psikoloji-on-iki-temel-yasam-dersi\/"},"modified":"2026-04-16T02:06:20","modified_gmt":"2026-04-15T23:06:20","slug":"ruhsal-psikoloji-on-iki-temel-yasam-dersi","status":"publish","type":"product","link":"https:\/\/roveyayinevi.com.tr\/index.php\/urun\/ruhsal-psikoloji-on-iki-temel-yasam-dersi\/","title":{"rendered":"Ruhsal Psikoloji On \u0130ki Temel Ya\u015fam Dersi"},"content":{"rendered":"<p>Bir insan\u0131n, hayal edilebilecek her avantaja sahip olarak b\u00fcy\u00fcd\u00fc\u011f\u00fc halde, neden hayattaki en basit \u015feylerin bile \u00fcstesinden gelemedi\u011fini hi\u00e7 merak ettiniz mi? Son derece zeki oldu\u011fu halde, ayn\u0131 hatalar\u0131 tekrarlay\u0131p duran birisini hi\u00e7 tan\u0131d\u0131n\u0131z m\u0131? Ancak insan deneyimini bir ruhun tekam\u00fcl s\u00fcreci olarak g\u00f6rmeye ba\u015flad\u0131\u011f\u0131m\u0131zda, ya\u015famlar\u0131m\u0131z\u0131 y\u00f6neten t\u00fcm bu garip kuvvetleri anlamaya ba\u015flayabiliriz. Biz kendimizi ruhsal bir uyan\u0131\u015f\u0131 arayan insanlar olarak g\u00f6r\u00fcr\u00fcz, oysa asl\u0131nda bizler bir insan uyan\u0131\u015f\u0131yla ba\u015fa \u00e7\u0131kmaya \u00e7al\u0131\u015fan ruhsal varl\u0131klar\u0131z. Ama bu deneyimleri ilk ba\u015fta aramam\u0131za ne neden olur? Belli ya\u015fam kal\u0131plar\u0131n\u0131 ba\u015flatan \u015fey tam olarak nedir? Bu kal\u0131plar davran\u0131\u015flar\u0131m\u0131zda neden tekrar tekrar ortaya \u00e7\u0131karlar? Ya bu davran\u0131\u015f kal\u0131plar\u0131n\u0131n ard\u0131nda \u00e7ok daha y\u00fcksek bir ama\u00e7 varsa? Ve e\u011fer bu daha y\u00fcksek amac\u0131 tan\u0131mlaman\u0131n yollar\u0131n\u0131 bulabilir ve b\u00f6yle yaparak y\u0131k\u0131c\u0131 g\u00f6r\u00fcnen kal\u0131plar\u0131 olumlu niteliklere d\u00f6n\u00fc\u015ft\u00fcrebilirsek ne olur? <\/p>\n","protected":false},"excerpt":{"rendered":"<p>Bir insan\u0131n, hayal edilebilecek her avantaja sahip olarak b\u00fcy\u00fcd\u00fc\u011f\u00fc halde, neden hayattaki en basit \u015feylerin bile \u00fcstesinden gelemedi\u011fini hi\u00e7 merak ettiniz mi? Son derece zeki oldu\u011fu<span class=\"excerpt-hellip\"> [\u2026]<\/span><\/p>\n","protected":false},"featured_media":0,"template":"","meta":{"_monsterinsights_skip_tracking":false,"_monsterinsights_sitenote_active":false,"_monsterinsights_sitenote_note":"","_monsterinsights_sitenote_category":0},"product_brand":[],"product_cat":[13397,13365],"product_tag":[],"class_list":{"0":"post-696445","1":"product","2":"type-product","3":"status-publish","5":"product_cat-alternatif-tip-sifali-bitkiler","6":"product_cat-saglik","7":"pa_cilt-ciltsiz","8":"pa_tur-kitap","9":"pa_yayinevi-akasa-yayinlari","10":"pa_yazar-steve-rother","12":"first","13":"instock","14":"sale","15":"shipping-taxable","16":"purchasable","17":"product-type-simple"},"_links":{"self":[{"href":"https:\/\/roveyayinevi.com.tr\/index.php\/wp-json\/wp\/v2\/product\/696445","targetHints":{"allow":["GET"]}}],"collection":[{"href":"https:\/\/roveyayinevi.com.tr\/index.php\/wp-json\/wp\/v2\/product"}],"about":[{"href":"https:\/\/roveyayinevi.com.tr\/index.php\/wp-json\/wp\/v2\/types\/product"}],"wp:attachment":[{"href":"https:\/\/roveyayinevi.com.tr\/index.php\/wp-json\/wp\/v2\/media?parent=696445"}],"wp:term":[{"taxonomy":"product_brand","embeddable":true,"href":"https:\/\/roveyayinevi.com.tr\/index.php\/wp-json\/wp\/v2\/product_brand?post=696445"},{"taxonomy":"product_cat","embeddable":true,"href":"https:\/\/roveyayinevi.com.tr\/index.php\/wp-json\/wp\/v2\/product_cat?post=696445"},{"taxonomy":"product_tag","embeddable":true,"href":"https:\/\/roveyayinevi.com.tr\/index.php\/wp-json\/wp\/v2\/product_tag?post=696445"}],"curies":[{"name":"wp","href":"https:\/\/api.w.org\/{rel}","templated":true}]}}