{"id":696426,"date":"2025-08-27T14:34:23","date_gmt":"2025-08-27T11:34:23","guid":{"rendered":"https:\/\/roveyayinevi.com.tr\/index.php\/urun\/dusunce-gucuyle-tedavi\/"},"modified":"2026-04-03T02:09:54","modified_gmt":"2026-04-02T23:09:54","slug":"dusunce-gucuyle-tedavi","status":"publish","type":"product","link":"https:\/\/roveyayinevi.com.tr\/index.php\/urun\/dusunce-gucuyle-tedavi\/","title":{"rendered":"D\u00fc\u015f\u00fcnce G\u00fcc\u00fcyle Tedavi"},"content":{"rendered":"<p>D\u00fc\u015f\u00fcnd\u00fc\u011f\u00fcn\u00fcz her \u015feyin, ya\u015fayaca\u011f\u0131n\u0131z her \u015feyin belirleyicisi oldu\u011funu hi\u00e7 d\u00fc\u015f\u00fcnd\u00fcn\u00fcz m\u00fc?Louise Hay \u201cD\u00fc\u015f\u00fcnce G\u00fcc\u00fcyle Tedavi\u201d ad\u0131 alt\u0131nda kaleme ald\u0131\u011f\u0131 kitab\u0131nda bu d\u00fc\u015f\u00fcnceden yola \u00e7\u0131karak yepyeni bir d\u00fcnyan\u0131n kap\u0131lar\u0131n\u0131 aral\u0131yor. Bu \u00f6yle bir d\u00fcnya ki sevginin ve \u00f6zg\u00fcvenin temelleri \u00fczerine kurulu. Ve sevgiyle \u00f6zg\u00fcvenin ba\u015faramayaca\u011f\u0131 hi\u00e7bir \u015fey yok. Kitab\u0131 okumaya ba\u015flad\u0131\u011f\u0131n\u0131z anda, ger\u00e7ekten bir \u015feylerin de\u011fi\u015fmesi gerekti\u011fini fark ediyor ve olumlu bir de\u011fi\u015fim i\u00e7ine girdi\u011finizi hissediyorsunuz. Bu bir t\u00fcr d\u00fc\u015f\u00fcnce tedavisidir. \u0130yi, olumlu ve ger\u00e7ek&#8230; Bug\u00fcne kadar ba\u015f\u0131n\u0131za gelen t\u00fcm olumsuzluklar\u0131n ve hastal\u0131klar\u0131n, kendi kendinize \u00fcretti\u011finiz olumsuz d\u00fc\u015f\u00fcncelerden kaynakland\u0131\u011f\u0131n\u0131 s\u00f6yl\u00fcyor Hay. Bundan sonra ya\u015fayacaklar\u0131n\u0131z\u0131n sizi memnun etmesini mi istiyorsunuz? Bu kitab\u0131 okuyarak bir ba\u015flang\u0131\u00e7 yapabilirsiniz. Kendinizi bu d\u00fcnyaya \u00e7ile \u00e7ekmeye ve mutsuz olmaya gelmi\u015f bir zavall\u0131 insanc\u0131k olarak de\u011fil; seven, sevilen ve mutlu olmaya lay\u0131k bir canl\u0131 oldu\u011funuz i\u00e7in g\u00f6nderilmi\u015f bir pozitif enerji olarak d\u00fc\u015f\u00fcn\u00fcn.Kitap, k\u00fc\u00e7\u00fcc\u00fck bir sivilceden, kansere kadar bir\u00e7ok hastal\u0131\u011f\u0131n nedenlerinin psikolojik olumsuzluklardan kaynakland\u0131\u011f\u0131n\u0131 sat\u0131r sat\u0131r anlat\u0131yor. Hangi hastal\u0131k i\u00e7in, hangi olumlu \u00f6neriyi d\u00fc\u015f\u00fcncelerinizin besini olarak kullanaca\u011f\u0131n\u0131z\u0131 da s\u00f6yl\u00fcyor.<\/p>\n","protected":false},"excerpt":{"rendered":"<p>D\u00fc\u015f\u00fcnd\u00fc\u011f\u00fcn\u00fcz her \u015feyin, ya\u015fayaca\u011f\u0131n\u0131z her \u015feyin belirleyicisi oldu\u011funu hi\u00e7 d\u00fc\u015f\u00fcnd\u00fcn\u00fcz m\u00fc?Louise Hay \u201cD\u00fc\u015f\u00fcnce G\u00fcc\u00fcyle Tedavi\u201d ad\u0131 alt\u0131nda kaleme ald\u0131\u011f\u0131 kitab\u0131nda bu d\u00fc\u015f\u00fcnceden yola \u00e7\u0131karak yepyeni bir<span class=\"excerpt-hellip\"> [\u2026]<\/span><\/p>\n","protected":false},"featured_media":0,"template":"","meta":{"_monsterinsights_skip_tracking":false,"_monsterinsights_sitenote_active":false,"_monsterinsights_sitenote_note":"","_monsterinsights_sitenote_category":0},"product_brand":[],"product_cat":[12364,12376],"product_tag":[],"class_list":{"0":"post-696426","1":"product","2":"type-product","3":"status-publish","5":"product_cat-genel-konular","6":"product_cat-kisisel-gelisim","7":"pa_cilt-ciltsiz","8":"pa_tur-kitap","9":"pa_yayinevi-altin-kitaplar","10":"pa_yazar-louise-l-hay","12":"first","13":"instock","14":"sale","15":"shipping-taxable","16":"purchasable","17":"product-type-simple"},"_links":{"self":[{"href":"https:\/\/roveyayinevi.com.tr\/index.php\/wp-json\/wp\/v2\/product\/696426","targetHints":{"allow":["GET"]}}],"collection":[{"href":"https:\/\/roveyayinevi.com.tr\/index.php\/wp-json\/wp\/v2\/product"}],"about":[{"href":"https:\/\/roveyayinevi.com.tr\/index.php\/wp-json\/wp\/v2\/types\/product"}],"wp:attachment":[{"href":"https:\/\/roveyayinevi.com.tr\/index.php\/wp-json\/wp\/v2\/media?parent=696426"}],"wp:term":[{"taxonomy":"product_brand","embeddable":true,"href":"https:\/\/roveyayinevi.com.tr\/index.php\/wp-json\/wp\/v2\/product_brand?post=696426"},{"taxonomy":"product_cat","embeddable":true,"href":"https:\/\/roveyayinevi.com.tr\/index.php\/wp-json\/wp\/v2\/product_cat?post=696426"},{"taxonomy":"product_tag","embeddable":true,"href":"https:\/\/roveyayinevi.com.tr\/index.php\/wp-json\/wp\/v2\/product_tag?post=696426"}],"curies":[{"name":"wp","href":"https:\/\/api.w.org\/{rel}","templated":true}]}}