{"id":696408,"date":"2025-08-27T14:34:19","date_gmt":"2025-08-27T11:34:19","guid":{"rendered":"https:\/\/roveyayinevi.com.tr\/index.php\/urun\/tum-hastaliklarin-zihinsel-nedenleri-ve-iyilesmenizi-saglayacak-dusunce-modelleri\/"},"modified":"2026-04-16T02:06:19","modified_gmt":"2026-04-15T23:06:19","slug":"tum-hastaliklarin-zihinsel-nedenleri-ve-iyilesmenizi-saglayacak-dusunce-modelleri","status":"publish","type":"product","link":"https:\/\/roveyayinevi.com.tr\/index.php\/urun\/tum-hastaliklarin-zihinsel-nedenleri-ve-iyilesmenizi-saglayacak-dusunce-modelleri\/","title":{"rendered":"T\u00fcm Hastal\u0131klar\u0131n Zihinsel Nedenleri Ve \u0130yile\u015fmenizi Sa\u011flayacak D\u00fc\u015f\u00fcnce Modelleri"},"content":{"rendered":"<p>Hayat\u0131m\u0131zdaki t\u00fcm deneyimler gibi, hastal\u0131klar\u0131m\u0131z\u0131 da kendi d\u00fc\u015f\u00fcnce kal\u0131plar\u0131m\u0131zla yarat\u0131r\u0131z. Ula\u015ft\u0131\u011f\u0131m\u0131z her sonucun temelinde ve geli\u015fiminde bir d\u00fc\u015f\u00fcnce kal\u0131b\u0131 yatar. Bu nedenle, bir hastal\u0131\u011f\u0131 kal\u0131c\u0131 bir bi\u00e7imde ortadan kald\u0131rabilmek i\u00e7in \u00f6nce onu yaratan zihinsel nedeni \u00e7\u00f6z\u00fcp halletmemiz gerekir. \u0130\u015fte, Yeni \u00c7a\u011f hareketinin d\u00fcnya \u00e7ap\u0131nda tan\u0131nm\u0131\u015f \u00f6nc\u00fclerinden biri olan Louise L. Hay, bug\u00fcn milyonlarca ki\u015fi i\u00e7in vazge\u00e7ilmez bir rehber haline gelen bu eserinde, t\u00fcm hastal\u0131klar\u0131 yaratan zihinsel nedenleri ve iyile\u015fmemizi sa\u011flayacak d\u00fc\u015f\u00fcnce modellerini a\u00e7\u0131kl\u0131yor. Kendi kanser hastal\u0131\u011f\u0131n\u0131 da bu ola\u011fan\u00fcst\u00fc y\u00f6ntemle iyile\u015ftiren yazar\u0131n mesaj\u0131 \u00e7ok a\u00e7\u0131k: &#8220;E\u011fer gerekli zihinsel \u00e7al\u0131\u015fmay\u0131 yapmaya haz\u0131rsak, hemen her hastal\u0131k iyile\u015ftirilebilir.&#8221; &#8220;T\u00fcm Hastal\u0131klar\u0131n Zihinsel Nedenleri&#8221; adl\u0131 eserinizden ben, hastalar\u0131m ve dostlar\u0131m \u00e7ok yararland\u0131k. Bence bu kitap Tanr\u0131sal bir ilhamla yaz\u0131lm\u0131\u015f!&#8221; &#8220;Kitab\u0131n\u0131z\u0131 hen\u00fcz bitirdim. \u00c7ok etkilendim. Ben bir doktorum ve bu kitap benim hem hastal\u0131klar hakk\u0131ndaki fikirlerimi, hem de insanlara bak\u0131\u015f\u0131m\u0131 de\u011fi\u015ftirdi.&#8221;<\/p>\n","protected":false},"excerpt":{"rendered":"<p>Hayat\u0131m\u0131zdaki t\u00fcm deneyimler gibi, hastal\u0131klar\u0131m\u0131z\u0131 da kendi d\u00fc\u015f\u00fcnce kal\u0131plar\u0131m\u0131zla yarat\u0131r\u0131z. Ula\u015ft\u0131\u011f\u0131m\u0131z her sonucun temelinde ve geli\u015fiminde bir d\u00fc\u015f\u00fcnce kal\u0131b\u0131 yatar. Bu nedenle, bir hastal\u0131\u011f\u0131 kal\u0131c\u0131 bir<span class=\"excerpt-hellip\"> [\u2026]<\/span><\/p>\n","protected":false},"featured_media":0,"template":"","meta":{"_monsterinsights_skip_tracking":false,"_monsterinsights_sitenote_active":false,"_monsterinsights_sitenote_note":"","_monsterinsights_sitenote_category":0},"product_brand":[],"product_cat":[13397,13365],"product_tag":[],"class_list":{"0":"post-696408","1":"product","2":"type-product","3":"status-publish","5":"product_cat-alternatif-tip-sifali-bitkiler","6":"product_cat-saglik","7":"pa_cilt-ciltsiz","8":"pa_tur-kitap","9":"pa_yayinevi-akasa-yayinlari","10":"pa_yazar-louise-l-hay","12":"first","13":"instock","14":"sale","15":"shipping-taxable","16":"purchasable","17":"product-type-simple"},"_links":{"self":[{"href":"https:\/\/roveyayinevi.com.tr\/index.php\/wp-json\/wp\/v2\/product\/696408","targetHints":{"allow":["GET"]}}],"collection":[{"href":"https:\/\/roveyayinevi.com.tr\/index.php\/wp-json\/wp\/v2\/product"}],"about":[{"href":"https:\/\/roveyayinevi.com.tr\/index.php\/wp-json\/wp\/v2\/types\/product"}],"wp:attachment":[{"href":"https:\/\/roveyayinevi.com.tr\/index.php\/wp-json\/wp\/v2\/media?parent=696408"}],"wp:term":[{"taxonomy":"product_brand","embeddable":true,"href":"https:\/\/roveyayinevi.com.tr\/index.php\/wp-json\/wp\/v2\/product_brand?post=696408"},{"taxonomy":"product_cat","embeddable":true,"href":"https:\/\/roveyayinevi.com.tr\/index.php\/wp-json\/wp\/v2\/product_cat?post=696408"},{"taxonomy":"product_tag","embeddable":true,"href":"https:\/\/roveyayinevi.com.tr\/index.php\/wp-json\/wp\/v2\/product_tag?post=696408"}],"curies":[{"name":"wp","href":"https:\/\/api.w.org\/{rel}","templated":true}]}}