{"id":696405,"date":"2025-08-27T14:34:18","date_gmt":"2025-08-27T11:34:18","guid":{"rendered":"https:\/\/roveyayinevi.com.tr\/index.php\/urun\/dogu-bati-makaleler-2\/"},"modified":"2026-04-08T02:08:23","modified_gmt":"2026-04-07T23:08:23","slug":"dogu-bati-makaleler-2","status":"publish","type":"product","link":"https:\/\/roveyayinevi.com.tr\/index.php\/urun\/dogu-bati-makaleler-2\/","title":{"rendered":"Do\u011fu Bat\u0131 Makaleler -2"},"content":{"rendered":"<p>Nas\u0131l ki Fernand Braudel ismi Akdeniz ile Marc Bloch ismi feodalizmle \u00f6zde\u015fle\u015fmi\u015fse benzer bir \u00f6zellik ayn\u0131 ritimde Halil \u0130nalc\u0131k i\u00e7in ge\u00e7erlidir. Bug\u00fcn \u0130nalc\u0131k ekol\u00fcn\u00fc hesaba katmaks\u0131z\u0131n klasik Osmanl\u0131 d\u00f6nemine ili\u015fkin bir ara\u015ft\u0131rma yapmak neredeyse imk\u00e2ns\u0131zd\u0131r. K\u00f6pr\u00fcl\u00fc ile ba\u015flayan, Barkan\u2019da belirli bir y\u00f6nteme kavu\u015fan modern tarih\u00e7ilik anlay\u0131\u015f\u0131 \u0130nalc\u0131k\u2019ta zirvesine ula\u015f\u0131r. T\u00fcrkiye\u2019de genelge\u00e7er \u201ctarih\u201d alg\u0131s\u0131 d\u00fc\u015f\u00fcn\u00fcld\u00fc\u011f\u00fcnde bu ekol\u00fcn en kayda de\u011fer ba\u015far\u0131s\u0131, ge\u00e7mi\u015fi romantik ve ideolojik fantezilerden ar\u0131nd\u0131rm\u0131\u015f olmas\u0131d\u0131r. Bu sayede tarih\u00e7ilik y\u00f6n de\u011fi\u015ftirmi\u015f, ki\u015fileri tarihe yakla\u015ft\u0131rmaktan ziyade tarihten uzakla\u015ft\u0131ran ve bize g\u00f6re zaman\u0131n gevezeli\u011fini yapmaktan \u00f6teye ge\u00e7emeyen pop\u00fcler tarih\u00e7ilik s\u00f6ylemleri ciddi bir sekteye u\u011fram\u0131\u015ft\u0131r. \ufffc\u0130nalc\u0131k, Osmanl\u0131 sosyal-ekonomik yap\u0131s\u0131n\u0131, onu belirleyen belli ba\u015fl\u0131 kurum ve kanunlar\u0131, tahrir sistemini, mir\u00ee arazi rejimini k\u00f6yl\u00fc ekonomisi vb. sosyal ekonomik sorunlar\u0131 a\u00e7\u0131klayan \u00e7ift-h\u00e2ne teorisiyle kendi alan\u0131nda bir \u00e7\u0131\u011f\u0131r a\u00e7m\u0131\u015ft\u0131r. Tarih \u00e7al\u0131\u015fmalar\u0131n\u0131n gelece\u011fi d\u00fc\u015f\u00fcn\u00fcld\u00fc\u011f\u00fcnde bu ekol\u00fcn daha \u015fimdiden kal\u0131c\u0131 izlere d\u00f6n\u00fc\u015ft\u00fc\u011f\u00fc s\u00f6ylenebilir. Balkan tarih\u00e7ilerinin, Osmanl\u0131\u2019n\u0131n Rumeli ve Balkanlarda a\u015fama a\u015fama nas\u0131l bir yerle\u015fim politikas\u0131 g\u00fctt\u00fc\u011f\u00fcn\u00fc \u0130nalc\u0131k kaynaklar\u0131ndan \u00f6\u011frenmesi bu co\u011frafyadaki zaman\u0131n g\u00fcn \u0131\u015f\u0131\u011f\u0131na \u00e7\u0131kar\u0131lmas\u0131 a\u00e7\u0131s\u0131ndan b\u00fcy\u00fck \u00f6neme sahiptir. Makaleler II\u2019de ilk defa \u0130nalc\u0131k\u2019\u0131n Annales ekol\u00fc ile olan bu yak\u0131n ba\u011f\u0131 g\u00f6sterilmi\u015f, modern tarih\u00e7ilik ile ilgili dikkate de\u011fer g\u00f6zlemlerine yer verilmi\u015ftir. Ayr\u0131ca Osmanl\u0131\u2019da \u00c7ifthane sistemi, Fetih Y\u00f6ntemleri, K\u00f6le Eme\u011fi, Kul Sistemi gibi birbirinden son derece \u00f6nemli makaleler biraraya getirilmi\u015ftir. <\/p>\n","protected":false},"excerpt":{"rendered":"<p>Nas\u0131l ki Fernand Braudel ismi Akdeniz ile Marc Bloch ismi feodalizmle \u00f6zde\u015fle\u015fmi\u015fse benzer bir \u00f6zellik ayn\u0131 ritimde Halil \u0130nalc\u0131k i\u00e7in ge\u00e7erlidir. Bug\u00fcn \u0130nalc\u0131k ekol\u00fcn\u00fc hesaba katmaks\u0131z\u0131n<span class=\"excerpt-hellip\"> [\u2026]<\/span><\/p>\n","protected":false},"featured_media":0,"template":"","meta":{"_monsterinsights_skip_tracking":false,"_monsterinsights_sitenote_active":false,"_monsterinsights_sitenote_note":"","_monsterinsights_sitenote_category":0},"product_brand":[],"product_cat":[12312,12304],"product_tag":[],"class_list":{"0":"post-696405","1":"product","2":"type-product","3":"status-publish","5":"product_cat-diger","6":"product_cat-tarih","7":"pa_cilt-ciltsiz","8":"pa_tur-kitap","9":"pa_yayinevi-dogu-bati-yayinlari","10":"pa_yazar-halil-inalcik","12":"first","13":"instock","14":"sale","15":"shipping-taxable","16":"purchasable","17":"product-type-simple"},"_links":{"self":[{"href":"https:\/\/roveyayinevi.com.tr\/index.php\/wp-json\/wp\/v2\/product\/696405","targetHints":{"allow":["GET"]}}],"collection":[{"href":"https:\/\/roveyayinevi.com.tr\/index.php\/wp-json\/wp\/v2\/product"}],"about":[{"href":"https:\/\/roveyayinevi.com.tr\/index.php\/wp-json\/wp\/v2\/types\/product"}],"wp:attachment":[{"href":"https:\/\/roveyayinevi.com.tr\/index.php\/wp-json\/wp\/v2\/media?parent=696405"}],"wp:term":[{"taxonomy":"product_brand","embeddable":true,"href":"https:\/\/roveyayinevi.com.tr\/index.php\/wp-json\/wp\/v2\/product_brand?post=696405"},{"taxonomy":"product_cat","embeddable":true,"href":"https:\/\/roveyayinevi.com.tr\/index.php\/wp-json\/wp\/v2\/product_cat?post=696405"},{"taxonomy":"product_tag","embeddable":true,"href":"https:\/\/roveyayinevi.com.tr\/index.php\/wp-json\/wp\/v2\/product_tag?post=696405"}],"curies":[{"name":"wp","href":"https:\/\/api.w.org\/{rel}","templated":true}]}}