{"id":696404,"date":"2025-08-27T14:34:18","date_gmt":"2025-08-27T11:34:18","guid":{"rendered":"https:\/\/roveyayinevi.com.tr\/index.php\/urun\/felsefeye-giris-2\/"},"modified":"2026-04-16T02:06:19","modified_gmt":"2026-04-15T23:06:19","slug":"felsefeye-giris-2","status":"publish","type":"product","link":"https:\/\/roveyayinevi.com.tr\/index.php\/urun\/felsefeye-giris-2\/","title":{"rendered":"Felsefeye Giri\u015f"},"content":{"rendered":"<p>Felsefeyi akademinin, hayattan soyutlanm\u0131\u015f kavramlar\u0131n\u0131n insani pratikleri ve tecr\u00fcbeleri tam olarak yans\u0131tmayan s\u0131n\u0131rl\u0131 ve dar \u00e7er\u00e7evesine hapsetmek yerine hayat\u0131n tazeli\u011fine ve canl\u0131l\u0131\u011f\u0131na temas eden, evrende bulunan her \u015feyi tam olarak ku\u015fatan bir geni\u015flikle ele almak gerekir. \ufffcTan\u0131t\u0131m Metni<\/p>\n","protected":false},"excerpt":{"rendered":"<p>Felsefeyi akademinin, hayattan soyutlanm\u0131\u015f kavramlar\u0131n\u0131n insani pratikleri ve tecr\u00fcbeleri tam olarak yans\u0131tmayan s\u0131n\u0131rl\u0131 ve dar \u00e7er\u00e7evesine hapsetmek yerine hayat\u0131n tazeli\u011fine ve canl\u0131l\u0131\u011f\u0131na temas eden, evrende bulunan<span class=\"excerpt-hellip\"> [\u2026]<\/span><\/p>\n","protected":false},"featured_media":0,"template":"","meta":{"_monsterinsights_skip_tracking":false,"_monsterinsights_sitenote_active":false,"_monsterinsights_sitenote_note":"","_monsterinsights_sitenote_category":0},"product_brand":[],"product_cat":[12388,13555],"product_tag":[],"class_list":{"0":"post-696404","1":"product","2":"type-product","3":"status-publish","5":"product_cat-felsefe","6":"product_cat-genel-felsefe","7":"pa_cilt-ciltsiz","8":"pa_tur-dergi","9":"pa_yayinevi-dogu-bati-yayinlari","10":"pa_yazar-takiyettin-mengusoglu","12":"first","13":"instock","14":"sale","15":"shipping-taxable","16":"purchasable","17":"product-type-simple"},"_links":{"self":[{"href":"https:\/\/roveyayinevi.com.tr\/index.php\/wp-json\/wp\/v2\/product\/696404","targetHints":{"allow":["GET"]}}],"collection":[{"href":"https:\/\/roveyayinevi.com.tr\/index.php\/wp-json\/wp\/v2\/product"}],"about":[{"href":"https:\/\/roveyayinevi.com.tr\/index.php\/wp-json\/wp\/v2\/types\/product"}],"wp:attachment":[{"href":"https:\/\/roveyayinevi.com.tr\/index.php\/wp-json\/wp\/v2\/media?parent=696404"}],"wp:term":[{"taxonomy":"product_brand","embeddable":true,"href":"https:\/\/roveyayinevi.com.tr\/index.php\/wp-json\/wp\/v2\/product_brand?post=696404"},{"taxonomy":"product_cat","embeddable":true,"href":"https:\/\/roveyayinevi.com.tr\/index.php\/wp-json\/wp\/v2\/product_cat?post=696404"},{"taxonomy":"product_tag","embeddable":true,"href":"https:\/\/roveyayinevi.com.tr\/index.php\/wp-json\/wp\/v2\/product_tag?post=696404"}],"curies":[{"name":"wp","href":"https:\/\/api.w.org\/{rel}","templated":true}]}}