{"id":696399,"date":"2025-08-27T14:34:16","date_gmt":"2025-08-27T11:34:16","guid":{"rendered":"https:\/\/roveyayinevi.com.tr\/index.php\/urun\/sekreterlik-bilgisi\/"},"modified":"2026-04-16T02:06:19","modified_gmt":"2026-04-15T23:06:19","slug":"sekreterlik-bilgisi","status":"publish","type":"product","link":"https:\/\/roveyayinevi.com.tr\/index.php\/urun\/sekreterlik-bilgisi\/","title":{"rendered":"Sekreterlik Bilgisi"},"content":{"rendered":"<p>Profesyonellik, tam donan\u0131ml\u0131k ve uzmanl\u0131k kavramlar\u0131n\u0131n hakim oldu\u011fu g\u00fcn\u00fcm\u00fcz i\u015f d\u00fcnyas\u0131nda i\u015fletmelerinin ba\u015far\u0131l\u0131 olabilmesi i\u00e7in bu kavramlara sahip olan personel istihdam\u0131na ihtiya\u00e7 g\u00fcnden g\u00fcne artmaktad\u0131r. \u0130\u015fletmeler personel tercihini, alan\u0131nda &#8220;\u00e7ok iyi&#8221; olan ki\u015filerden yana yapmaktad\u0131r.Sekreterlik mesle\u011fi i\u015f d\u00fcntas\u0131ndaki bu geli\u015fmeler do\u011frultusunda \u015fekil de\u011fi\u015ftirerek, herkesin kolayca sahip olabilece\u011fi bir stat\u00fc olmaktan \u00e7\u0131k\u0131p, i\u015fletmelerin, uzmanl\u0131k gerektiren \u00f6nemli bir makam\u0131 haline gelmi\u015ftir. <\/p>\n","protected":false},"excerpt":{"rendered":"<p>Profesyonellik, tam donan\u0131ml\u0131k ve uzmanl\u0131k kavramlar\u0131n\u0131n hakim oldu\u011fu g\u00fcn\u00fcm\u00fcz i\u015f d\u00fcnyas\u0131nda i\u015fletmelerinin ba\u015far\u0131l\u0131 olabilmesi i\u00e7in bu kavramlara sahip olan personel istihdam\u0131na ihtiya\u00e7 g\u00fcnden g\u00fcne artmaktad\u0131r. \u0130\u015fletmeler<span class=\"excerpt-hellip\"> [\u2026]<\/span><\/p>\n","protected":false},"featured_media":0,"template":"","meta":{"_monsterinsights_skip_tracking":false,"_monsterinsights_sitenote_active":false,"_monsterinsights_sitenote_note":"","_monsterinsights_sitenote_category":0},"product_brand":[],"product_cat":[13043,14381],"product_tag":[],"class_list":{"0":"post-696399","1":"product","2":"type-product","3":"status-publish","5":"product_cat-ekonomi","6":"product_cat-isletme-muhasebe-maliye","7":"pa_cilt-ciltsiz","8":"pa_tur-kitap","9":"pa_yayinevi-gazi-kitabevi","10":"pa_yazar-ramazan-goral","12":"first","13":"instock","14":"sale","15":"shipping-taxable","16":"purchasable","17":"product-type-simple"},"_links":{"self":[{"href":"https:\/\/roveyayinevi.com.tr\/index.php\/wp-json\/wp\/v2\/product\/696399","targetHints":{"allow":["GET"]}}],"collection":[{"href":"https:\/\/roveyayinevi.com.tr\/index.php\/wp-json\/wp\/v2\/product"}],"about":[{"href":"https:\/\/roveyayinevi.com.tr\/index.php\/wp-json\/wp\/v2\/types\/product"}],"wp:attachment":[{"href":"https:\/\/roveyayinevi.com.tr\/index.php\/wp-json\/wp\/v2\/media?parent=696399"}],"wp:term":[{"taxonomy":"product_brand","embeddable":true,"href":"https:\/\/roveyayinevi.com.tr\/index.php\/wp-json\/wp\/v2\/product_brand?post=696399"},{"taxonomy":"product_cat","embeddable":true,"href":"https:\/\/roveyayinevi.com.tr\/index.php\/wp-json\/wp\/v2\/product_cat?post=696399"},{"taxonomy":"product_tag","embeddable":true,"href":"https:\/\/roveyayinevi.com.tr\/index.php\/wp-json\/wp\/v2\/product_tag?post=696399"}],"curies":[{"name":"wp","href":"https:\/\/api.w.org\/{rel}","templated":true}]}}