{"id":696389,"date":"2025-08-27T14:34:13","date_gmt":"2025-08-27T11:34:13","guid":{"rendered":"https:\/\/roveyayinevi.com.tr\/index.php\/urun\/matematiksel-modelleme\/"},"modified":"2026-04-16T02:06:18","modified_gmt":"2026-04-15T23:06:18","slug":"matematiksel-modelleme","status":"publish","type":"product","link":"https:\/\/roveyayinevi.com.tr\/index.php\/urun\/matematiksel-modelleme\/","title":{"rendered":"Matematiksel Modelleme"},"content":{"rendered":"<p>Bu kitap, 1995-1996 E\u011fitim y\u0131l\u0131ndan beri Ankara \u00dcniversitesi Fen Fak\u00fcltesi, Matematik B\u00f6l\u00fcm\u00fcnde vermekte oldu\u011fum Matematiksel Modelleme ders notlar\u0131n\u0131n derlenmesinden olu\u015fmaktad\u0131r. Dersin \u00f6zelli\u011fi nedeniyle, de\u011fi\u015fik konulardaki kaynaklara gereksinim duyulmas\u0131 ve bu konuda bug\u00fcne kadar yaz\u0131lm\u0131\u015f tek bir T\u00fcrk\u00e7e kayna\u011f\u0131n olmamas\u0131 sonucu \u00f6\u011frencilerin kar\u015f\u0131la\u015ft\u0131klar\u0131 ders notu s\u0131k\u0131nt\u0131s\u0131n\u0131 kar\u015f\u0131lamak, bu notlar\u0131n d\u00fczenlenerek kitap haline d\u00f6n\u00fc\u015ft\u00fcr\u00fclmesinde temel motivasyon olmu\u015ftur. -Nuri \u00d6zalp-, Ankara, Ekim 2006 \ufffcTan\u0131t\u0131m Metni<\/p>\n","protected":false},"excerpt":{"rendered":"<p>Bu kitap, 1995-1996 E\u011fitim y\u0131l\u0131ndan beri Ankara \u00dcniversitesi Fen Fak\u00fcltesi, Matematik B\u00f6l\u00fcm\u00fcnde vermekte oldu\u011fum Matematiksel Modelleme ders notlar\u0131n\u0131n derlenmesinden olu\u015fmaktad\u0131r. Dersin \u00f6zelli\u011fi nedeniyle, de\u011fi\u015fik konulardaki kaynaklara<span class=\"excerpt-hellip\"> [\u2026]<\/span><\/p>\n","protected":false},"featured_media":0,"template":"","meta":{"_monsterinsights_skip_tracking":false,"_monsterinsights_sitenote_active":false,"_monsterinsights_sitenote_note":"","_monsterinsights_sitenote_category":0},"product_brand":[],"product_cat":[12573,12566],"product_tag":[],"class_list":{"0":"post-696389","1":"product","2":"type-product","3":"status-publish","5":"product_cat-akademik-kitaplar","6":"product_cat-egitim","7":"pa_cilt-ciltsiz","8":"pa_tur-kitap","9":"pa_yayinevi-gazi-kitabevi","10":"pa_yazar-nuri-ozalp","12":"first","13":"instock","14":"sale","15":"shipping-taxable","16":"purchasable","17":"product-type-simple"},"_links":{"self":[{"href":"https:\/\/roveyayinevi.com.tr\/index.php\/wp-json\/wp\/v2\/product\/696389","targetHints":{"allow":["GET"]}}],"collection":[{"href":"https:\/\/roveyayinevi.com.tr\/index.php\/wp-json\/wp\/v2\/product"}],"about":[{"href":"https:\/\/roveyayinevi.com.tr\/index.php\/wp-json\/wp\/v2\/types\/product"}],"wp:attachment":[{"href":"https:\/\/roveyayinevi.com.tr\/index.php\/wp-json\/wp\/v2\/media?parent=696389"}],"wp:term":[{"taxonomy":"product_brand","embeddable":true,"href":"https:\/\/roveyayinevi.com.tr\/index.php\/wp-json\/wp\/v2\/product_brand?post=696389"},{"taxonomy":"product_cat","embeddable":true,"href":"https:\/\/roveyayinevi.com.tr\/index.php\/wp-json\/wp\/v2\/product_cat?post=696389"},{"taxonomy":"product_tag","embeddable":true,"href":"https:\/\/roveyayinevi.com.tr\/index.php\/wp-json\/wp\/v2\/product_tag?post=696389"}],"curies":[{"name":"wp","href":"https:\/\/api.w.org\/{rel}","templated":true}]}}