{"id":696377,"date":"2025-08-27T14:34:11","date_gmt":"2025-08-27T11:34:11","guid":{"rendered":"https:\/\/roveyayinevi.com.tr\/index.php\/urun\/kryon-yuvaya-yolculuk\/"},"modified":"2026-04-16T02:06:18","modified_gmt":"2026-04-15T23:06:18","slug":"kryon-yuvaya-yolculuk","status":"publish","type":"product","link":"https:\/\/roveyayinevi.com.tr\/index.php\/urun\/kryon-yuvaya-yolculuk\/","title":{"rendered":"Kryon: Yuvaya Yolculuk"},"content":{"rendered":"<p>Bu b\u00fcy\u00fcleyici mesel, g\u00f6r\u00fcn\u00fc\u015fte s\u0131radan bir adam\u0131n, Michael Thomas\u2019\u0131n \u00f6yk\u00fcs\u00fcn\u00fc an-lat\u0131r. O, Amerikan normallik -ve ho\u015fnutsuzluk- ikonunu temsil etmektedir. \u00d6l\u00fcmden d\u00f6nd\u00fc\u011f\u00fc bir olaydan sonra, Michael bilge bir melek taraf\u0131ndan ziyaret edilir ve bu melek ona hayattan ger\u00e7ekten ne bekledi\u011fini sorar. Michael, tek iste\u011finin YUVA\u2019ya d\u00f6nmek oldu\u011funu s\u00f6yler.YUVA\u2019ya d\u00f6nebilmesi i\u00e7in, Michael\u2019in \u00f6nce, meleklerle, bilge \u00f6\u011fretmenlerle ve hatta karanl\u0131k varl\u0131klarla dolu \u015fa\u015f\u0131rt\u0131c\u0131 bir yerde, bir dizi ser\u00fcven ve s\u0131navdan ge\u00e7mesi gerekmektedir. Bu onun hayal edemeyece\u011fi kadar duygusal, mizah dolu ve hu\u015fu verici bir yolculuk olacakt\u0131r.Yuvaya Yolculuk \u2019un \u00f6yk\u00fcs\u00fc Kryon taraf\u0131ndan ilham edilmi\u015f ve Lee Carroll taraf\u0131ndan yaz\u0131lm\u0131\u015ft\u0131r.****\u201cBu muhte\u015fem mesel, temel spirit\u00fcel ger\u00e7eklerle ve bu gezegendeki yolculu\u011fumuzun do\u011fas\u0131yla ilgili i\u00e7g\u00f6r\u00fclerle dolu. E\u011fer Tanr\u0131\u2019ya hi\u00e7, \u201cBilmemi istedi\u011fin nedir?\u201d diye sorduysan\u0131z, bu sorunun yan\u0131t\u0131n\u0131 Yuvaya Yolculuk\u2019ta bulabilirsiniz.\u201d-The Messenger <\/p>\n","protected":false},"excerpt":{"rendered":"<p>Bu b\u00fcy\u00fcleyici mesel, g\u00f6r\u00fcn\u00fc\u015fte s\u0131radan bir adam\u0131n, Michael Thomas\u2019\u0131n \u00f6yk\u00fcs\u00fcn\u00fc an-lat\u0131r. O, Amerikan normallik -ve ho\u015fnutsuzluk- ikonunu temsil etmektedir. \u00d6l\u00fcmden d\u00f6nd\u00fc\u011f\u00fc bir olaydan sonra, Michael bilge<span class=\"excerpt-hellip\"> [\u2026]<\/span><\/p>\n","protected":false},"featured_media":0,"template":"","meta":{"_monsterinsights_skip_tracking":false,"_monsterinsights_sitenote_active":false,"_monsterinsights_sitenote_note":"","_monsterinsights_sitenote_category":0},"product_brand":[],"product_cat":[12891,12291],"product_tag":[],"class_list":{"0":"post-696377","1":"product","2":"type-product","3":"status-publish","5":"product_cat-amerikan-edebiyati","6":"product_cat-edebiyat","7":"pa_cilt-ciltsiz","8":"pa_tur-kitap","9":"pa_yayinevi-akasa-yayinlari","10":"pa_yazar-lee-carroll","12":"first","13":"instock","14":"sale","15":"shipping-taxable","16":"purchasable","17":"product-type-simple"},"_links":{"self":[{"href":"https:\/\/roveyayinevi.com.tr\/index.php\/wp-json\/wp\/v2\/product\/696377","targetHints":{"allow":["GET"]}}],"collection":[{"href":"https:\/\/roveyayinevi.com.tr\/index.php\/wp-json\/wp\/v2\/product"}],"about":[{"href":"https:\/\/roveyayinevi.com.tr\/index.php\/wp-json\/wp\/v2\/types\/product"}],"wp:attachment":[{"href":"https:\/\/roveyayinevi.com.tr\/index.php\/wp-json\/wp\/v2\/media?parent=696377"}],"wp:term":[{"taxonomy":"product_brand","embeddable":true,"href":"https:\/\/roveyayinevi.com.tr\/index.php\/wp-json\/wp\/v2\/product_brand?post=696377"},{"taxonomy":"product_cat","embeddable":true,"href":"https:\/\/roveyayinevi.com.tr\/index.php\/wp-json\/wp\/v2\/product_cat?post=696377"},{"taxonomy":"product_tag","embeddable":true,"href":"https:\/\/roveyayinevi.com.tr\/index.php\/wp-json\/wp\/v2\/product_tag?post=696377"}],"curies":[{"name":"wp","href":"https:\/\/api.w.org\/{rel}","templated":true}]}}