{"id":696367,"date":"2025-08-27T14:34:08","date_gmt":"2025-08-27T11:34:08","guid":{"rendered":"https:\/\/roveyayinevi.com.tr\/index.php\/urun\/olumsuz-ustatlarin-yasam-ve-ogretisi-cilt-1-2-3\/"},"modified":"2026-04-16T02:06:18","modified_gmt":"2026-04-15T23:06:18","slug":"olumsuz-ustatlarin-yasam-ve-ogretisi-cilt-1-2-3","status":"publish","type":"product","link":"https:\/\/roveyayinevi.com.tr\/index.php\/urun\/olumsuz-ustatlarin-yasam-ve-ogretisi-cilt-1-2-3\/","title":{"rendered":"\u00d6l\u00fcms\u00fcz \u00dcstatlar\u0131n Ya\u015fam ve \u00d6\u011fretisi Cilt: 1-2-3"},"content":{"rendered":"<p>\u00d6l\u00fcms\u00fcz \u00dcstatlar\u0131n Ya\u015fam ve \u00d6\u011fretisi, yazar ve bilim adam\u0131 Baird T. Spalding&#8217;in, bir grup bilim adam\u0131yla Uzakdo\u011fu&#8217;da yapt\u0131\u011f\u0131 ara\u015ft\u0131rma gezisi s\u0131ras\u0131nda \u00d6l\u00fcms\u00fcz \u00dcstatlar ile kar\u015f\u0131la\u015fmas\u0131n\u0131, onlarla ge\u00e7irdikleri y\u0131llar\u0131, bu s\u0131rada ya\u015fad\u0131klar\u0131 ola\u011fan\u00fcst\u00fc deneyimleri anlatmaktad\u0131r. Ancak, yay\u0131nland\u0131\u011f\u0131 d\u00f6nemde b\u00fcy\u00fck bir ilgiyle kar\u015f\u0131lanan, bir\u00e7ok dile \u00e7evrilen, t\u00fcm d\u00fcnyada milyonlarca adet satan ve kendi alan\u0131nda ger\u00e7ek bir klasik haline gelen bu diziyi as\u0131l \u00f6nemli k\u0131lan, i\u00e7erdi\u011fi benzersiz spirit\u00fcel \u00f6\u011fretidir. Uzun \u00e7a\u011flardan beri I\u015f\u0131\u011f\u0131 ta\u015f\u0131yan, insanl\u0131\u011f\u0131n ayd\u0131nlanmas\u0131na hizmet eden, g\u00fcnl\u00fck ya\u015famlar\u0131nda ilahi yasalar\u0131 sergileyen bu \u00dcstatlar, bu kitap dizisinde ebedi bir ger\u00e7e\u011fi ve tanr\u0131sal bir varolu\u015fu son derece sade, saf ve \u00e7arp\u0131c\u0131 bir bi\u00e7imde sunmaktalar. Bu \u00f6\u011freti bug\u00fcne dek d\u00fcnyan\u0131n her k\u00f6\u015fesine yay\u0131lm\u0131\u015f, Ger\u00e7e\u011fin bir\u00e7ok \u00f6\u011fretmeni taraf\u0131ndan kullan\u0131lm\u0131\u015f ve her inan\u00e7tan binlerce insan\u0131n ya\u015fam\u0131n\u0131 de\u011fi\u015ftirmi\u015ftir. &#8220;Bu \u00f6\u011freti do\u011frudan bizim taraf\u0131m\u0131zdan verilmese de, \u00dcstatlar bizimle ayn\u0131 Ger\u00e7ek d\u00fczeyinden konu\u015fmaktad\u0131rlar.&#8221;   \u00dcstatTobias (KryonGrubu) &#8220;Bu kitap dizisi yay\u0131nland\u0131\u011f\u0131nda, Yeni bir spirit\u00fcel anlay\u0131\u015f \u00c7a\u011f\u0131 do\u011fmu\u015f oldu. Spalding, insanl\u0131\u011f\u0131n ayd\u0131nlanmas\u0131na, son iki y\u00fcz y\u0131l i\u00e7inde ba\u015fka bireylerin ve \u00f6rg\u00fctl\u00fc gruplar\u0131n yapt\u0131klar\u0131ndan daha b\u00fcy\u00fck bir katk\u0131da bulunmu\u015ftur. O, b\u00fcy\u00fck bir kaderi ger\u00e7ekle\u015fti- rerek, Yeni bir I\u015f\u0131k \u00c7a\u011f\u0131&#8217;na \u00f6nc\u00fcl\u00fck etmi\u015ftir.&#8221; David Bruton (&#8220;Tan\u0131d\u0131\u011f\u0131m Baird T. Spalding&#8221; adl\u0131 kitab\u0131n yazar\u0131<\/p>\n","protected":false},"excerpt":{"rendered":"<p>\u00d6l\u00fcms\u00fcz \u00dcstatlar\u0131n Ya\u015fam ve \u00d6\u011fretisi, yazar ve bilim adam\u0131 Baird T. Spalding&#8217;in, bir grup bilim adam\u0131yla Uzakdo\u011fu&#8217;da yapt\u0131\u011f\u0131 ara\u015ft\u0131rma gezisi s\u0131ras\u0131nda \u00d6l\u00fcms\u00fcz \u00dcstatlar ile kar\u015f\u0131la\u015fmas\u0131n\u0131, onlarla<span class=\"excerpt-hellip\"> [\u2026]<\/span><\/p>\n","protected":false},"featured_media":0,"template":"","meta":{"_monsterinsights_skip_tracking":false,"_monsterinsights_sitenote_active":false,"_monsterinsights_sitenote_note":"","_monsterinsights_sitenote_category":0},"product_brand":[],"product_cat":[12364,12376],"product_tag":[],"class_list":{"0":"post-696367","1":"product","2":"type-product","3":"status-publish","5":"product_cat-genel-konular","6":"product_cat-kisisel-gelisim","7":"pa_cilt-ciltsiz","8":"pa_tur-kitap","9":"pa_yayinevi-akasa-yayinlari","10":"pa_yazar-baird-t-spalding","12":"first","13":"instock","14":"sale","15":"shipping-taxable","16":"purchasable","17":"product-type-simple"},"_links":{"self":[{"href":"https:\/\/roveyayinevi.com.tr\/index.php\/wp-json\/wp\/v2\/product\/696367","targetHints":{"allow":["GET"]}}],"collection":[{"href":"https:\/\/roveyayinevi.com.tr\/index.php\/wp-json\/wp\/v2\/product"}],"about":[{"href":"https:\/\/roveyayinevi.com.tr\/index.php\/wp-json\/wp\/v2\/types\/product"}],"wp:attachment":[{"href":"https:\/\/roveyayinevi.com.tr\/index.php\/wp-json\/wp\/v2\/media?parent=696367"}],"wp:term":[{"taxonomy":"product_brand","embeddable":true,"href":"https:\/\/roveyayinevi.com.tr\/index.php\/wp-json\/wp\/v2\/product_brand?post=696367"},{"taxonomy":"product_cat","embeddable":true,"href":"https:\/\/roveyayinevi.com.tr\/index.php\/wp-json\/wp\/v2\/product_cat?post=696367"},{"taxonomy":"product_tag","embeddable":true,"href":"https:\/\/roveyayinevi.com.tr\/index.php\/wp-json\/wp\/v2\/product_tag?post=696367"}],"curies":[{"name":"wp","href":"https:\/\/api.w.org\/{rel}","templated":true}]}}