{"id":696354,"date":"2025-08-27T14:34:05","date_gmt":"2025-08-27T11:34:05","guid":{"rendered":"https:\/\/roveyayinevi.com.tr\/index.php\/urun\/icimdeki-yolculuk\/"},"modified":"2026-04-08T02:08:22","modified_gmt":"2026-04-07T23:08:22","slug":"icimdeki-yolculuk","status":"publish","type":"product","link":"https:\/\/roveyayinevi.com.tr\/index.php\/urun\/icimdeki-yolculuk\/","title":{"rendered":"\u0130\u00e7imdeki Yolculuk"},"content":{"rendered":"<p>\u0130\u00e7imdeki Yolculuk, \u00fcnl\u00fc oyuncu ve \u00e7ok satan kitaplar\u0131n yazar\u0131 Shirley MacLaine\u2019in asla unutamayaca\u011f\u0131n\u0131z en etkileyici ve ayd\u0131nlat\u0131c\u0131 eseridir. Bu son derece \u00e7arp\u0131c\u0131 ve \u00f6\u011fretici spirit\u00fcel ser\u00fcvende, \u00f6nemli bir politikac\u0131yla ya\u015fad\u0131\u011f\u0131 yo\u011fun ve gizli bir a\u015fk ili\u015fkisi yazar\u0131n ger\u00e7ek benli\u011fini ke\u015ffetme yolculu\u011funu ba\u015flat\u0131yor. O, ABD\u2019den \u0130ngiltere\u2019ye, \u0130sve\u00e7\u2019ten Hong Kong\u2019a, Hawaii\u2019den Peru\u2019nun da\u011flar\u0131na -ve inan\u00e7s\u0131zl\u0131ktan g\u00fc\u00e7l\u00fc bir spirit\u00fcel inanca do\u011fru- gidiyor ve en sonunda kendi varolu\u015funun k\u00f6kenlerini ve hayat\u0131n sonsuz olas\u0131l\u0131klar\u0131n\u0131 ke\u015ffediyor. T\u00fcm bu s\u00fcre\u00e7te, MacLaine\u2019in cesareti yeni kap\u0131lar, yeni i\u00e7g\u00f6r\u00fcler, yeni ke\u015fifler ve -onun hepimizi payla\u015fmaya davet etti\u011fi- \u0131\u015f\u0131k sa\u00e7an yeni bir d\u00fcnya a\u00e7\u0131yor. Yine bu s\u00fcre\u00e7te, biz evrensel ger\u00e7eklerin yan\u0131 s\u0131ra, ge\u00e7mi\u015f ya\u015famlar\u0131, ruhsal rehberleri ve ruhun \u00f6l\u00fcms\u00fczl\u00fc\u011f\u00fcn\u00fc i\u00e7eren psi\u015fik fenomenlerin, tarih boyunca uzay gemileriyle d\u00fcnyam\u0131z\u0131 ziyaret eden ve insanl\u0131\u011fa ola\u011fan\u00fcst\u00fc bilgiler sunan d\u00fcnya-d\u0131\u015f\u0131 varl\u0131klar\u0131n gizemli ve \u015fa\u015f\u0131rt\u0131c\u0131 d\u00fcnyas\u0131n\u0131 da tan\u0131yoruz.\u201c\u00c7ok \u00f6zel bir i\u00e7sel yolculu\u011fun son derece d\u00fcr\u00fcst ve s\u00fcr\u00fckleyici bir a\u00e7\u0131klamas\u0131. Shirley MacLaine\u2019in ke\u015ffetti\u011fi yeni bir ama\u00e7, sevin\u00e7, enerji ve sevgi sizi \u00e7ok etkileyecek ve \u015fa\u015f\u0131rtacak.\u201d Literary Guild Magazine\u201c\u00c7ok etkileyici bir kad\u0131n: \u00c7ok zeki, a\u00e7\u0131k, d\u00fcr\u00fcst ve i\u00e7ten.\u201d The New York Daily News\u201c\u00c7ok dikkate de\u011fer bir zek\u00e2ya sahip olan bir kad\u0131n.\u201d The Washington Post\u201c\u0130\u00e7imdeki Yolculuk, bu d\u00fcnyan\u0131n d\u0131\u015f\u0131ndan gelen bir eser.\u201d The Toronto Sun<\/p>\n","protected":false},"excerpt":{"rendered":"<p>\u0130\u00e7imdeki Yolculuk, \u00fcnl\u00fc oyuncu ve \u00e7ok satan kitaplar\u0131n yazar\u0131 Shirley MacLaine\u2019in asla unutamayaca\u011f\u0131n\u0131z en etkileyici ve ayd\u0131nlat\u0131c\u0131 eseridir. Bu son derece \u00e7arp\u0131c\u0131 ve \u00f6\u011fretici spirit\u00fcel ser\u00fcvende,<span class=\"excerpt-hellip\"> [\u2026]<\/span><\/p>\n","protected":false},"featured_media":0,"template":"","meta":{"_monsterinsights_skip_tracking":false,"_monsterinsights_sitenote_active":false,"_monsterinsights_sitenote_note":"","_monsterinsights_sitenote_category":0},"product_brand":[],"product_cat":[12364,12376],"product_tag":[],"class_list":{"0":"post-696354","1":"product","2":"type-product","3":"status-publish","5":"product_cat-genel-konular","6":"product_cat-kisisel-gelisim","7":"pa_cilt-ciltsiz","8":"pa_tur-kitap","9":"pa_yayinevi-akasa-yayinlari","10":"pa_yazar-shirley-maclaine","12":"first","13":"instock","14":"sale","15":"shipping-taxable","16":"purchasable","17":"product-type-simple"},"_links":{"self":[{"href":"https:\/\/roveyayinevi.com.tr\/index.php\/wp-json\/wp\/v2\/product\/696354","targetHints":{"allow":["GET"]}}],"collection":[{"href":"https:\/\/roveyayinevi.com.tr\/index.php\/wp-json\/wp\/v2\/product"}],"about":[{"href":"https:\/\/roveyayinevi.com.tr\/index.php\/wp-json\/wp\/v2\/types\/product"}],"wp:attachment":[{"href":"https:\/\/roveyayinevi.com.tr\/index.php\/wp-json\/wp\/v2\/media?parent=696354"}],"wp:term":[{"taxonomy":"product_brand","embeddable":true,"href":"https:\/\/roveyayinevi.com.tr\/index.php\/wp-json\/wp\/v2\/product_brand?post=696354"},{"taxonomy":"product_cat","embeddable":true,"href":"https:\/\/roveyayinevi.com.tr\/index.php\/wp-json\/wp\/v2\/product_cat?post=696354"},{"taxonomy":"product_tag","embeddable":true,"href":"https:\/\/roveyayinevi.com.tr\/index.php\/wp-json\/wp\/v2\/product_tag?post=696354"}],"curies":[{"name":"wp","href":"https:\/\/api.w.org\/{rel}","templated":true}]}}