{"id":696348,"date":"2025-08-27T14:34:04","date_gmt":"2025-08-27T11:34:04","guid":{"rendered":"https:\/\/roveyayinevi.com.tr\/index.php\/urun\/monun-gizemi\/"},"modified":"2026-04-16T02:06:17","modified_gmt":"2026-04-15T23:06:17","slug":"monun-gizemi","status":"publish","type":"product","link":"https:\/\/roveyayinevi.com.tr\/index.php\/urun\/monun-gizemi\/","title":{"rendered":"Mo\u2019nun Gizemi"},"content":{"rendered":"<p>Avustralya\u2019ya gidiyordum. U\u00e7akta, her haliyle garip ve gizemli, gen\u00e7 bir adamla tan\u0131\u015ft\u0131m. Kendisi Genetik M\u00fchendisiydi. Onunla insan kopyalama olgusu \u00fczerine, \u00fcrperti verici konu\u015fmalar yapt\u0131k. Daha sonra o bana, roman yazmam i\u00e7in, y\u00fcrek hoplat\u0131c\u0131 bir ser\u00fcven aktard\u0131. Bu ser\u00fcveni, birbirlerine tutklu bir a\u015fkla ba\u011fl\u0131 olan, Defne ve Bur\u00e7 ad\u0131nda, liseli iki gen\u00e7 ya\u015fam\u0131\u015ft\u0131. B\u00f6ylece her sayfas\u0131nda, acaba sorusuyla insan\u0131 ku\u015fatan, bu soluk kesici roman ortaya \u00e7\u0131kt\u0131. Ne var ki, bu olayda akl\u0131ma tak\u0131lan baz\u0131 sorular\u0131n yan\u0131tlar\u0131n\u0131, hala bulabilmi\u015f de\u011filim: Yol arkada\u015f\u0131m Bur\u00e7, ger\u00e7ek bir insan m\u0131yd\u0131? Yoksa ben, gen teknolojisi ve canl\u0131 kopyalama y\u00f6ntemiyle, laboratuvarda olu\u015fturulmu\u015f biriyle mi yolculuk yapm\u0131\u015ft\u0131m? <\/p>\n","protected":false},"excerpt":{"rendered":"<p>Avustralya\u2019ya gidiyordum. U\u00e7akta, her haliyle garip ve gizemli, gen\u00e7 bir adamla tan\u0131\u015ft\u0131m. Kendisi Genetik M\u00fchendisiydi. Onunla insan kopyalama olgusu \u00fczerine, \u00fcrperti verici konu\u015fmalar yapt\u0131k. Daha sonra<span class=\"excerpt-hellip\"> [\u2026]<\/span><\/p>\n","protected":false},"featured_media":0,"template":"","meta":{"_monsterinsights_skip_tracking":false,"_monsterinsights_sitenote_active":false,"_monsterinsights_sitenote_note":"","_monsterinsights_sitenote_category":0},"product_brand":[],"product_cat":[12291,12711],"product_tag":[],"class_list":{"0":"post-696348","1":"product","2":"type-product","3":"status-publish","5":"product_cat-edebiyat","6":"product_cat-roman-oyku","7":"pa_cilt-ciltsiz","8":"pa_tur-kitap","9":"pa_yayinevi-altin-kitaplar","10":"pa_yazar-gulten-dayioglu","12":"first","13":"instock","14":"sale","15":"shipping-taxable","16":"purchasable","17":"product-type-simple"},"_links":{"self":[{"href":"https:\/\/roveyayinevi.com.tr\/index.php\/wp-json\/wp\/v2\/product\/696348","targetHints":{"allow":["GET"]}}],"collection":[{"href":"https:\/\/roveyayinevi.com.tr\/index.php\/wp-json\/wp\/v2\/product"}],"about":[{"href":"https:\/\/roveyayinevi.com.tr\/index.php\/wp-json\/wp\/v2\/types\/product"}],"wp:attachment":[{"href":"https:\/\/roveyayinevi.com.tr\/index.php\/wp-json\/wp\/v2\/media?parent=696348"}],"wp:term":[{"taxonomy":"product_brand","embeddable":true,"href":"https:\/\/roveyayinevi.com.tr\/index.php\/wp-json\/wp\/v2\/product_brand?post=696348"},{"taxonomy":"product_cat","embeddable":true,"href":"https:\/\/roveyayinevi.com.tr\/index.php\/wp-json\/wp\/v2\/product_cat?post=696348"},{"taxonomy":"product_tag","embeddable":true,"href":"https:\/\/roveyayinevi.com.tr\/index.php\/wp-json\/wp\/v2\/product_tag?post=696348"}],"curies":[{"name":"wp","href":"https:\/\/api.w.org\/{rel}","templated":true}]}}