{"id":696346,"date":"2025-08-27T14:34:03","date_gmt":"2025-08-27T11:34:03","guid":{"rendered":"https:\/\/roveyayinevi.com.tr\/index.php\/urun\/melekler-ve-seytanlar\/"},"modified":"2026-04-16T02:06:17","modified_gmt":"2026-04-15T23:06:17","slug":"melekler-ve-seytanlar","status":"publish","type":"product","link":"https:\/\/roveyayinevi.com.tr\/index.php\/urun\/melekler-ve-seytanlar\/","title":{"rendered":"Melekler ve \u015eeytanlar"},"content":{"rendered":"<p>HER \u015eEY\u0130 BA\u015eLATAN K\u0130TAP&#8230;Her sat\u0131r\u0131nda bilinmezliklerle dolu gizemli bir d\u00fcnya, nefes nefese bir ser\u00fcven ve Robert Langdon&#8217;un s\u0131n\u0131rs\u0131z hayal g\u00fcc\u00fc var.Harvard \u00dcniversitesi&#8217;nin d\u00fcnyaca \u00fcnl\u00fc Simgebilim Profes\u00f6r\u00fc Robert Langdon anla\u015f\u0131lmaz bir yaz\u0131y\u0131 \u00e7\u00f6zmek i\u00e7in \u0130svi\u00e7re&#8217;deki bir ara\u015ft\u0131rma merkezine \u00e7a\u011fr\u0131l\u0131r. \u00c7\u00f6z\u00fclmesi istenen yaz\u0131, \u00f6ld\u00fcr\u00fclen bir fizik\u00e7inin g\u00f6\u011fs\u00fcne da\u011flanm\u0131\u015ft\u0131r. Bu korkun\u00e7 cinayet, s\u0131rlarla dolu olaylar zincirinin ba\u015flang\u0131c\u0131 olur. \u00d6ld\u00fcr\u00fclen kurban\u0131n g\u00f6\u011fs\u00fcndeki yaz\u0131n\u0131n anlam\u0131 y\u00fczy\u0131llar \u00f6nce Katolik Kilisesi&#8217;nden intikam almaya yemin etmi\u015f gizli bir karde\u015flik cemiyeti olan Illuminati&#8217;nin sembol\u00fcd\u00fcr.Langdon gizemli bir fizik\u00e7i olan Vittoria Vetra ile birlikte bu olay\u0131 ara\u015ft\u0131rmaya ba\u015flar. Ne var ki \u00e7\u0131lg\u0131nca bir ko\u015fu\u015fturma i\u00e7inde pek \u00e7ok mezar\u0131, gizli mahzeni ve katedrali ara\u015ft\u0131r\u0131rlarken s\u00fcreleri gitgide azalmaktad\u0131r. \u00c7\u00fcnk\u00fc birileri ak\u0131l almaz bir hedefi havaya u\u00e7urmak i\u00e7in saati \u00e7al\u0131\u015ft\u0131rm\u0131\u015ft\u0131r&#8230;&#8221;Nefes nefese, ger\u00e7ek zamanl\u0131 bir macera&#8230; Heyecan verici, h\u0131zl\u0131 tempolu ve al\u0131\u015f\u0131lmad\u0131k derecede zek\u00eece&#8230;&#8221;<\/p>\n","protected":false},"excerpt":{"rendered":"<p>HER \u015eEY\u0130 BA\u015eLATAN K\u0130TAP&#8230;Her sat\u0131r\u0131nda bilinmezliklerle dolu gizemli bir d\u00fcnya, nefes nefese bir ser\u00fcven ve Robert Langdon&#8217;un s\u0131n\u0131rs\u0131z hayal g\u00fcc\u00fc var.Harvard \u00dcniversitesi&#8217;nin d\u00fcnyaca \u00fcnl\u00fc Simgebilim Profes\u00f6r\u00fc<span class=\"excerpt-hellip\"> [\u2026]<\/span><\/p>\n","protected":false},"featured_media":0,"template":"","meta":{"_monsterinsights_skip_tracking":false,"_monsterinsights_sitenote_active":false,"_monsterinsights_sitenote_note":"","_monsterinsights_sitenote_category":0},"product_brand":[],"product_cat":[12291,12711],"product_tag":[],"class_list":{"0":"post-696346","1":"product","2":"type-product","3":"status-publish","5":"product_cat-edebiyat","6":"product_cat-roman-oyku","7":"pa_cilt-ciltsiz","8":"pa_tur-kitap","9":"pa_yayinevi-altin-kitaplar","10":"pa_yazar-dan-brown","12":"first","13":"instock","14":"sale","15":"shipping-taxable","16":"purchasable","17":"product-type-simple"},"_links":{"self":[{"href":"https:\/\/roveyayinevi.com.tr\/index.php\/wp-json\/wp\/v2\/product\/696346","targetHints":{"allow":["GET"]}}],"collection":[{"href":"https:\/\/roveyayinevi.com.tr\/index.php\/wp-json\/wp\/v2\/product"}],"about":[{"href":"https:\/\/roveyayinevi.com.tr\/index.php\/wp-json\/wp\/v2\/types\/product"}],"wp:attachment":[{"href":"https:\/\/roveyayinevi.com.tr\/index.php\/wp-json\/wp\/v2\/media?parent=696346"}],"wp:term":[{"taxonomy":"product_brand","embeddable":true,"href":"https:\/\/roveyayinevi.com.tr\/index.php\/wp-json\/wp\/v2\/product_brand?post=696346"},{"taxonomy":"product_cat","embeddable":true,"href":"https:\/\/roveyayinevi.com.tr\/index.php\/wp-json\/wp\/v2\/product_cat?post=696346"},{"taxonomy":"product_tag","embeddable":true,"href":"https:\/\/roveyayinevi.com.tr\/index.php\/wp-json\/wp\/v2\/product_tag?post=696346"}],"curies":[{"name":"wp","href":"https:\/\/api.w.org\/{rel}","templated":true}]}}