{"id":696314,"date":"2025-08-27T14:33:55","date_gmt":"2025-08-27T11:33:55","guid":{"rendered":"https:\/\/roveyayinevi.com.tr\/index.php\/urun\/jeoteknik-modelleme\/"},"modified":"2026-04-16T02:06:17","modified_gmt":"2026-04-15T23:06:17","slug":"jeoteknik-modelleme","status":"publish","type":"product","link":"https:\/\/roveyayinevi.com.tr\/index.php\/urun\/jeoteknik-modelleme\/","title":{"rendered":"Jeoteknik Modelleme"},"content":{"rendered":"<p>Modelleme, m\u00fchendislik tasar\u0131m\u0131n\u0131n dolayl\u0131 olarak bir par\u00e7as\u0131n\u0131 olu\u015ftursa da, \u00e7o\u011fu m\u00fchendis ya modellemenin bir par\u00e7as\u0131 olarak varsay\u0131mda bulundu\u011fu ger\u00e7e\u011finin ya da bu varsay\u0131mlar\u0131n do\u011fas\u0131n\u0131n ve sonu\u00e7taki etkilerinin fark\u0131nda de\u011fildir. \u00c7ok say\u0131da m\u00fchendis say\u0131sal modellemeyi kullanmas\u0131na ra\u011fmen, modellemede dolayl\u0131 olarak mevcut olan varsay\u0131mlar ve yakla\u015ft\u0131r\u0131mlar \u00fczerinde hi\u00e7 d\u00fc\u015f\u00fcnmemi\u015f olabilir; uygulanan \u00f6\u011fe modeller hakk\u0131nda durum \u00e7ok farkl\u0131 de\u011fildir. Pek \u00e7ok m\u00fchendisin muhtemelen tek gravitede veya merkezka\u00e7 \u00e7oklu gravitelerindek\u0131 fiziksel modelleme olanaklar\u0131ndan haberi yoktur.Zemin davran\u0131\u015f\u0131 konusunda say\u0131sal modeller geli\u015ftirmek \u00fczere ara\u015ft\u0131rma ve end\u00fcstri aras\u0131nda y\u0131llard\u0131r \u00e7al\u0131\u015fmakta ve zemin modellemesinin olanaklar\u0131n\u0131 profesyonel m\u00fchendislere a\u00e7\u0131klamaya gayret etmekteyim. \u00d6zellikle de 1996 ve 1997 y\u0131llar\u0131nda Bablie Grubu&#8217;nda hem jeoteknik hem de yap\u0131 m\u00fchendisleri ve dolay\u0131s\u0131yla \u00f6zel m\u00fc\u015favirlik firmalar\u0131 ile \u00e7al\u0131\u015fmak \u00fczere Royal Society Industry&#8217;den finasman deste\u011fi ile birlikte g\u00f6revlendirildim. Bu kitab\u0131n kaleme al\u0131nmas\u0131 o d\u00f6nemki ge\u00e7ici g\u00f6revlendirme s\u0131ras\u0131nda olmu\u015ftur. Kitab\u0131n amac\u0131, jeoteknik modelleme gereksinimi duyan m\u00fchendislere k\u0131lavuz olacak bir dizi konuya \u0131\u015f\u0131k tutmakt\u0131r. Dilerim, buradaki yakla\u015f\u0131mlar i\u015fe yarar. <\/p>\n","protected":false},"excerpt":{"rendered":"<p>Modelleme, m\u00fchendislik tasar\u0131m\u0131n\u0131n dolayl\u0131 olarak bir par\u00e7as\u0131n\u0131 olu\u015ftursa da, \u00e7o\u011fu m\u00fchendis ya modellemenin bir par\u00e7as\u0131 olarak varsay\u0131mda bulundu\u011fu ger\u00e7e\u011finin ya da bu varsay\u0131mlar\u0131n do\u011fas\u0131n\u0131n ve sonu\u00e7taki<span class=\"excerpt-hellip\"> [\u2026]<\/span><\/p>\n","protected":false},"featured_media":0,"template":"","meta":{"_monsterinsights_skip_tracking":false,"_monsterinsights_sitenote_active":false,"_monsterinsights_sitenote_note":"","_monsterinsights_sitenote_category":0},"product_brand":[],"product_cat":[12573,12566],"product_tag":[],"class_list":{"0":"post-696314","1":"product","2":"type-product","3":"status-publish","5":"product_cat-akademik-kitaplar","6":"product_cat-egitim","7":"pa_cilt-ciltli","8":"pa_tur-kitap","9":"pa_yayinevi-gazi-kitabevi","10":"pa_yazar-david-muir-wood","12":"first","13":"instock","14":"sale","15":"shipping-taxable","16":"purchasable","17":"product-type-simple"},"_links":{"self":[{"href":"https:\/\/roveyayinevi.com.tr\/index.php\/wp-json\/wp\/v2\/product\/696314","targetHints":{"allow":["GET"]}}],"collection":[{"href":"https:\/\/roveyayinevi.com.tr\/index.php\/wp-json\/wp\/v2\/product"}],"about":[{"href":"https:\/\/roveyayinevi.com.tr\/index.php\/wp-json\/wp\/v2\/types\/product"}],"wp:attachment":[{"href":"https:\/\/roveyayinevi.com.tr\/index.php\/wp-json\/wp\/v2\/media?parent=696314"}],"wp:term":[{"taxonomy":"product_brand","embeddable":true,"href":"https:\/\/roveyayinevi.com.tr\/index.php\/wp-json\/wp\/v2\/product_brand?post=696314"},{"taxonomy":"product_cat","embeddable":true,"href":"https:\/\/roveyayinevi.com.tr\/index.php\/wp-json\/wp\/v2\/product_cat?post=696314"},{"taxonomy":"product_tag","embeddable":true,"href":"https:\/\/roveyayinevi.com.tr\/index.php\/wp-json\/wp\/v2\/product_tag?post=696314"}],"curies":[{"name":"wp","href":"https:\/\/api.w.org\/{rel}","templated":true}]}}